{"id":54615,"date":"2024-03-04T16:25:37","date_gmt":"2024-03-04T16:25:37","guid":{"rendered":"https:\/\/pfkeepers.com\/produto\/jbl-sansibar-white-5kg\/"},"modified":"2026-04-18T03:42:50","modified_gmt":"2026-04-18T03:42:50","slug":"jbl-sansibar-white-5kg","status":"publish","type":"product","link":"https:\/\/pfkeepers.com\/english\/product\/jbl-sansibar-white-5kg\/","title":{"rendered":"JBL Sansibar White 5kg"},"content":{"rendered":"<p>Estabilidade perfeita para ra\u00edzes de plantas: substrato com granulado de 0,2-0,6 mm para aqu\u00e1rios de \u00e1gua doce e salgada e terr\u00e1rios<br \/>\nIdeal para o tratamento do aqu\u00e1rio: previne a infiltra\u00e7\u00e3o de lodo e outros res\u00edduos atrav\u00e9s do granulado fino e da estratifica\u00e7\u00e3o densa<br \/>\n\u00d3timo para peixes, invertebrados e plantas: sem liberta\u00e7\u00e3o de subst\u00e2ncias nocivas indesej\u00e1veis para a \u00e1gua. A areia de granito fina, arredondada protege os barbilhos sens\u00edveis dos peixes de fundo.<br \/>\nAplica\u00e7\u00e3o: aplicar o substrato sobre o substrato nutritivo (aprox. 6 a 8 cm para o crescimento vital das plantas)<br \/>\nInclu\u00eddo: 1 bolsa de Sansibar White. N\u00e3o \u00e9 bem pr\u00f3prio para cabos de aquecimento do fundo<br \/>\n Substrato ideal<br \/>\nO substrato \u00e9 um elemento importante do equipamento do aqu\u00e1rio, uma vez que muitos animais escavam e procuram alimentos no solo. Ao mesmo tempo, as plantas tamb\u00e9m t\u00eam de ter estabilidade e absorver os alimentos do solo com as suas ra\u00edzes. Os peixes que escavam no solo necessitam definitivamente de um substrato que n\u00e3o tenha arestas vivas. Um aquecedor de fundo \u00e9 recomendado somente para substrato m\u00e9dio a grosso, uma vez que n\u00e3o \u00e9 gerada uma circula\u00e7\u00e3o de \u00e1gua adequada com substrato muito fino.<\/p>\n<p>Utiliza\u00e7\u00e3o<br \/>\nEnxaguar o substrato com \u00e1gua da torneira para remover detritos relacionados com o transporte. Aplicar o substrato para a promo\u00e7\u00e3o do crescimento das plantas sobre o substrato nutritivo (JBL AquaBasis) (para um crescimento vigoroso das plantas aprox. 6 a 8 cm).<\/p>","protected":false},"excerpt":{"rendered":"<p>Estabilidade perfeita para ra\u00edzes de plantas: substrato com granulado de 0,2-0,6 mm para aqu\u00e1rios de \u00e1gua doce e salgada e terr\u00e1rios Ideal para o tratamento do aqu\u00e1rio: previne a infiltra\u00e7\u00e3o de lodo e outros res\u00edduos atrav\u00e9s do granulado fino e da estratifica\u00e7\u00e3o densa \u00d3timo para peixes, invertebrados e plantas: sem liberta\u00e7\u00e3o de subst\u00e2ncias nocivas indesej\u00e1veis &hellip;<\/p>\n<p class=\"read-more\"> <a class=\"\" href=\"https:\/\/pfkeepers.com\/english\/product\/jbl-sansibar-white-5kg\/\"> <span class=\"screen-reader-text\">JBL Sansibar White 5kg<\/span> Read More &raquo;<\/a><\/p>","protected":false},"featured_media":54616,"template":"","meta":{"site-sidebar-layout":"default","site-content-layout":"","ast-site-content-layout":"","site-content-style":"default","site-sidebar-style":"default","ast-global-header-display":"","ast-banner-title-visibility":"","ast-main-header-display":"","ast-hfb-above-header-display":"","ast-hfb-below-header-display":"","ast-hfb-mobile-header-display":"","site-post-title":"","ast-breadcrumbs-content":"","ast-featured-img":"","footer-sml-layout":"","theme-transparent-header-meta":"","adv-header-id-meta":"","stick-header-meta":"","header-above-stick-meta":"","header-main-stick-meta":"","header-below-stick-meta":"","astra-migrate-meta-layouts":""},"product_cat":[1463],"product_tag":[910],"_links":{"self":[{"href":"https:\/\/pfkeepers.com\/english\/wp-json\/wp\/v2\/product\/54615"}],"collection":[{"href":"https:\/\/pfkeepers.com\/english\/wp-json\/wp\/v2\/product"}],"about":[{"href":"https:\/\/pfkeepers.com\/english\/wp-json\/wp\/v2\/types\/product"}],"wp:featuredmedia":[{"embeddable":true,"href":"https:\/\/pfkeepers.com\/english\/wp-json\/wp\/v2\/media\/54616"}],"wp:attachment":[{"href":"https:\/\/pfkeepers.com\/english\/wp-json\/wp\/v2\/media?parent=54615"}],"wp:term":[{"taxonomy":"product_cat","embeddable":true,"href":"https:\/\/pfkeepers.com\/english\/wp-json\/wp\/v2\/product_cat?post=54615"},{"taxonomy":"product_tag","embeddable":true,"href":"https:\/\/pfkeepers.com\/english\/wp-json\/wp\/v2\/product_tag?post=54615"}],"curies":[{"name":"wp","href":"https:\/\/api.w.org\/{rel}","templated":true}]}}