{"id":54603,"date":"2024-03-04T16:25:16","date_gmt":"2024-03-04T16:25:16","guid":{"rendered":"https:\/\/pfkeepers.com\/produto\/fluval-307-filtro-externo\/"},"modified":"2026-04-19T00:53:46","modified_gmt":"2026-04-19T00:53:46","slug":"fluval-307-filtro-externo","status":"publish","type":"product","link":"https:\/\/pfkeepers.com\/english\/product\/fluval-307-filtro-externo\/","title":{"rendered":"Fluval 307 External Filter"},"content":{"rendered":"<p>A s\u00e9rie 07 marca a 7\u00aa encarna\u00e7\u00e3o em 4 d\u00e9cadas da fam\u00edlia de filtros externos mais vendida da Fluval em todo o mundo. A \u00faltima gera\u00e7\u00e3o n\u00e3o apenas incorpora a pot\u00eancia e a confiabilidade mas tamb\u00e9m apresenta v\u00e1rias novas atualiza\u00e7\u00f5es de desempenho que a tornam at\u00e9 25% mais silenciosa, robusta e eficiente em termos de energia.<\/p>\n<p>Para \u00e1quarios de: 90-330L<\/p>\n<p>Caudal m\u00e1ximo: 1150 l\/h<\/p>\n<p>Pre-filtro vertical: 803 cm2<\/p>\n<p>Volume por prateleira de filtro: 3,1L<\/p>\n<p>Volume total no filtro: 4,5L<\/p>\n<p>Altura m\u00e1xima de eleva\u00e7\u00e3o de \u00e1gua: 1,45m<\/p>\n<p>Volume do filtro: 7,3L<\/p>\n<p>Dimens\u00f5es do filtro: 24 x 18 x 42 cm<\/p>\n<p>Circula\u00e7\u00e3o do filtro: 780 l\/h<\/p>\n<p>Potencia: 15W<\/p>","protected":false},"excerpt":{"rendered":"<p>A s\u00e9rie 07 marca a 7\u00aa encarna\u00e7\u00e3o em 4 d\u00e9cadas da fam\u00edlia de filtros externos mais vendida da Fluval em todo o mundo. A \u00faltima gera\u00e7\u00e3o n\u00e3o apenas incorpora a pot\u00eancia e a confiabilidade mas tamb\u00e9m apresenta v\u00e1rias novas atualiza\u00e7\u00f5es de desempenho que a tornam at\u00e9 25% mais silenciosa, robusta e eficiente em termos de &hellip;<\/p>\n<p class=\"read-more\"> <a class=\"\" href=\"https:\/\/pfkeepers.com\/english\/product\/fluval-307-filtro-externo\/\"> <span class=\"screen-reader-text\">Fluval 307 External Filter<\/span> Read More &raquo;<\/a><\/p>","protected":false},"featured_media":54604,"template":"","meta":{"site-sidebar-layout":"default","site-content-layout":"","ast-site-content-layout":"","site-content-style":"default","site-sidebar-style":"default","ast-global-header-display":"","ast-banner-title-visibility":"","ast-main-header-display":"","ast-hfb-above-header-display":"","ast-hfb-below-header-display":"","ast-hfb-mobile-header-display":"","site-post-title":"","ast-breadcrumbs-content":"","ast-featured-img":"","footer-sml-layout":"","theme-transparent-header-meta":"","adv-header-id-meta":"","stick-header-meta":"","header-above-stick-meta":"","header-main-stick-meta":"","header-below-stick-meta":"","astra-migrate-meta-layouts":""},"product_cat":[1472],"product_tag":[738],"_links":{"self":[{"href":"https:\/\/pfkeepers.com\/english\/wp-json\/wp\/v2\/product\/54603"}],"collection":[{"href":"https:\/\/pfkeepers.com\/english\/wp-json\/wp\/v2\/product"}],"about":[{"href":"https:\/\/pfkeepers.com\/english\/wp-json\/wp\/v2\/types\/product"}],"wp:featuredmedia":[{"embeddable":true,"href":"https:\/\/pfkeepers.com\/english\/wp-json\/wp\/v2\/media\/54604"}],"wp:attachment":[{"href":"https:\/\/pfkeepers.com\/english\/wp-json\/wp\/v2\/media?parent=54603"}],"wp:term":[{"taxonomy":"product_cat","embeddable":true,"href":"https:\/\/pfkeepers.com\/english\/wp-json\/wp\/v2\/product_cat?post=54603"},{"taxonomy":"product_tag","embeddable":true,"href":"https:\/\/pfkeepers.com\/english\/wp-json\/wp\/v2\/product_tag?post=54603"}],"curies":[{"name":"wp","href":"https:\/\/api.w.org\/{rel}","templated":true}]}}