{"id":54512,"date":"2024-03-04T16:21:40","date_gmt":"2024-03-04T16:21:40","guid":{"rendered":"https:\/\/pfkeepers.com\/produto\/bcf-blue-heater-titanium-heater-w-control-200w\/"},"modified":"2025-02-27T21:53:16","modified_gmt":"2025-02-27T21:53:16","slug":"bcf-blue-heater-titanium-heater-w-control-200w","status":"publish","type":"product","link":"https:\/\/pfkeepers.com\/english\/product\/bcf-blue-heater-titanium-heater-w-control-200w\/","title":{"rendered":"BCF Blue Heater Titanium Heater w\/ Control 200W"},"content":{"rendered":"<p>Os BCF BLUE HEATERs s\u00e3o a alternativa segura aos aquecedores de vidro.<\/p>\n<p>O material dos aquecedores \u00e9 resistente \u00e0 \u00e1gua salgada. Obviamente, os aquecedores s\u00e3o fornecidos com prote\u00e7\u00e3o contra superaquecimento.<\/p>\n<p>Os aquecedores devem ser usados \u200b\u200bem combina\u00e7\u00e3o com o controlador de temperatura inclu\u00eddo.<\/p>\n<p>Modelo 200w<\/p>\n<p> Dimens\u00f5es   2,3&#215;32,5cm<\/p>\n<p>Para Aqu\u00e1rios<br \/>\n 250-500L <\/p>\n<p>Intervalo de Controlo de Temperatura<br \/>\n20-34\u00baC<\/p>","protected":false},"excerpt":{"rendered":"<p>Os BCF BLUE HEATERs s\u00e3o a alternativa segura aos aquecedores de vidro. O material dos aquecedores \u00e9 resistente \u00e0 \u00e1gua salgada. Obviamente, os aquecedores s\u00e3o fornecidos com prote\u00e7\u00e3o contra superaquecimento. Os aquecedores devem ser usados \u200b\u200bem combina\u00e7\u00e3o com o controlador de temperatura inclu\u00eddo. Modelo 200w Dimens\u00f5es 2,3&#215;32,5cm Para Aqu\u00e1rios 250-500L Intervalo de Controlo de Temperatura &hellip;<\/p>\n<p class=\"read-more\"> <a class=\"\" href=\"https:\/\/pfkeepers.com\/english\/product\/bcf-blue-heater-titanium-heater-w-control-200w\/\"> <span class=\"screen-reader-text\">BCF Blue Heater Titanium Heater w\/ Control 200W<\/span> Read More &raquo;<\/a><\/p>","protected":false},"featured_media":54513,"template":"","meta":{"site-sidebar-layout":"default","site-content-layout":"","ast-site-content-layout":"","site-content-style":"default","site-sidebar-style":"default","ast-global-header-display":"","ast-banner-title-visibility":"","ast-main-header-display":"","ast-hfb-above-header-display":"","ast-hfb-below-header-display":"","ast-hfb-mobile-header-display":"","site-post-title":"","ast-breadcrumbs-content":"","ast-featured-img":"","footer-sml-layout":"","theme-transparent-header-meta":"","adv-header-id-meta":"","stick-header-meta":"","header-above-stick-meta":"","header-main-stick-meta":"","header-below-stick-meta":"","astra-migrate-meta-layouts":""},"product_cat":[1386],"product_tag":[791],"_links":{"self":[{"href":"https:\/\/pfkeepers.com\/english\/wp-json\/wp\/v2\/product\/54512"}],"collection":[{"href":"https:\/\/pfkeepers.com\/english\/wp-json\/wp\/v2\/product"}],"about":[{"href":"https:\/\/pfkeepers.com\/english\/wp-json\/wp\/v2\/types\/product"}],"wp:featuredmedia":[{"embeddable":true,"href":"https:\/\/pfkeepers.com\/english\/wp-json\/wp\/v2\/media\/54513"}],"wp:attachment":[{"href":"https:\/\/pfkeepers.com\/english\/wp-json\/wp\/v2\/media?parent=54512"}],"wp:term":[{"taxonomy":"product_cat","embeddable":true,"href":"https:\/\/pfkeepers.com\/english\/wp-json\/wp\/v2\/product_cat?post=54512"},{"taxonomy":"product_tag","embeddable":true,"href":"https:\/\/pfkeepers.com\/english\/wp-json\/wp\/v2\/product_tag?post=54512"}],"curies":[{"name":"wp","href":"https:\/\/api.w.org\/{rel}","templated":true}]}}