{"id":54471,"date":"2024-03-04T16:20:36","date_gmt":"2024-03-04T16:20:36","guid":{"rendered":"https:\/\/pfkeepers.com\/produto\/aquael-curved-scissor-25cm\/"},"modified":"2026-04-19T00:52:07","modified_gmt":"2026-04-19T00:52:07","slug":"aquael-curved-scissor-25cm","status":"publish","type":"product","link":"https:\/\/pfkeepers.com\/english\/product\/aquael-curved-scissor-25cm\/","title":{"rendered":"AquaEl Curved Scissor 25cm"},"content":{"rendered":"<p>Fabricado em a\u00e7o inoxid\u00e1vel elegante e dur\u00e1vel<br \/>\nL\u00e2minas curvas<br \/>\nPara um trabalho f\u00e1cil e confort\u00e1vel<br \/>\n25 cm de comprimento<\/p>","protected":false},"excerpt":{"rendered":"<p>Fabricado em a\u00e7o inoxid\u00e1vel elegante e dur\u00e1vel L\u00e2minas curvas Para um trabalho f\u00e1cil e confort\u00e1vel 25 cm de comprimento<\/p>","protected":false},"featured_media":297867,"template":"","meta":{"site-sidebar-layout":"default","site-content-layout":"","ast-site-content-layout":"default","site-content-style":"default","site-sidebar-style":"default","ast-global-header-display":"","ast-banner-title-visibility":"","ast-main-header-display":"","ast-hfb-above-header-display":"","ast-hfb-below-header-display":"","ast-hfb-mobile-header-display":"","site-post-title":"","ast-breadcrumbs-content":"","ast-featured-img":"","footer-sml-layout":"","theme-transparent-header-meta":"default","adv-header-id-meta":"","stick-header-meta":"","header-above-stick-meta":"","header-main-stick-meta":"","header-below-stick-meta":"","astra-migrate-meta-layouts":"set"},"product_cat":[1553],"product_tag":[767],"_links":{"self":[{"href":"https:\/\/pfkeepers.com\/english\/wp-json\/wp\/v2\/product\/54471"}],"collection":[{"href":"https:\/\/pfkeepers.com\/english\/wp-json\/wp\/v2\/product"}],"about":[{"href":"https:\/\/pfkeepers.com\/english\/wp-json\/wp\/v2\/types\/product"}],"wp:featuredmedia":[{"embeddable":true,"href":"https:\/\/pfkeepers.com\/english\/wp-json\/wp\/v2\/media\/297867"}],"wp:attachment":[{"href":"https:\/\/pfkeepers.com\/english\/wp-json\/wp\/v2\/media?parent=54471"}],"wp:term":[{"taxonomy":"product_cat","embeddable":true,"href":"https:\/\/pfkeepers.com\/english\/wp-json\/wp\/v2\/product_cat?post=54471"},{"taxonomy":"product_tag","embeddable":true,"href":"https:\/\/pfkeepers.com\/english\/wp-json\/wp\/v2\/product_tag?post=54471"}],"curies":[{"name":"wp","href":"https:\/\/api.w.org\/{rel}","templated":true}]}}