{"id":54219,"date":"2024-03-04T16:13:45","date_gmt":"2024-03-04T16:13:45","guid":{"rendered":"https:\/\/pfkeepers.com\/produto\/le-salon-essentials-escova-em-borracha-redonda\/"},"modified":"2024-12-18T19:22:27","modified_gmt":"2024-12-18T19:22:27","slug":"le-salon-essentials-escova-em-borracha-redonda","status":"publish","type":"product","link":"https:\/\/pfkeepers.com\/english\/product\/le-salon-essentials-escova-em-borracha-redonda\/","title":{"rendered":"Le Salon EssentialsRubber Grooming Brush"},"content":{"rendered":"<p>A Escova de Borracha Redonda \u00e9 excelente para remover os pelos soltos. Na hora do banho, tamb\u00e9m \u00e9 \u00fatil para fazer espuma e limpar. Recomendado para ra\u00e7as de pelo curto e \/ ou com pelo liso. Esta escova n\u00e3o deve ser usada em pelos emaranhados.<\/p>","protected":false},"excerpt":{"rendered":"<p>A Escova de Borracha Redonda \u00e9 excelente para remover os pelos soltos. Na hora do banho, tamb\u00e9m \u00e9 \u00fatil para fazer espuma e limpar. Recomendado para ra\u00e7as de pelo curto e \/ ou com pelo liso. Esta escova n\u00e3o deve ser usada em pelos emaranhados.<\/p>","protected":false},"featured_media":54220,"template":"","meta":{"site-sidebar-layout":"default","site-content-layout":"","ast-site-content-layout":"","site-content-style":"default","site-sidebar-style":"default","ast-global-header-display":"","ast-banner-title-visibility":"","ast-main-header-display":"","ast-hfb-above-header-display":"","ast-hfb-below-header-display":"","ast-hfb-mobile-header-display":"","site-post-title":"","ast-breadcrumbs-content":"","ast-featured-img":"","footer-sml-layout":"","theme-transparent-header-meta":"","adv-header-id-meta":"","stick-header-meta":"","header-above-stick-meta":"","header-main-stick-meta":"","header-below-stick-meta":"","astra-migrate-meta-layouts":""},"product_cat":[658],"product_tag":[926],"_links":{"self":[{"href":"https:\/\/pfkeepers.com\/english\/wp-json\/wp\/v2\/product\/54219"}],"collection":[{"href":"https:\/\/pfkeepers.com\/english\/wp-json\/wp\/v2\/product"}],"about":[{"href":"https:\/\/pfkeepers.com\/english\/wp-json\/wp\/v2\/types\/product"}],"wp:featuredmedia":[{"embeddable":true,"href":"https:\/\/pfkeepers.com\/english\/wp-json\/wp\/v2\/media\/54220"}],"wp:attachment":[{"href":"https:\/\/pfkeepers.com\/english\/wp-json\/wp\/v2\/media?parent=54219"}],"wp:term":[{"taxonomy":"product_cat","embeddable":true,"href":"https:\/\/pfkeepers.com\/english\/wp-json\/wp\/v2\/product_cat?post=54219"},{"taxonomy":"product_tag","embeddable":true,"href":"https:\/\/pfkeepers.com\/english\/wp-json\/wp\/v2\/product_tag?post=54219"}],"curies":[{"name":"wp","href":"https:\/\/api.w.org\/{rel}","templated":true}]}}