{"id":54215,"date":"2024-03-04T16:13:39","date_gmt":"2024-03-04T16:13:39","guid":{"rendered":"https:\/\/pfkeepers.com\/produto\/le-salon-essentials-cardeira-em-borracha-pq\/"},"modified":"2024-12-18T19:22:22","modified_gmt":"2024-12-18T19:22:22","slug":"le-salon-essentials-cardeira-em-borracha-pq","status":"publish","type":"product","link":"https:\/\/pfkeepers.com\/english\/product\/le-salon-essentials-cardeira-em-borracha-pq\/","title":{"rendered":"Le Salon Essentials Rubber Slicker Brush Small"},"content":{"rendered":"<p>As cerdas de massagem coletam cabelos e detritos enquanto proporcionam uma massagem profunda.<\/p>\n<p>Adequado para a prepara\u00e7\u00e3o geral da maioria das ra\u00e7as.<\/p>\n<p>A prepara\u00e7\u00e3o regular \u00e9 recomendada para cada animal de estima\u00e7\u00e3o para garantir uma pelagem saud\u00e1vel e sem problemas.<\/p>","protected":false},"excerpt":{"rendered":"<p>As cerdas de massagem coletam cabelos e detritos enquanto proporcionam uma massagem profunda. Adequado para a prepara\u00e7\u00e3o geral da maioria das ra\u00e7as. A prepara\u00e7\u00e3o regular \u00e9 recomendada para cada animal de estima\u00e7\u00e3o para garantir uma pelagem saud\u00e1vel e sem problemas.<\/p>","protected":false},"featured_media":54216,"template":"","meta":{"site-sidebar-layout":"default","site-content-layout":"","ast-site-content-layout":"","site-content-style":"default","site-sidebar-style":"default","ast-global-header-display":"","ast-banner-title-visibility":"","ast-main-header-display":"","ast-hfb-above-header-display":"","ast-hfb-below-header-display":"","ast-hfb-mobile-header-display":"","site-post-title":"","ast-breadcrumbs-content":"","ast-featured-img":"","footer-sml-layout":"","theme-transparent-header-meta":"","adv-header-id-meta":"","stick-header-meta":"","header-above-stick-meta":"","header-main-stick-meta":"","header-below-stick-meta":"","astra-migrate-meta-layouts":""},"product_cat":[658],"product_tag":[925],"_links":{"self":[{"href":"https:\/\/pfkeepers.com\/english\/wp-json\/wp\/v2\/product\/54215"}],"collection":[{"href":"https:\/\/pfkeepers.com\/english\/wp-json\/wp\/v2\/product"}],"about":[{"href":"https:\/\/pfkeepers.com\/english\/wp-json\/wp\/v2\/types\/product"}],"wp:featuredmedia":[{"embeddable":true,"href":"https:\/\/pfkeepers.com\/english\/wp-json\/wp\/v2\/media\/54216"}],"wp:attachment":[{"href":"https:\/\/pfkeepers.com\/english\/wp-json\/wp\/v2\/media?parent=54215"}],"wp:term":[{"taxonomy":"product_cat","embeddable":true,"href":"https:\/\/pfkeepers.com\/english\/wp-json\/wp\/v2\/product_cat?post=54215"},{"taxonomy":"product_tag","embeddable":true,"href":"https:\/\/pfkeepers.com\/english\/wp-json\/wp\/v2\/product_tag?post=54215"}],"curies":[{"name":"wp","href":"https:\/\/api.w.org\/{rel}","templated":true}]}}