{"id":54139,"date":"2024-03-04T16:11:26","date_gmt":"2024-03-04T16:11:26","guid":{"rendered":"https:\/\/pfkeepers.com\/produto\/api-algae-scraper-for-glass\/"},"modified":"2026-04-19T00:49:23","modified_gmt":"2026-04-19T00:49:23","slug":"api-algae-scraper-for-glass","status":"publish","type":"product","link":"https:\/\/pfkeepers.com\/english\/product\/api-algae-scraper-for-glass\/","title":{"rendered":"API Algae Scraper for Glass"},"content":{"rendered":"<p>O API ALGAE SCRAPER \u00e9 um raspador de algas incrivelmente dur\u00e1vel com um cabo longo de 18\u201d para limpar eficazmente as paredes de vidro do aqu\u00e1rio e evitar que o usu\u00e1rio se molhe demais. O produto raspa e remove algas com rapidez e facilidade, podendo ser usado com a frequ\u00eancia necess\u00e1ria.<\/p>\n<p>N\u00e3o use em superf\u00edcies secas. Enx\u00e1gue a almofada com \u00e1gua da torneira antes e depois do uso. N\u00e3o deve ser usado em aqu\u00e1rios de acr\u00edlico.<\/p>","protected":false},"excerpt":{"rendered":"<p>O API ALGAE SCRAPER \u00e9 um raspador de algas incrivelmente dur\u00e1vel com um cabo longo de 18\u201d para limpar eficazmente as paredes de vidro do aqu\u00e1rio e evitar que o usu\u00e1rio se molhe demais. O produto raspa e remove algas com rapidez e facilidade, podendo ser usado com a frequ\u00eancia necess\u00e1ria. N\u00e3o use em superf\u00edcies &hellip;<\/p>\n<p class=\"read-more\"> <a class=\"\" href=\"https:\/\/pfkeepers.com\/english\/product\/api-algae-scraper-for-glass\/\"> <span class=\"screen-reader-text\">API Algae Scraper for Glass<\/span> Read More &raquo;<\/a><\/p>","protected":false},"featured_media":54140,"template":"","meta":{"site-sidebar-layout":"default","site-content-layout":"","ast-site-content-layout":"","site-content-style":"default","site-sidebar-style":"default","ast-global-header-display":"","ast-banner-title-visibility":"","ast-main-header-display":"","ast-hfb-above-header-display":"","ast-hfb-below-header-display":"","ast-hfb-mobile-header-display":"","site-post-title":"","ast-breadcrumbs-content":"","ast-featured-img":"","footer-sml-layout":"","theme-transparent-header-meta":"","adv-header-id-meta":"","stick-header-meta":"","header-above-stick-meta":"","header-main-stick-meta":"","header-below-stick-meta":"","astra-migrate-meta-layouts":""},"product_cat":[1569],"product_tag":[755],"_links":{"self":[{"href":"https:\/\/pfkeepers.com\/english\/wp-json\/wp\/v2\/product\/54139"}],"collection":[{"href":"https:\/\/pfkeepers.com\/english\/wp-json\/wp\/v2\/product"}],"about":[{"href":"https:\/\/pfkeepers.com\/english\/wp-json\/wp\/v2\/types\/product"}],"wp:featuredmedia":[{"embeddable":true,"href":"https:\/\/pfkeepers.com\/english\/wp-json\/wp\/v2\/media\/54140"}],"wp:attachment":[{"href":"https:\/\/pfkeepers.com\/english\/wp-json\/wp\/v2\/media?parent=54139"}],"wp:term":[{"taxonomy":"product_cat","embeddable":true,"href":"https:\/\/pfkeepers.com\/english\/wp-json\/wp\/v2\/product_cat?post=54139"},{"taxonomy":"product_tag","embeddable":true,"href":"https:\/\/pfkeepers.com\/english\/wp-json\/wp\/v2\/product_tag?post=54139"}],"curies":[{"name":"wp","href":"https:\/\/api.w.org\/{rel}","templated":true}]}}