{"id":53926,"date":"2024-03-04T16:05:33","date_gmt":"2024-03-04T16:05:33","guid":{"rendered":"https:\/\/pfkeepers.com\/produto\/aqua-medic-pipette-60cm\/"},"modified":"2026-04-19T00:47:08","modified_gmt":"2026-04-19T00:47:08","slug":"aqua-medic-pipette-60cm","status":"publish","type":"product","link":"https:\/\/pfkeepers.com\/english\/product\/aqua-medic-pipette-60cm\/","title":{"rendered":"Aqua Medic Pipette 60cm"},"content":{"rendered":"<p>Pipeta de 60cm da Aqua Medic<\/p>\n<p>A pipeta \u00e9 ideal para a alimenta\u00e7\u00e3o precisa de peixes e corais. As suspens\u00f5es tamb\u00e9m podem ser introduzidas seletivamente.<\/p>\n<p>As pontas de dosagem inclu\u00eddas na embalagem (2 uni) podem ser encurtadas de acordo com a prefer\u00eancia, para que part\u00edculas mais grossas ou solu\u00e7\u00f5es viscosas tamb\u00e9m possam ser doseadas.<\/p>","protected":false},"excerpt":{"rendered":"<p>Pipeta de 60cm da Aqua Medic A pipeta \u00e9 ideal para a alimenta\u00e7\u00e3o precisa de peixes e corais. As suspens\u00f5es tamb\u00e9m podem ser introduzidas seletivamente. As pontas de dosagem inclu\u00eddas na embalagem (2 uni) podem ser encurtadas de acordo com a prefer\u00eancia, para que part\u00edculas mais grossas ou solu\u00e7\u00f5es viscosas tamb\u00e9m possam ser doseadas.<\/p>","protected":false},"featured_media":53927,"template":"","meta":{"site-sidebar-layout":"default","site-content-layout":"","ast-site-content-layout":"default","site-content-style":"default","site-sidebar-style":"default","ast-global-header-display":"","ast-banner-title-visibility":"","ast-main-header-display":"","ast-hfb-above-header-display":"","ast-hfb-below-header-display":"","ast-hfb-mobile-header-display":"","site-post-title":"","ast-breadcrumbs-content":"","ast-featured-img":"","footer-sml-layout":"","theme-transparent-header-meta":"default","adv-header-id-meta":"","stick-header-meta":"","header-above-stick-meta":"","header-main-stick-meta":"","header-below-stick-meta":"","astra-migrate-meta-layouts":"set"},"product_cat":[1478],"product_tag":[762],"_links":{"self":[{"href":"https:\/\/pfkeepers.com\/english\/wp-json\/wp\/v2\/product\/53926"}],"collection":[{"href":"https:\/\/pfkeepers.com\/english\/wp-json\/wp\/v2\/product"}],"about":[{"href":"https:\/\/pfkeepers.com\/english\/wp-json\/wp\/v2\/types\/product"}],"wp:featuredmedia":[{"embeddable":true,"href":"https:\/\/pfkeepers.com\/english\/wp-json\/wp\/v2\/media\/53927"}],"wp:attachment":[{"href":"https:\/\/pfkeepers.com\/english\/wp-json\/wp\/v2\/media?parent=53926"}],"wp:term":[{"taxonomy":"product_cat","embeddable":true,"href":"https:\/\/pfkeepers.com\/english\/wp-json\/wp\/v2\/product_cat?post=53926"},{"taxonomy":"product_tag","embeddable":true,"href":"https:\/\/pfkeepers.com\/english\/wp-json\/wp\/v2\/product_tag?post=53926"}],"curies":[{"name":"wp","href":"https:\/\/api.w.org\/{rel}","templated":true}]}}