{"id":53856,"date":"2024-03-04T16:03:36","date_gmt":"2024-03-04T16:03:36","guid":{"rendered":"https:\/\/pfkeepers.com\/produto\/ocean-nutrition-spirulina-flakes-71g\/"},"modified":"2026-04-18T03:34:28","modified_gmt":"2026-04-18T03:34:28","slug":"ocean-nutrition-spirulina-flakes-71g","status":"publish","type":"product","link":"https:\/\/pfkeepers.com\/english\/product\/ocean-nutrition-spirulina-flakes-71g\/","title":{"rendered":"Ocean Nutrition Spirulina Flakes 71g"},"content":{"rendered":"<p>Se ingredientes como salm\u00e3o, art\u00eamia e krill n\u00e3o bastassem, adicionamos Spirulina a este floco excepcional. Ideal para peixes de \u00e1gua doce e marinhos, a Spirulina real\u00e7a a cor, estimula o sistema imunol\u00f3gico e garante um melhor crescimento com menos gordura corporal. A espirulina cont\u00e9m a mais not\u00e1vel concentra\u00e7\u00e3o e combina\u00e7\u00e3o de nutrientes em qualquer alimento, planta, gr\u00e3o ou erva. Alimente o quanto voc\u00ea comer em 2-3 minutos. Distribui\u00e7\u00e3o 3-4 vezes por dia.<\/p>\n<p>Alimento b\u00e1sico altamente atraente para peixes marinhos e de \u00e1gua doce.<br \/>\nBom teor de prote\u00ednas e rico em vitaminas.<br \/>\nCont\u00e9m real\u00e7adores de cor naturais e estimula o sistema imunol\u00f3gico.<br \/>\nAltamente diger\u00edvel, cont\u00e9m frutos do mar frescos e art\u00eamias.<br \/>\nFormulado e testado por bi\u00f3logos da aquicultura. N\u00e3o turva a \u00e1gua.<br \/>\nIngredientes:<\/p>\n<p>Filetes de peixe, Spirulina, farinha de trigo, algas marinhas, gl\u00faten de trigo, krill (Euphasia pacifica plankton), \u00f3leos de peixe refinados, lecitina, art\u00e9mia adulta, alho, fermento (\u00df-glucanos), n\u00e1uplios de art\u00e9mia, vitaminas (retinol (vitamina A ), colecalciferol (vitamina D3), acetato de tocoferol (vitamina E), fosfato de \u00e1cido L-asc\u00f3rbico (vitamina C), menadiona (vitamina K3), mononitrato de tiamina (vitamina B1), riboflavina (vitamina B2), piridoxina (vitamina B6), cianocobalamina (vitamina B12), biotina (vitamina H), \u00e1cido pantot\u00eanico (vitamina B5), \u00e1cido f\u00f3lico (vitamina B11), niacina (vitamina B3)), minerais, antioxidantes, pigmentos caroten\u00f3ides.<\/p>\n<p>An\u00e1lise garantida<\/p>\n<p>Prote\u00edna 50,0%<br \/>\nFibra 2,5%<br \/>\nGordura 8,0%<br \/>\nCinza 7,0%<br \/>\nProduto destinado apenas para uso em aqu\u00e1rios. N\u00e3o \u00e9 adequado para consumo humano. Mantenha longe das crian\u00e7as.<\/p>","protected":false},"excerpt":{"rendered":"<p>Se ingredientes como salm\u00e3o, art\u00eamia e krill n\u00e3o bastassem, adicionamos Spirulina a este floco excepcional. Ideal para peixes de \u00e1gua doce e marinhos, a Spirulina real\u00e7a a cor, estimula o sistema imunol\u00f3gico e garante um melhor crescimento com menos gordura corporal. A espirulina cont\u00e9m a mais not\u00e1vel concentra\u00e7\u00e3o e combina\u00e7\u00e3o de nutrientes em qualquer alimento, &hellip;<\/p>\n<p class=\"read-more\"> <a class=\"\" href=\"https:\/\/pfkeepers.com\/english\/product\/ocean-nutrition-spirulina-flakes-71g\/\"> <span class=\"screen-reader-text\">Ocean Nutrition Spirulina Flakes 71g<\/span> Read More &raquo;<\/a><\/p>","protected":false},"featured_media":53857,"template":"","meta":{"site-sidebar-layout":"default","site-content-layout":"","ast-site-content-layout":"default","site-content-style":"default","site-sidebar-style":"default","ast-global-header-display":"","ast-banner-title-visibility":"","ast-main-header-display":"","ast-hfb-above-header-display":"","ast-hfb-below-header-display":"","ast-hfb-mobile-header-display":"","site-post-title":"","ast-breadcrumbs-content":"","ast-featured-img":"","footer-sml-layout":"","theme-transparent-header-meta":"default","adv-header-id-meta":"","stick-header-meta":"","header-above-stick-meta":"","header-main-stick-meta":"","header-below-stick-meta":"","astra-migrate-meta-layouts":"set"},"product_cat":[1820],"product_tag":[978],"_links":{"self":[{"href":"https:\/\/pfkeepers.com\/english\/wp-json\/wp\/v2\/product\/53856"}],"collection":[{"href":"https:\/\/pfkeepers.com\/english\/wp-json\/wp\/v2\/product"}],"about":[{"href":"https:\/\/pfkeepers.com\/english\/wp-json\/wp\/v2\/types\/product"}],"wp:featuredmedia":[{"embeddable":true,"href":"https:\/\/pfkeepers.com\/english\/wp-json\/wp\/v2\/media\/53857"}],"wp:attachment":[{"href":"https:\/\/pfkeepers.com\/english\/wp-json\/wp\/v2\/media?parent=53856"}],"wp:term":[{"taxonomy":"product_cat","embeddable":true,"href":"https:\/\/pfkeepers.com\/english\/wp-json\/wp\/v2\/product_cat?post=53856"},{"taxonomy":"product_tag","embeddable":true,"href":"https:\/\/pfkeepers.com\/english\/wp-json\/wp\/v2\/product_tag?post=53856"}],"curies":[{"name":"wp","href":"https:\/\/api.w.org\/{rel}","templated":true}]}}