{"id":53832,"date":"2024-03-04T16:02:52","date_gmt":"2024-03-04T16:02:52","guid":{"rendered":"https:\/\/pfkeepers.com\/produto\/eheim-loop10000\/"},"modified":"2025-02-27T21:40:06","modified_gmt":"2025-02-27T21:40:06","slug":"eheim-loop10000","status":"publish","type":"product","link":"https:\/\/pfkeepers.com\/english\/product\/eheim-loop10000\/","title":{"rendered":"EHEIM LOOP10000"},"content":{"rendered":"<p>\u00c1gua cristalina e nas melhores condi\u00e7\u00f5es para a vida das plantas e dos animais atrav\u00e9s do sistema de filtra\u00e7\u00e3o Loop, da EHEIM.<\/p>\n<p>A \u00e1gua \u00e9 bombeada de forma autom\u00e1tica atrav\u00e9s das multicamadas do filtro e de um esterilizador UV integrado.<\/p>\n<p>Kit completo pronto a utilizar, com a bomba Play ou Flow integrada.<\/p>\n<p>Novo bra\u00e7o de pulveriza\u00e7\u00e3o para \u00f3ptima distribui\u00e7\u00e3o da \u00e1gua.<\/p>\n<p>Tamanho do lago: 10000 l<\/p>\n<p>Tamanho do lago com peixes: 5000 l<\/p>\n<p>Tamanho lago com peixes Koi: 2600 l<\/p>\n<p>Pot\u00eancia da bomba: 55 W<\/p>\n<p>Pot\u00eancia UVC: 11 W<\/p>\n<p>Corrente: 220\u2013240 \/ 50 V\/Hz<\/p>\n<p>Tamanho do cabo: 10 m<\/p>\n<p>Tamanho do cabo do UVC: 5 m<\/p>\n<p>Dimens\u00f5es: 603 x 398 x 368 mm<\/p>","protected":false},"excerpt":{"rendered":"<p>\u00c1gua cristalina e nas melhores condi\u00e7\u00f5es para a vida das plantas e dos animais atrav\u00e9s do sistema de filtra\u00e7\u00e3o Loop, da EHEIM. A \u00e1gua \u00e9 bombeada de forma autom\u00e1tica atrav\u00e9s das multicamadas do filtro e de um esterilizador UV integrado. Kit completo pronto a utilizar, com a bomba Play ou Flow integrada. Novo bra\u00e7o de &hellip;<\/p>\n<p class=\"read-more\"> <a class=\"\" href=\"https:\/\/pfkeepers.com\/english\/product\/eheim-loop10000\/\"> <span class=\"screen-reader-text\">EHEIM LOOP10000<\/span> Read More &raquo;<\/a><\/p>","protected":false},"featured_media":0,"template":"","meta":{"site-sidebar-layout":"default","site-content-layout":"","ast-site-content-layout":"","site-content-style":"default","site-sidebar-style":"default","ast-global-header-display":"","ast-banner-title-visibility":"","ast-main-header-display":"","ast-hfb-above-header-display":"","ast-hfb-below-header-display":"","ast-hfb-mobile-header-display":"","site-post-title":"","ast-breadcrumbs-content":"","ast-featured-img":"","footer-sml-layout":"","theme-transparent-header-meta":"","adv-header-id-meta":"","stick-header-meta":"","header-above-stick-meta":"","header-main-stick-meta":"","header-below-stick-meta":"","astra-migrate-meta-layouts":""},"product_cat":[1472],"product_tag":[852],"_links":{"self":[{"href":"https:\/\/pfkeepers.com\/english\/wp-json\/wp\/v2\/product\/53832"}],"collection":[{"href":"https:\/\/pfkeepers.com\/english\/wp-json\/wp\/v2\/product"}],"about":[{"href":"https:\/\/pfkeepers.com\/english\/wp-json\/wp\/v2\/types\/product"}],"wp:attachment":[{"href":"https:\/\/pfkeepers.com\/english\/wp-json\/wp\/v2\/media?parent=53832"}],"wp:term":[{"taxonomy":"product_cat","embeddable":true,"href":"https:\/\/pfkeepers.com\/english\/wp-json\/wp\/v2\/product_cat?post=53832"},{"taxonomy":"product_tag","embeddable":true,"href":"https:\/\/pfkeepers.com\/english\/wp-json\/wp\/v2\/product_tag?post=53832"}],"curies":[{"name":"wp","href":"https:\/\/api.w.org\/{rel}","templated":true}]}}