{"id":53509,"date":"2024-03-04T15:53:37","date_gmt":"2024-03-04T15:53:37","guid":{"rendered":"https:\/\/pfkeepers.com\/produto\/caribe-sea-aragalive-hawai-black-0-2-3-5mm-9-07kg\/"},"modified":"2026-04-19T00:41:36","modified_gmt":"2026-04-19T00:41:36","slug":"caribe-sea-aragalive-hawai-black-0-2-3-5mm-9-07kg","status":"publish","type":"product","link":"https:\/\/pfkeepers.com\/english\/product\/caribe-sea-aragalive-hawai-black-0-2-3-5mm-9-07kg\/","title":{"rendered":"Caribe Sea Aragalive Hawai Black 0.2-3.5mm 9.07kg"},"content":{"rendered":"<p>CaribSea Hawaiian Black Black Areia viva com um tamanho de gr\u00e3o de 0,1 &#8211; 3 mm<\/p>\n<p>CaribSea Arag-Alive Live Sand n\u00e3o cont\u00e9m apenas o amplo espectro de bact\u00e9rias marinhas naturais encontradas no oceano, mas tamb\u00e9m cepas adicionais especialmente selecionadas de bact\u00e9rias marinhas. No total, existem mais de 400 milh\u00f5es de bact\u00e9rias em uma bolsa. CaribSea AragAlive n\u00e3o s\u00f3 ajuda a controlar os n\u00edveis perigosos de am\u00f4nia, mas tamb\u00e9m reduz os n\u00edveis de nitrito e nitrato em aqu\u00e1rios de \u00e1gua salgada. Aragalive promove assim o equil\u00edbrio biol\u00f3gico natural e acelera a fase de arranque num novo aqu\u00e1rio de corais.<\/p>","protected":false},"excerpt":{"rendered":"<p>CaribSea Hawaiian Black Black Areia viva com um tamanho de gr\u00e3o de 0,1 &#8211; 3 mm CaribSea Arag-Alive Live Sand n\u00e3o cont\u00e9m apenas o amplo espectro de bact\u00e9rias marinhas naturais encontradas no oceano, mas tamb\u00e9m cepas adicionais especialmente selecionadas de bact\u00e9rias marinhas. No total, existem mais de 400 milh\u00f5es de bact\u00e9rias em uma bolsa. CaribSea &hellip;<\/p>\n<p class=\"read-more\"> <a class=\"\" href=\"https:\/\/pfkeepers.com\/english\/product\/caribe-sea-aragalive-hawai-black-0-2-3-5mm-9-07kg\/\"> <span class=\"screen-reader-text\">Caribe Sea Aragalive Hawai Black 0.2-3.5mm 9.07kg<\/span> Read More &raquo;<\/a><\/p>","protected":false},"featured_media":53510,"template":"","meta":{"site-sidebar-layout":"default","site-content-layout":"","ast-site-content-layout":"default","site-content-style":"default","site-sidebar-style":"default","ast-global-header-display":"","ast-banner-title-visibility":"","ast-main-header-display":"","ast-hfb-above-header-display":"","ast-hfb-below-header-display":"","ast-hfb-mobile-header-display":"","site-post-title":"","ast-breadcrumbs-content":"","ast-featured-img":"","footer-sml-layout":"","theme-transparent-header-meta":"default","adv-header-id-meta":"","stick-header-meta":"","header-above-stick-meta":"","header-main-stick-meta":"","header-below-stick-meta":"","astra-migrate-meta-layouts":"set"},"product_cat":[1531],"product_tag":[815],"_links":{"self":[{"href":"https:\/\/pfkeepers.com\/english\/wp-json\/wp\/v2\/product\/53509"}],"collection":[{"href":"https:\/\/pfkeepers.com\/english\/wp-json\/wp\/v2\/product"}],"about":[{"href":"https:\/\/pfkeepers.com\/english\/wp-json\/wp\/v2\/types\/product"}],"wp:featuredmedia":[{"embeddable":true,"href":"https:\/\/pfkeepers.com\/english\/wp-json\/wp\/v2\/media\/53510"}],"wp:attachment":[{"href":"https:\/\/pfkeepers.com\/english\/wp-json\/wp\/v2\/media?parent=53509"}],"wp:term":[{"taxonomy":"product_cat","embeddable":true,"href":"https:\/\/pfkeepers.com\/english\/wp-json\/wp\/v2\/product_cat?post=53509"},{"taxonomy":"product_tag","embeddable":true,"href":"https:\/\/pfkeepers.com\/english\/wp-json\/wp\/v2\/product_tag?post=53509"}],"curies":[{"name":"wp","href":"https:\/\/api.w.org\/{rel}","templated":true}]}}