{"id":53500,"date":"2024-03-04T15:53:24","date_gmt":"2024-03-04T15:53:24","guid":{"rendered":"https:\/\/pfkeepers.com\/produto\/api-algaefix-237ml\/"},"modified":"2026-04-19T00:41:24","modified_gmt":"2026-04-19T00:41:24","slug":"api-algaefix-237ml","status":"publish","type":"product","link":"https:\/\/pfkeepers.com\/english\/product\/api-algaefix-237ml\/","title":{"rendered":"API AlgaeFix 237ml"},"content":{"rendered":"<p>Combater as algas \u00e9 uma das tarefas mais comuns de aquaristas, algumas algas al\u00e9m de n\u00e3o deixar boa apar\u00eancia, prejudicam o sistema de filtragem e em alguns caso at\u00e9 amea\u00e7am a vida dos animais.<\/p>\n<p>O Algicida Algae Fix da API \u00e9 para uso exclusivo em aqu\u00e1rios ornamentais de \u00e1gua doce. <\/p>\n<p>Ajuda a controlar algas verdes, filamentosas, pilosas e \u00e1gua verde entre outras. Seguro para peixes e plantas quando usado segundo as instru\u00e7\u00f5es. <\/p>\n<p>Embalagem: 37ml<\/p>\n<p>Modo de usar:<br \/>\nAdiciona 1ml para cada 38L ou 5ml para 190 Litros de \u00e1gua do aqu\u00e1rio. Repida a dosagem a cada 3 dias at\u00e9 o controle das algas. Sinfone ou raspe as algas mortas ap\u00f3s o tratamento.<\/p>\n<p>Ap\u00f3s o controle total, aplique 1 dose por semana para a manuten\u00e7\u00e3o.<\/p>\n<p>&#8212;&#8212;<br \/>\nAten\u00e7\u00e3o: n\u00e3o pode ser usado com crust\u00e1ceos!<\/p>","protected":false},"excerpt":{"rendered":"<p>Combater as algas \u00e9 uma das tarefas mais comuns de aquaristas, algumas algas al\u00e9m de n\u00e3o deixar boa apar\u00eancia, prejudicam o sistema de filtragem e em alguns caso at\u00e9 amea\u00e7am a vida dos animais. O Algicida Algae Fix da API \u00e9 para uso exclusivo em aqu\u00e1rios ornamentais de \u00e1gua doce. Ajuda a controlar algas verdes, &hellip;<\/p>\n<p class=\"read-more\"> <a class=\"\" href=\"https:\/\/pfkeepers.com\/english\/product\/api-algaefix-237ml\/\"> <span class=\"screen-reader-text\">API AlgaeFix 237ml<\/span> Read More &raquo;<\/a><\/p>","protected":false},"featured_media":53501,"template":"","meta":{"site-sidebar-layout":"default","site-content-layout":"","ast-site-content-layout":"","site-content-style":"default","site-sidebar-style":"default","ast-global-header-display":"","ast-banner-title-visibility":"","ast-main-header-display":"","ast-hfb-above-header-display":"","ast-hfb-below-header-display":"","ast-hfb-mobile-header-display":"","site-post-title":"","ast-breadcrumbs-content":"","ast-featured-img":"","footer-sml-layout":"","theme-transparent-header-meta":"","adv-header-id-meta":"","stick-header-meta":"","header-above-stick-meta":"","header-main-stick-meta":"","header-below-stick-meta":"","astra-migrate-meta-layouts":""},"product_cat":[1393],"product_tag":[755],"_links":{"self":[{"href":"https:\/\/pfkeepers.com\/english\/wp-json\/wp\/v2\/product\/53500"}],"collection":[{"href":"https:\/\/pfkeepers.com\/english\/wp-json\/wp\/v2\/product"}],"about":[{"href":"https:\/\/pfkeepers.com\/english\/wp-json\/wp\/v2\/types\/product"}],"wp:featuredmedia":[{"embeddable":true,"href":"https:\/\/pfkeepers.com\/english\/wp-json\/wp\/v2\/media\/53501"}],"wp:attachment":[{"href":"https:\/\/pfkeepers.com\/english\/wp-json\/wp\/v2\/media?parent=53500"}],"wp:term":[{"taxonomy":"product_cat","embeddable":true,"href":"https:\/\/pfkeepers.com\/english\/wp-json\/wp\/v2\/product_cat?post=53500"},{"taxonomy":"product_tag","embeddable":true,"href":"https:\/\/pfkeepers.com\/english\/wp-json\/wp\/v2\/product_tag?post=53500"}],"curies":[{"name":"wp","href":"https:\/\/api.w.org\/{rel}","templated":true}]}}