{"id":53294,"date":"2024-03-04T15:47:49","date_gmt":"2024-03-04T15:47:49","guid":{"rendered":"https:\/\/pfkeepers.com\/produto\/colisa-femea-colisa-lalia\/"},"modified":"2026-04-19T00:40:02","modified_gmt":"2026-04-19T00:40:02","slug":"colisa-femea-colisa-lalia","status":"publish","type":"product","link":"https:\/\/pfkeepers.com\/english\/product\/colisa-femea-colisa-lalia\/","title":{"rendered":"Colisa F\u00eamea &#8211; Colisa lalia"},"content":{"rendered":"<p>Nome da Esp\u00e9cie: Trichogaster lalius<br \/>\nOrdem: Osphronemidae<br \/>\nIntervalo de pH: 6.0-7.5; Esp\u00e9cimes coletados da natureza habitam ambientes de \u00e1guas acidas e moles, Os peixes de cativeiro s\u00e3o mais tolerantes a pH neutro na casa dos 6.5-7.5.<br \/>\nIntervalo de Temperatura: 22\u00baC-27\u00b0C<br \/>\nDureza: 2\u00b0dH-18\u00b0dH<br \/>\nTamanho adulto: 5cm-8.8cm (Citado por algumas fontes, presumidamente para os machos; A maioria dos esp\u00e9cimes de aqu\u00e1rio raramente atingem mais que 7.5cm, com f\u00eameas a rondar os 6cm)<\/p>\n<p>As Colisas s\u00e3o \u00f3ptimos peixes para se ter num aqu\u00e1rio comunit\u00e1rio, pois al\u00e9m de serem pac\u00edficas, d\u00e3o-se perfeitamente bem com peixes mais pequenos que elas. \u00c9 uma esp\u00e9cie indicada para iniciantes, por ser resistente e pouco exigente quando a \u00e1gua. <\/p>\n<p>Ambiente &amp; par\u00e2metros da \u00e1gua<\/p>\n<p>Bentopel\u00e1gico; \u00e1gua doce \u2022 pH: 6.6 \u2013 7.4 \u2022 Dureza: 5 \u2013 19 \u2022 Clima: tropical; 22\u00b0C \u2013 28\u00b0C<\/p>\n<p>Tamanho adulto<\/p>\n<p>8 cm (comum 5 cm) \u2022 Estimativa de vida: 3 anos +<\/p>\n<p>Popula\u00e7\u00f5es ferais s\u00e3o encontradas em Cingapura, EUA e Col\u00f4mbia.<\/p>\n<p>\u00c9 Importante formar ref\u00fagios e tocas caso venha a manter um casal, uma vez que o ass\u00e9dio do macho \u00e9 bastante forte junto a f\u00eamea.<\/p>\n<p>Em aqu\u00e1rio aceitar\u00e1 alimentos secos sem dificuldades, devendo tamb\u00e9m variar a dieta de alimentos para desenvolver melhor a sua sa\u00fade e colora\u00e7\u00e3o.<\/p>\n<p>Os ovos liberados pela f\u00eamea s\u00e3o flutuantes, eventualmente alguns poder\u00e3o afundar onde ser\u00e3o recolhidos pelo macho e colocados dentro do ninho.<\/p>\n<p>Terminado a desova, o macho assumir\u00e1 a responsabilidade pela guarda do ninho e a f\u00eamea ser\u00e1 bastante agredida, devendo ser retirada.<\/p>\n<p>Machos apresentam nadadeira dorsal e anal mais estendidas \u00e0 medida que amadurecem.<\/p>\n<p>Esp\u00e9cie extremamente popular entre aquaristas dado sua beleza, rusticidade e comportamento pac\u00edfico, existem in\u00fameras variedades de cores oriundas desta esp\u00e9cie.<\/p>\n<p>A variedade vermelha pode ser confundida com a Colisa Mel (Trichogaster chuna).<\/p>\n<p>Em seu ambiente natural \u00e9 comum encontr\u00e1-lo em regi\u00f5es quentes e \u00e1guas estagnadas pobres em oxig\u00eanio, em meio a densa vegeta\u00e7\u00e3o.<\/p>\n<p>Foto ilustrativa<\/p>","protected":false},"excerpt":{"rendered":"<p>Nome da Esp\u00e9cie: Trichogaster lalius Ordem: Osphronemidae Intervalo de pH: 6.0-7.5; Esp\u00e9cimes coletados da natureza habitam ambientes de \u00e1guas acidas e moles, Os peixes de cativeiro s\u00e3o mais tolerantes a pH neutro na casa dos 6.5-7.5. Intervalo de Temperatura: 22\u00baC-27\u00b0C Dureza: 2\u00b0dH-18\u00b0dH Tamanho adulto: 5cm-8.8cm (Citado por algumas fontes, presumidamente para os machos; A maioria &hellip;<\/p>\n<p class=\"read-more\"> <a class=\"\" href=\"https:\/\/pfkeepers.com\/english\/product\/colisa-femea-colisa-lalia\/\"> <span class=\"screen-reader-text\">Colisa F\u00eamea &#8211; Colisa lalia<\/span> Read More &raquo;<\/a><\/p>","protected":false},"featured_media":53295,"template":"","meta":{"site-sidebar-layout":"default","site-content-layout":"","ast-site-content-layout":"","site-content-style":"default","site-sidebar-style":"default","ast-global-header-display":"","ast-banner-title-visibility":"","ast-main-header-display":"","ast-hfb-above-header-display":"","ast-hfb-below-header-display":"","ast-hfb-mobile-header-display":"","site-post-title":"","ast-breadcrumbs-content":"","ast-featured-img":"","footer-sml-layout":"","theme-transparent-header-meta":"","adv-header-id-meta":"","stick-header-meta":"","header-above-stick-meta":"","header-main-stick-meta":"","header-below-stick-meta":"","astra-migrate-meta-layouts":""},"product_cat":[1354],"product_tag":[],"_links":{"self":[{"href":"https:\/\/pfkeepers.com\/english\/wp-json\/wp\/v2\/product\/53294"}],"collection":[{"href":"https:\/\/pfkeepers.com\/english\/wp-json\/wp\/v2\/product"}],"about":[{"href":"https:\/\/pfkeepers.com\/english\/wp-json\/wp\/v2\/types\/product"}],"wp:featuredmedia":[{"embeddable":true,"href":"https:\/\/pfkeepers.com\/english\/wp-json\/wp\/v2\/media\/53295"}],"wp:attachment":[{"href":"https:\/\/pfkeepers.com\/english\/wp-json\/wp\/v2\/media?parent=53294"}],"wp:term":[{"taxonomy":"product_cat","embeddable":true,"href":"https:\/\/pfkeepers.com\/english\/wp-json\/wp\/v2\/product_cat?post=53294"},{"taxonomy":"product_tag","embeddable":true,"href":"https:\/\/pfkeepers.com\/english\/wp-json\/wp\/v2\/product_tag?post=53294"}],"curies":[{"name":"wp","href":"https:\/\/api.w.org\/{rel}","templated":true}]}}