{"id":53278,"date":"2024-03-04T15:47:21","date_gmt":"2024-03-04T15:47:21","guid":{"rendered":"https:\/\/pfkeepers.com\/produto\/gourami-azul-opalo-trichopodus-trichopterus\/"},"modified":"2026-04-18T03:27:31","modified_gmt":"2026-04-18T03:27:31","slug":"gourami-azul-opalo-trichopodus-trichopterus","status":"publish","type":"product","link":"https:\/\/pfkeepers.com\/english\/product\/gourami-azul-opalo-trichopodus-trichopterus\/","title":{"rendered":"Gourami Azul Op\u00e1lo &#8211; Trichopodus trichopterus"},"content":{"rendered":"<p>Distribui\u00e7\u00e3o<br \/>\nOcorre principalmente na bacia do rio Mekong, no sul da China, Vietn\u00e3, Laos, Camboja, Tail\u00e2ndia, Mianmar e Mal\u00e1sia. Tamb\u00e9m \u00e9 encontrado em partes do norte da Indon\u00e9sia. Foi introduzido em v\u00e1rios pa\u00edses, incluindo Filipinas, Taiwan, Papua Nova Guin\u00e9, ilhas da Reuni\u00e3o, Seychelles, Nam\u00edbia, Rep\u00fablica Dominicana e Col\u00f4mbia. Por\u00e9m, n\u00e3o espere encontrar esp\u00e9cimes selvagens \u00e0 venda. A grande maioria das pessoas no passatempo \u00e9 criada comercialmente no Extremo Oriente e na Europa Oriental.<\/p>\n<p>Habitat<br \/>\nEm toda a sua extens\u00e3o natural, \u00e9 tipicamente encontrado em \u00e1guas l\u00e2nguidas e com muita vegeta\u00e7\u00e3o, incluindo lagoas, valas, p\u00e2ntanos e p\u00e2ntanos. Sabe-se que em torno do Mekong central e inferior, muitas popula\u00e7\u00f5es migram para \u00e1reas inundadas de floresta ou pastagem durante a esta\u00e7\u00e3o chuvosa, retornando aos principais sistemas fluviais quando as \u00e1guas da enchente come\u00e7am a retroceder.<\/p>\n<p>Comprimento padr\u00e3o m\u00e1ximo<br \/>\nPodendo atingir um tamanho m\u00e1ximo de 15 cm, a maioria dos peixes mantidos em aqu\u00e1rio tende a permanecer com um tamanho relativamente mais pequeno, que n\u00e3o tende a chegar a 12 cm.<\/p>\n<p>Maintenence<br \/>\nUm aqu\u00e1rio plantado com alguma cobertura flutuante e \u00e1reas abertas para nata\u00e7\u00e3o \u00e9 adequado para esta esp\u00e9cie .<\/p>\n<p>Condi\u00e7\u00f5es da \u00c1gua<br \/>\nTemperatura : 24 \u2013 30 \u00b0 C<\/p>\n<p>pH : 5,5 \u2013 8,5<\/p>\n<p>Dureza : 3 \u2013 35 dH<\/p>\n<p>Dieta<br \/>\nOs peixes em estado selvagens s\u00e3o on\u00edvoros, mastigando plantas terrestres e aqu\u00e1ticas, bem como algas, pequenos invertebrados, zoopl\u00e2ncton e detritos. Pouco exigente e aceitar\u00e1 a maioria dos alimentos oferecidos.<\/p>\n<p>Comportamento e Compatibilidade<br \/>\nEmbora os Trichopodus trichopterus sejam frequentemente recomendado como peixe comunit\u00e1rio, isso nem sempre \u00e9 verdade. Alguns indiv\u00edduos podem se tornar muito temperamentais \u00e0 medida que amadurecem, enquanto outros permanecem pac\u00edficos. Os machos s\u00e3o territoriais e brigam entre si, tornando-se muito agressivos ao procriar. \u00c9 melhor mant\u00ea-lo com peixes robustos, como barbos, carac\u00f3is maiores, loricari\u00f3ides, b\u00f3tias e outros gouramis m\u00e9dios \/ grandes.<\/p>\n<p>Dimorfismo Sexual<br \/>\nO macho \u00e9 maior e desenvolve uma barbatana dorsal pontiaguda . A f\u00eamea \u00e9 menor e mais redonda na barriga.<\/p>\n<p>Reprodu\u00e7\u00e3o<br \/>\nOs Trichopodus trichopterus s\u00e3o considerados f\u00e1ceis de reproduzir, fazem os seus ninhos de bolhas na superf\u00edcie da \u00e1gua como \u00e9 habitual nos Anabant\u00eddeos. O tanque de cria\u00e7\u00e3o deve conter \u00e1gua de n\u00e3o mais que 15 \u2013 20 cm de profundidade, com muitas plantas flutuantes. A filtragem deve ser suave e os filtros movidos a ar s\u00e3o ideais. Recomenda-se fornecer 2 ou 3 f\u00eameas para o macho, pois ele pode ser muito duro com f\u00eameas que n\u00e3o desejam. Condicione o peixe com comida viva. Quando uma f\u00eamea fica gorda com ovos, o macho constr\u00f3i um grande ninho de bolhas entre as plantas flutuantes. Ele tamb\u00e9m utiliza pequenos peda\u00e7os de plantas dentro do ninho. Ele ent\u00e3o come\u00e7ar\u00e1 a exibir para a f\u00eamea. \u00c0 medida que a f\u00eamea se aproxima do ninho, pode-se ver o peixe se tocando com as barbatanas ventrais modificadas. A desova ocorre sob o ninho no abra\u00e7o anabantoide t\u00edpico. Os ovos flutuam para cima e o macho os conduz para o ninho. V\u00e1rias outras desova ocorrem e entre 500 e 1200 ovos podem ser produzidos. Quando n\u00e3o h\u00e1 mais ovos, a f\u00eamea \u00e9 expulsa. \u00c9 melhor remover a (s) f\u00eamea (s) neste momento ou ela pode ser seriamente prejudicada. O macho ent\u00e3o tende ao ninho at\u00e9 os ovos eclodirem, geralmente em cerca de 20 a 30 horas. Os alevinos ficam livres para nadar em mais 4-5 dias, momento em que o macho tamb\u00e9m deve ser removido.<\/p>\n<p>Eles devem ser alimentados com infus\u00f3rios e alimentos l\u00edquidos durante a primeira semana, ap\u00f3s crescerem o suficiente para aceitar art\u00e9mia rec\u00e9m eclodida, microworms e flocos em p\u00f3. As crias devem ser observadas com cuidado e separadas \u00e0 medida que diferentes taxas de crescimento se tornam aparentes ou muito canibalismo ocorrer\u00e1.<\/p>\n<p>Notas<br \/>\nEsta esp\u00e9cie est\u00e1 dispon\u00edvel em diversas formas e variedades de cores, todas criadas seletivamente para o com\u00e9r<\/p>","protected":false},"excerpt":{"rendered":"<p>Distribui\u00e7\u00e3o Ocorre principalmente na bacia do rio Mekong, no sul da China, Vietn\u00e3, Laos, Camboja, Tail\u00e2ndia, Mianmar e Mal\u00e1sia. Tamb\u00e9m \u00e9 encontrado em partes do norte da Indon\u00e9sia. Foi introduzido em v\u00e1rios pa\u00edses, incluindo Filipinas, Taiwan, Papua Nova Guin\u00e9, ilhas da Reuni\u00e3o, Seychelles, Nam\u00edbia, Rep\u00fablica Dominicana e Col\u00f4mbia. Por\u00e9m, n\u00e3o espere encontrar esp\u00e9cimes selvagens \u00e0 &hellip;<\/p>\n<p class=\"read-more\"> <a class=\"\" href=\"https:\/\/pfkeepers.com\/english\/product\/gourami-azul-opalo-trichopodus-trichopterus\/\"> <span class=\"screen-reader-text\">Gourami Azul Op\u00e1lo &#8211; Trichopodus trichopterus<\/span> Read More &raquo;<\/a><\/p>","protected":false},"featured_media":53279,"template":"","meta":{"site-sidebar-layout":"default","site-content-layout":"","ast-site-content-layout":"","site-content-style":"default","site-sidebar-style":"default","ast-global-header-display":"","ast-banner-title-visibility":"","ast-main-header-display":"","ast-hfb-above-header-display":"","ast-hfb-below-header-display":"","ast-hfb-mobile-header-display":"","site-post-title":"","ast-breadcrumbs-content":"","ast-featured-img":"","footer-sml-layout":"","theme-transparent-header-meta":"","adv-header-id-meta":"","stick-header-meta":"","header-above-stick-meta":"","header-main-stick-meta":"","header-below-stick-meta":"","astra-migrate-meta-layouts":""},"product_cat":[1354],"product_tag":[874],"_links":{"self":[{"href":"https:\/\/pfkeepers.com\/english\/wp-json\/wp\/v2\/product\/53278"}],"collection":[{"href":"https:\/\/pfkeepers.com\/english\/wp-json\/wp\/v2\/product"}],"about":[{"href":"https:\/\/pfkeepers.com\/english\/wp-json\/wp\/v2\/types\/product"}],"wp:featuredmedia":[{"embeddable":true,"href":"https:\/\/pfkeepers.com\/english\/wp-json\/wp\/v2\/media\/53279"}],"wp:attachment":[{"href":"https:\/\/pfkeepers.com\/english\/wp-json\/wp\/v2\/media?parent=53278"}],"wp:term":[{"taxonomy":"product_cat","embeddable":true,"href":"https:\/\/pfkeepers.com\/english\/wp-json\/wp\/v2\/product_cat?post=53278"},{"taxonomy":"product_tag","embeddable":true,"href":"https:\/\/pfkeepers.com\/english\/wp-json\/wp\/v2\/product_tag?post=53278"}],"curies":[{"name":"wp","href":"https:\/\/api.w.org\/{rel}","templated":true}]}}