{"id":53260,"date":"2024-03-04T15:46:52","date_gmt":"2024-03-04T15:46:52","guid":{"rendered":"https:\/\/pfkeepers.com\/produto\/menforsan-champo-suave-p-gatos-300ml\/"},"modified":"2024-12-18T19:00:53","modified_gmt":"2024-12-18T19:00:53","slug":"menforsan-champo-suave-p-gatos-300ml","status":"publish","type":"product","link":"https:\/\/pfkeepers.com\/english\/product\/menforsan-champo-suave-p-gatos-300ml\/","title":{"rendered":"Menforsan Shampoo Very Smooth f\/Cats 300ml"},"content":{"rendered":"<p>Champ\u00f4 de m\u00e1xima qualidade para gatos com uma f\u00f3rmula especial com tensioativos muito suaves especialmente desenvolvidos para o cuidado da pele e a pelagem do gato. Para al\u00e9m disso, o brilho do pelo do animal intensifica-se como resultado do n\u00e1car e o colag\u00e9nio integrado na sua composi\u00e7\u00e3o. A sua f\u00f3rmula com pH equilibrado respeita e protege o equil\u00edbrio natural da pele do animal, mantendo a pelagem brilhante e sedosa. Incorpora agentes desembara\u00e7antes que facilitam o penteado do pelo, tanto seco como molhado, sem ficar gorduroso. Recomendado para todo o tipo de ra\u00e7as de gatos e especialmente para a lavagem frequente de gatos de exposi\u00e7\u00e3o devido \u00e0 suavidade dos seus componentes. Ph equilibrado<\/p>","protected":false},"excerpt":{"rendered":"<p>Champ\u00f4 de m\u00e1xima qualidade para gatos com uma f\u00f3rmula especial com tensioativos muito suaves especialmente desenvolvidos para o cuidado da pele e a pelagem do gato. Para al\u00e9m disso, o brilho do pelo do animal intensifica-se como resultado do n\u00e1car e o colag\u00e9nio integrado na sua composi\u00e7\u00e3o. A sua f\u00f3rmula com pH equilibrado respeita e &hellip;<\/p>\n<p class=\"read-more\"> <a class=\"\" href=\"https:\/\/pfkeepers.com\/english\/product\/menforsan-champo-suave-p-gatos-300ml\/\"> <span class=\"screen-reader-text\">Menforsan Shampoo Very Smooth f\/Cats 300ml<\/span> Read More &raquo;<\/a><\/p>","protected":false},"featured_media":53261,"template":"","meta":{"site-sidebar-layout":"default","site-content-layout":"","ast-site-content-layout":"","site-content-style":"default","site-sidebar-style":"default","ast-global-header-display":"","ast-banner-title-visibility":"","ast-main-header-display":"","ast-hfb-above-header-display":"","ast-hfb-below-header-display":"","ast-hfb-mobile-header-display":"","site-post-title":"","ast-breadcrumbs-content":"","ast-featured-img":"","footer-sml-layout":"","theme-transparent-header-meta":"","adv-header-id-meta":"","stick-header-meta":"","header-above-stick-meta":"","header-main-stick-meta":"","header-below-stick-meta":"","astra-migrate-meta-layouts":""},"product_cat":[658],"product_tag":[950],"_links":{"self":[{"href":"https:\/\/pfkeepers.com\/english\/wp-json\/wp\/v2\/product\/53260"}],"collection":[{"href":"https:\/\/pfkeepers.com\/english\/wp-json\/wp\/v2\/product"}],"about":[{"href":"https:\/\/pfkeepers.com\/english\/wp-json\/wp\/v2\/types\/product"}],"wp:featuredmedia":[{"embeddable":true,"href":"https:\/\/pfkeepers.com\/english\/wp-json\/wp\/v2\/media\/53261"}],"wp:attachment":[{"href":"https:\/\/pfkeepers.com\/english\/wp-json\/wp\/v2\/media?parent=53260"}],"wp:term":[{"taxonomy":"product_cat","embeddable":true,"href":"https:\/\/pfkeepers.com\/english\/wp-json\/wp\/v2\/product_cat?post=53260"},{"taxonomy":"product_tag","embeddable":true,"href":"https:\/\/pfkeepers.com\/english\/wp-json\/wp\/v2\/product_tag?post=53260"}],"curies":[{"name":"wp","href":"https:\/\/api.w.org\/{rel}","templated":true}]}}