{"id":53242,"date":"2024-03-04T15:46:22","date_gmt":"2024-03-04T15:46:22","guid":{"rendered":"https:\/\/pfkeepers.com\/produto\/bebedouro-longo-lusso-cc105\/"},"modified":"2024-03-07T23:38:59","modified_gmt":"2024-03-07T23:38:59","slug":"bebedouro-longo-lusso-cc105","status":"publish","type":"product","link":"https:\/\/pfkeepers.com\/english\/product\/bebedouro-longo-lusso-cc105\/","title":{"rendered":"Bebedouro Longo Lusso CC105"},"content":{"rendered":"<p>Bebedouro cil\u00edndrico, feito de pl\u00e1stico de elevada qualidade. O seu dep\u00f3sito transl\u00facido permite visualizar facilmente o n\u00edvel da \u00e1gua. F\u00e1cil montagem. Indicado para aves de pequeno porte, como por exemplo periquitos e agapornis.<\/p>\n<p>Capacidade: 105 ml<\/p>","protected":false},"excerpt":{"rendered":"<p>Bebedouro cil\u00edndrico, feito de pl\u00e1stico de elevada qualidade. O seu dep\u00f3sito transl\u00facido permite visualizar facilmente o n\u00edvel da \u00e1gua. F\u00e1cil montagem. Indicado para aves de pequeno porte, como por exemplo periquitos e agapornis. Capacidade: 105 ml<\/p>","protected":false},"featured_media":53243,"template":"","meta":{"site-sidebar-layout":"default","site-content-layout":"","ast-site-content-layout":"","site-content-style":"default","site-sidebar-style":"default","ast-global-header-display":"","ast-banner-title-visibility":"","ast-main-header-display":"","ast-hfb-above-header-display":"","ast-hfb-below-header-display":"","ast-hfb-mobile-header-display":"","site-post-title":"","ast-breadcrumbs-content":"","ast-featured-img":"","footer-sml-layout":"","theme-transparent-header-meta":"","adv-header-id-meta":"","stick-header-meta":"","header-above-stick-meta":"","header-main-stick-meta":"","header-below-stick-meta":"","astra-migrate-meta-layouts":""},"product_cat":[658],"product_tag":[],"_links":{"self":[{"href":"https:\/\/pfkeepers.com\/english\/wp-json\/wp\/v2\/product\/53242"}],"collection":[{"href":"https:\/\/pfkeepers.com\/english\/wp-json\/wp\/v2\/product"}],"about":[{"href":"https:\/\/pfkeepers.com\/english\/wp-json\/wp\/v2\/types\/product"}],"wp:featuredmedia":[{"embeddable":true,"href":"https:\/\/pfkeepers.com\/english\/wp-json\/wp\/v2\/media\/53243"}],"wp:attachment":[{"href":"https:\/\/pfkeepers.com\/english\/wp-json\/wp\/v2\/media?parent=53242"}],"wp:term":[{"taxonomy":"product_cat","embeddable":true,"href":"https:\/\/pfkeepers.com\/english\/wp-json\/wp\/v2\/product_cat?post=53242"},{"taxonomy":"product_tag","embeddable":true,"href":"https:\/\/pfkeepers.com\/english\/wp-json\/wp\/v2\/product_tag?post=53242"}],"curies":[{"name":"wp","href":"https:\/\/api.w.org\/{rel}","templated":true}]}}