{"id":52844,"date":"2024-03-04T15:33:18","date_gmt":"2024-03-04T15:33:18","guid":{"rendered":"https:\/\/pfkeepers.com\/produto\/ownat-just-grain-free-sterilized-cat-3kg\/"},"modified":"2025-02-27T21:21:07","modified_gmt":"2025-02-27T21:21:07","slug":"ownat-just-grain-free-sterilized-cat-3kg","status":"publish","type":"product","link":"https:\/\/pfkeepers.com\/english\/product\/ownat-just-grain-free-sterilized-cat-3kg\/","title":{"rendered":"Ownat Just Grain Free Sterilized Cat 3kg"},"content":{"rendered":"<p>Ownat Just Grain Free Sterilized Gato<br \/>\nSTERILIZED<br \/>\nOs gatos esterilizados apresentam uma tend\u00eancia natural ao sobrepeso. Por isso, a nossa formula\u00e7\u00e3o ajuda a recuperar e manter o peso ideal, mediante um fornecimento reduzido de mat\u00e9ria gorda, incorporando, ao mesmo tempo, uma elevada propor\u00e7\u00e3o de prote\u00ednas para assegurar a manuten\u00e7\u00e3o fisiol\u00f3gica do gato.<br \/>\nComposi\u00e7\u00e3o:<br \/>\nCarnes desidratadas (38%), carne fresca de frango* (m\u00edn. 12% antes da extrus\u00e3o), ervilhas inteiras*, salm\u00e3o hidrolisado, batata desidratada*, gordura av\u00edcola (preservada com antioxidantes naturais), ra\u00edzes de mandioca*, levedura de cerveja*, prote\u00edna hidrolisada de frango, polpa de beterraba, ma\u00e7\u00e3 fresca* (1%), sementes de linha\u00e7a*, ovo desidratado*, \u00f3leo de peixe (preservado com antioxidantes naturais), alfafa desidratada*, sal-gema*, fruto-oligossacar\u00eddeos e mano-oligossacar\u00eddeos, algas marinhas desidratadas*, glucosamina, condroitina, yucca schidigera, arandos*, tomilho*, flor de camomila*, funcho*, equin\u00e1ceas*, ch\u00e1 verde*. *Ingredientes naturais<\/p>\n<p>Componentes anal\u00edticos:<br \/>\nProte\u00edna: 42%, teor de gordura: 14%, fibras brutas: 2,5%, mat\u00e9ria inorg\u00e2nica: 9%, humidade: 8%, \u00f3mega 6: 1,8%, \u00f3mega 3: 0,5%, c\u00e1lcio: 1,3%, f\u00f3sforo: 1%.<\/p>\n<p>ADITIVOS\/KG: Aditivos nutricionais:<br \/>\nVitamina A 25.000 UI, Vitamina D3 1.500 UI, Vitamina E 425 UI, Vitamina C 100 mg, Taurina 2.000 mg, L-carnitina 200 mg, Cobre (sulfato de cobre, pentahidratado) 5 mg, Cobre (quelato de cobre de amino\u00e1cidos hidratado) 5 mg, Mangan\u00eas (\u00f3xido manganoso) 52 mg, Zinco (\u00f3xido de zinco) 100 mg, Ferro (sulfato ferroso, monohidratado) 40 mg, Zinco (Quelato de Zinco de amino\u00e1cidos hidratado) 10 mg, Iodo (iodeto de pot\u00e1ssio) 4 mg, Sel\u00e9nio (selenito s\u00f3dico) 0,3 mg. Com antioxidantes naturais.<\/p>\n<p>Instru\u00e7\u00f5es<br \/>\nAs quantidades indicadas s\u00e3o doses di\u00e1rias recomendadas. Conservar em local fresco e seco. Deixar sempre \u00e1gua limpa e fresca ao alcance do gato.<\/p>","protected":false},"excerpt":{"rendered":"<p>Ownat Just Grain Free Sterilized Gato STERILIZED Os gatos esterilizados apresentam uma tend\u00eancia natural ao sobrepeso. Por isso, a nossa formula\u00e7\u00e3o ajuda a recuperar e manter o peso ideal, mediante um fornecimento reduzido de mat\u00e9ria gorda, incorporando, ao mesmo tempo, uma elevada propor\u00e7\u00e3o de prote\u00ednas para assegurar a manuten\u00e7\u00e3o fisiol\u00f3gica do gato. Composi\u00e7\u00e3o: Carnes desidratadas &hellip;<\/p>\n<p class=\"read-more\"> <a class=\"\" href=\"https:\/\/pfkeepers.com\/english\/product\/ownat-just-grain-free-sterilized-cat-3kg\/\"> <span class=\"screen-reader-text\">Ownat Just Grain Free Sterilized Cat 3kg<\/span> Read More &raquo;<\/a><\/p>","protected":false},"featured_media":52845,"template":"","meta":{"site-sidebar-layout":"default","site-content-layout":"","ast-site-content-layout":"","site-content-style":"default","site-sidebar-style":"default","ast-global-header-display":"","ast-banner-title-visibility":"","ast-main-header-display":"","ast-hfb-above-header-display":"","ast-hfb-below-header-display":"","ast-hfb-mobile-header-display":"","site-post-title":"","ast-breadcrumbs-content":"","ast-featured-img":"","footer-sml-layout":"","theme-transparent-header-meta":"","adv-header-id-meta":"","stick-header-meta":"","header-above-stick-meta":"","header-main-stick-meta":"","header-below-stick-meta":"","astra-migrate-meta-layouts":""},"product_cat":[658],"product_tag":[986],"_links":{"self":[{"href":"https:\/\/pfkeepers.com\/english\/wp-json\/wp\/v2\/product\/52844"}],"collection":[{"href":"https:\/\/pfkeepers.com\/english\/wp-json\/wp\/v2\/product"}],"about":[{"href":"https:\/\/pfkeepers.com\/english\/wp-json\/wp\/v2\/types\/product"}],"wp:featuredmedia":[{"embeddable":true,"href":"https:\/\/pfkeepers.com\/english\/wp-json\/wp\/v2\/media\/52845"}],"wp:attachment":[{"href":"https:\/\/pfkeepers.com\/english\/wp-json\/wp\/v2\/media?parent=52844"}],"wp:term":[{"taxonomy":"product_cat","embeddable":true,"href":"https:\/\/pfkeepers.com\/english\/wp-json\/wp\/v2\/product_cat?post=52844"},{"taxonomy":"product_tag","embeddable":true,"href":"https:\/\/pfkeepers.com\/english\/wp-json\/wp\/v2\/product_tag?post=52844"}],"curies":[{"name":"wp","href":"https:\/\/api.w.org\/{rel}","templated":true}]}}