{"id":52808,"date":"2024-03-04T15:32:17","date_gmt":"2024-03-04T15:32:17","guid":{"rendered":"https:\/\/pfkeepers.com\/produto\/micranthemum-tweediei-monte-carlo-1-2grow-tropica\/"},"modified":"2026-04-19T00:35:43","modified_gmt":"2026-04-19T00:35:43","slug":"micranthemum-tweediei-monte-carlo-1-2grow-tropica","status":"publish","type":"product","link":"https:\/\/pfkeepers.com\/english\/product\/micranthemum-tweediei-monte-carlo-1-2grow-tropica\/","title":{"rendered":"Micranthemum tweediei &#8216;Monte Carlo&#8217; 1-2Grow Tropica"},"content":{"rendered":"<p>Layouts contendo esta planta<\/p>\n<p>L126 &#8211; Grosser Rettenstein (50 L)<\/p>\n<p>Layout 127 &#8211; Dentro do fluxo (54 L)<\/p>\n<p>Layout 113 (75 L)<\/p>\n<p>Layout 122 &#8211; Jungle Tyne (110 L)<\/p>\n<p>Layout 80 (180 L)<\/p>\n<p>Layout 118 &#8211; O Poder do Sil\u00eancio (210 L)<\/p>\n<p>Layout 114 (270 L)<\/p>\n<p>Layout 94 (270 L)<\/p>\n<p>Layout 105 (300 L)<\/p>\n<p>Layout 96 (300 L)<\/p>\n<p>Micranthemum tweediei &#8216;Monte Carlo&#8217; \u00e9 origin\u00e1rio da Argentina. Tem folhas verdes claras compactas, redondas e frescas em talos rastejantes e cria um tapete de crescimento r\u00e1pido na frente do aqu\u00e1rio.<br \/>\nA planta pode crescer na sombra clara, mas requer boas condi\u00e7\u00f5es de luz, al\u00e9m de aditivo de CO2, para se desenvolver de maneira ideal e se tornar realmente compacta.<\/p>\n<p>Informa\u00e7\u00f5es da planta<br \/>\nTipo: carpete<br \/>\nOrigem: Am\u00e9rica do Sul<br \/>\nPa\u00eds ou continente onde uma planta \u00e9 a mais comum. Cultivares surgem ou s\u00e3o criados em cultivo.<br \/>\nTaxa de crescimento: m\u00e9dia<br \/>\nTaxa de crescimento da planta em compara\u00e7\u00e3o com outras plantas aqu\u00e1ticas.<br \/>\nAltura: 3 &#8211; 5+<br \/>\nAltura m\u00e9dia (cm) da planta ap\u00f3s dois meses no tanque.<br \/>\nDemanda leve: M\u00e9dio<br \/>\nA demanda de luz m\u00e9dia ou m\u00e9dia de uma planta de aqu\u00e1rio \u00e9 de 0,5 W\/L.<br \/>\nCO2: M\u00e9dio<br \/>\nUma necessidade m\u00e9dia de CO2 \u00e9 de 6-14 mg\/L. Uma alta demanda de CO2 \u00e9 de aprox. 15-25 mg\/L.<\/p>","protected":false},"excerpt":{"rendered":"<p>Layouts contendo esta planta L126 &#8211; Grosser Rettenstein (50 L) Layout 127 &#8211; Dentro do fluxo (54 L) Layout 113 (75 L) Layout 122 &#8211; Jungle Tyne (110 L) Layout 80 (180 L) Layout 118 &#8211; O Poder do Sil\u00eancio (210 L) Layout 114 (270 L) Layout 94 (270 L) Layout 105 (300 L) Layout &hellip;<\/p>\n<p class=\"read-more\"> <a class=\"\" href=\"https:\/\/pfkeepers.com\/english\/product\/micranthemum-tweediei-monte-carlo-1-2grow-tropica\/\"> <span class=\"screen-reader-text\">Micranthemum tweediei &#8216;Monte Carlo&#8217; 1-2Grow Tropica<\/span> Read More &raquo;<\/a><\/p>","protected":false},"featured_media":52809,"template":"","meta":{"site-sidebar-layout":"default","site-content-layout":"","ast-site-content-layout":"default","site-content-style":"default","site-sidebar-style":"default","ast-global-header-display":"","ast-banner-title-visibility":"","ast-main-header-display":"","ast-hfb-above-header-display":"","ast-hfb-below-header-display":"","ast-hfb-mobile-header-display":"","site-post-title":"","ast-breadcrumbs-content":"","ast-featured-img":"","footer-sml-layout":"","theme-transparent-header-meta":"default","adv-header-id-meta":"","stick-header-meta":"","header-above-stick-meta":"","header-main-stick-meta":"","header-below-stick-meta":"","astra-migrate-meta-layouts":"set"},"product_cat":[1513],"product_tag":[1064],"_links":{"self":[{"href":"https:\/\/pfkeepers.com\/english\/wp-json\/wp\/v2\/product\/52808"}],"collection":[{"href":"https:\/\/pfkeepers.com\/english\/wp-json\/wp\/v2\/product"}],"about":[{"href":"https:\/\/pfkeepers.com\/english\/wp-json\/wp\/v2\/types\/product"}],"wp:featuredmedia":[{"embeddable":true,"href":"https:\/\/pfkeepers.com\/english\/wp-json\/wp\/v2\/media\/52809"}],"wp:attachment":[{"href":"https:\/\/pfkeepers.com\/english\/wp-json\/wp\/v2\/media?parent=52808"}],"wp:term":[{"taxonomy":"product_cat","embeddable":true,"href":"https:\/\/pfkeepers.com\/english\/wp-json\/wp\/v2\/product_cat?post=52808"},{"taxonomy":"product_tag","embeddable":true,"href":"https:\/\/pfkeepers.com\/english\/wp-json\/wp\/v2\/product_tag?post=52808"}],"curies":[{"name":"wp","href":"https:\/\/api.w.org\/{rel}","templated":true}]}}