{"id":52794,"date":"2024-03-04T15:31:31","date_gmt":"2024-03-04T15:31:31","guid":{"rendered":"https:\/\/pfkeepers.com\/produto\/anubias-barteri-var-nana-on-wood-tropica\/"},"modified":"2026-04-11T22:11:16","modified_gmt":"2026-04-11T22:11:16","slug":"anubias-barteri-var-nana-on-wood-tropica","status":"publish","type":"product","link":"https:\/\/pfkeepers.com\/english\/product\/anubias-barteri-var-nana-on-wood-tropica\/","title":{"rendered":"Anubias barteri var. nana on Wood Tropica"},"content":{"rendered":"<p>Anubias barteri var. nana enraizada em um peda\u00e7o de madeira de mangue.<\/p>\n<p>Anubias barteri var. nana \u00e9 uma planta pequena e atraente que prospera em todas as condi\u00e7\u00f5es. \u00c9 origin\u00e1rio dos Camar\u00f5es e atingir\u00e1 5-10 cm de altura. O rizoma ter\u00e1 10-15 cm ou mais. Cresce lentamente e as folhas sobrevivem por v\u00e1rios anos, dando \u00e0s algas de crescimento lento a chance de se estabelecerem. O melhor resultado \u00e9 obtido plantando em uma pedra ou raiz de \u00e1rvore. A linha de pesca pode ser usada para prender a planta at\u00e9 que ela se segure. Se plantado no fundo, o rizoma n\u00e3o deve ser coberto, pois tende a apodrecer. Floresce frequentemente debaixo de \u00e1gua. N\u00e3o \u00e9 comido por peixes herb\u00edvoros.<\/p>","protected":false},"excerpt":{"rendered":"<p>Anubias barteri var. nana enraizada em um peda\u00e7o de madeira de mangue. Anubias barteri var. nana \u00e9 uma planta pequena e atraente que prospera em todas as condi\u00e7\u00f5es. \u00c9 origin\u00e1rio dos Camar\u00f5es e atingir\u00e1 5-10 cm de altura. O rizoma ter\u00e1 10-15 cm ou mais. Cresce lentamente e as folhas sobrevivem por v\u00e1rios anos, dando &hellip;<\/p>\n<p class=\"read-more\"> <a class=\"\" href=\"https:\/\/pfkeepers.com\/english\/product\/anubias-barteri-var-nana-on-wood-tropica\/\"> <span class=\"screen-reader-text\">Anubias barteri var. nana on Wood Tropica<\/span> Read More &raquo;<\/a><\/p>","protected":false},"featured_media":62874,"template":"","meta":{"site-sidebar-layout":"default","site-content-layout":"","ast-site-content-layout":"default","site-content-style":"default","site-sidebar-style":"default","ast-global-header-display":"","ast-banner-title-visibility":"","ast-main-header-display":"","ast-hfb-above-header-display":"","ast-hfb-below-header-display":"","ast-hfb-mobile-header-display":"","site-post-title":"","ast-breadcrumbs-content":"","ast-featured-img":"","footer-sml-layout":"","theme-transparent-header-meta":"default","adv-header-id-meta":"","stick-header-meta":"","header-above-stick-meta":"","header-main-stick-meta":"","header-below-stick-meta":"","astra-migrate-meta-layouts":"set"},"product_cat":[1517],"product_tag":[1064],"_links":{"self":[{"href":"https:\/\/pfkeepers.com\/english\/wp-json\/wp\/v2\/product\/52794"}],"collection":[{"href":"https:\/\/pfkeepers.com\/english\/wp-json\/wp\/v2\/product"}],"about":[{"href":"https:\/\/pfkeepers.com\/english\/wp-json\/wp\/v2\/types\/product"}],"wp:featuredmedia":[{"embeddable":true,"href":"https:\/\/pfkeepers.com\/english\/wp-json\/wp\/v2\/media\/62874"}],"wp:attachment":[{"href":"https:\/\/pfkeepers.com\/english\/wp-json\/wp\/v2\/media?parent=52794"}],"wp:term":[{"taxonomy":"product_cat","embeddable":true,"href":"https:\/\/pfkeepers.com\/english\/wp-json\/wp\/v2\/product_cat?post=52794"},{"taxonomy":"product_tag","embeddable":true,"href":"https:\/\/pfkeepers.com\/english\/wp-json\/wp\/v2\/product_tag?post=52794"}],"curies":[{"name":"wp","href":"https:\/\/api.w.org\/{rel}","templated":true}]}}