{"id":52704,"date":"2024-03-04T15:28:13","date_gmt":"2024-03-04T15:28:13","guid":{"rendered":"https:\/\/pfkeepers.com\/produto\/d-d-ocean-breeze-cooling-fan-6x\/"},"modified":"2026-04-18T03:22:03","modified_gmt":"2026-04-18T03:22:03","slug":"d-d-ocean-breeze-cooling-fan-6x","status":"publish","type":"product","link":"https:\/\/pfkeepers.com\/english\/product\/d-d-ocean-breeze-cooling-fan-6x\/","title":{"rendered":"D-D Ocean Breeze Cooling Fan (6X)"},"content":{"rendered":"<p>Quando as temperaturas come\u00e7am a subir e um resfriador n\u00e3o \u00e9 uma op\u00e7\u00e3o, um ventilador pode ajudar seu aqu\u00e1rio.<br \/>\nEsta solu\u00e7\u00e3o de baixo custo envolve simplesmente soprar um fluxo de ar sobre a superf\u00edcie de seu tanque ou reservat\u00f3rio para aumentar a evapora\u00e7\u00e3o, o que cria<br \/>\nresfriamento.<\/p>\n<p>Existem muitos ventiladores de baixo custo no mercado, mas as unidades OCEAN BREEZE s\u00e3o diferentes, usando rolamentos de esferas de qualidade, em vez do pl\u00e1stico<br \/>\nventilador funcionando diretamente no eixo.<\/p>","protected":false},"excerpt":{"rendered":"<p>Quando as temperaturas come\u00e7am a subir e um resfriador n\u00e3o \u00e9 uma op\u00e7\u00e3o, um ventilador pode ajudar seu aqu\u00e1rio. Esta solu\u00e7\u00e3o de baixo custo envolve simplesmente soprar um fluxo de ar sobre a superf\u00edcie de seu tanque ou reservat\u00f3rio para aumentar a evapora\u00e7\u00e3o, o que cria resfriamento. Existem muitos ventiladores de baixo custo no mercado, &hellip;<\/p>\n<p class=\"read-more\"> <a class=\"\" href=\"https:\/\/pfkeepers.com\/english\/product\/d-d-ocean-breeze-cooling-fan-6x\/\"> <span class=\"screen-reader-text\">D-D Ocean Breeze Cooling Fan (6X)<\/span> Read More &raquo;<\/a><\/p>","protected":false},"featured_media":52705,"template":"","meta":{"site-sidebar-layout":"default","site-content-layout":"","ast-site-content-layout":"","site-content-style":"default","site-sidebar-style":"default","ast-global-header-display":"","ast-banner-title-visibility":"","ast-main-header-display":"","ast-hfb-above-header-display":"","ast-hfb-below-header-display":"","ast-hfb-mobile-header-display":"","site-post-title":"","ast-breadcrumbs-content":"","ast-featured-img":"","footer-sml-layout":"","theme-transparent-header-meta":"","adv-header-id-meta":"","stick-header-meta":"","header-above-stick-meta":"","header-main-stick-meta":"","header-below-stick-meta":"","astra-migrate-meta-layouts":""},"product_cat":[1420],"product_tag":[832],"_links":{"self":[{"href":"https:\/\/pfkeepers.com\/english\/wp-json\/wp\/v2\/product\/52704"}],"collection":[{"href":"https:\/\/pfkeepers.com\/english\/wp-json\/wp\/v2\/product"}],"about":[{"href":"https:\/\/pfkeepers.com\/english\/wp-json\/wp\/v2\/types\/product"}],"wp:featuredmedia":[{"embeddable":true,"href":"https:\/\/pfkeepers.com\/english\/wp-json\/wp\/v2\/media\/52705"}],"wp:attachment":[{"href":"https:\/\/pfkeepers.com\/english\/wp-json\/wp\/v2\/media?parent=52704"}],"wp:term":[{"taxonomy":"product_cat","embeddable":true,"href":"https:\/\/pfkeepers.com\/english\/wp-json\/wp\/v2\/product_cat?post=52704"},{"taxonomy":"product_tag","embeddable":true,"href":"https:\/\/pfkeepers.com\/english\/wp-json\/wp\/v2\/product_tag?post=52704"}],"curies":[{"name":"wp","href":"https:\/\/api.w.org\/{rel}","templated":true}]}}