{"id":52577,"date":"2024-03-04T15:23:43","date_gmt":"2024-03-04T15:23:43","guid":{"rendered":"https:\/\/pfkeepers.com\/produto\/aquaforest-lithium-200ml\/"},"modified":"2025-02-27T21:16:48","modified_gmt":"2025-02-27T21:16:48","slug":"aquaforest-lithium-200ml","status":"publish","type":"product","link":"https:\/\/pfkeepers.com\/english\/product\/aquaforest-lithium-200ml\/","title":{"rendered":"Aquaforest Lithium 200ml"},"content":{"rendered":"<p>Suplemento cont\u00e9m l\u00edtio concentrado. Embora a influ\u00eancia do l\u00edtio no funcionamento dos organismos marinhos permane\u00e7a desconhecida, seus dep\u00f3sitos s\u00e3o consumidos regularmente no aqu\u00e1rio. Este elemento est\u00e1 naturalmente presente na \u00e1gua do mar, portanto, para fornecer aos habitantes do aqu\u00e1rio condi\u00e7\u00f5es o mais pr\u00f3ximas poss\u00edvel do ambiente natural, o l\u00edtio deve ser dispensado regularmente no aqu\u00e1rio.<\/p>\n<p>Dosagem<\/p>\n<p>1 ml do produto aumenta o n\u00edvel de l\u00edtio em 0,01 mg\/l em 100 litros (27 gal EUA) de \u00e1gua. O n\u00edvel recomendado de l\u00edtio na \u00e1gua do aqu\u00e1rio \u00e9 de 0,15 \u2013 0,20 mg\/l (ppm). Lembre-se de que a dose m\u00e1xima di\u00e1ria segura \u00e9 de 4 ml por 100 litros de \u00e1gua. Se precisar de uma dose mais alta, divida-a em alguns dias. A dosagem deve ser baseada no consumo de microelementos. Observe que cada aqu\u00e1rio \u00e9 diferente e a dosagem final depende do elenco de corais e das necessidades individuais do aqu\u00e1rio. Tanto a defici\u00eancia quanto o excesso de micronutrientes afetar\u00e3o os habitantes do aqu\u00e1rio, portanto, a dosagem deve ser selecionada e modificada com base em testes regulares de \u00e1gua do Aquaforest Lab.<\/p>","protected":false},"excerpt":{"rendered":"<p>Suplemento cont\u00e9m l\u00edtio concentrado. Embora a influ\u00eancia do l\u00edtio no funcionamento dos organismos marinhos permane\u00e7a desconhecida, seus dep\u00f3sitos s\u00e3o consumidos regularmente no aqu\u00e1rio. Este elemento est\u00e1 naturalmente presente na \u00e1gua do mar, portanto, para fornecer aos habitantes do aqu\u00e1rio condi\u00e7\u00f5es o mais pr\u00f3ximas poss\u00edvel do ambiente natural, o l\u00edtio deve ser dispensado regularmente no aqu\u00e1rio. &hellip;<\/p>\n<p class=\"read-more\"> <a class=\"\" href=\"https:\/\/pfkeepers.com\/english\/product\/aquaforest-lithium-200ml\/\"> <span class=\"screen-reader-text\">Aquaforest Lithium 200ml<\/span> Read More &raquo;<\/a><\/p>","protected":false},"featured_media":52578,"template":"","meta":{"site-sidebar-layout":"default","site-content-layout":"","ast-site-content-layout":"","site-content-style":"default","site-sidebar-style":"default","ast-global-header-display":"","ast-banner-title-visibility":"","ast-main-header-display":"","ast-hfb-above-header-display":"","ast-hfb-below-header-display":"","ast-hfb-mobile-header-display":"","site-post-title":"","ast-breadcrumbs-content":"","ast-featured-img":"","footer-sml-layout":"","theme-transparent-header-meta":"","adv-header-id-meta":"","stick-header-meta":"","header-above-stick-meta":"","header-main-stick-meta":"","header-below-stick-meta":"","astra-migrate-meta-layouts":""},"product_cat":[1365],"product_tag":[768],"_links":{"self":[{"href":"https:\/\/pfkeepers.com\/english\/wp-json\/wp\/v2\/product\/52577"}],"collection":[{"href":"https:\/\/pfkeepers.com\/english\/wp-json\/wp\/v2\/product"}],"about":[{"href":"https:\/\/pfkeepers.com\/english\/wp-json\/wp\/v2\/types\/product"}],"wp:featuredmedia":[{"embeddable":true,"href":"https:\/\/pfkeepers.com\/english\/wp-json\/wp\/v2\/media\/52578"}],"wp:attachment":[{"href":"https:\/\/pfkeepers.com\/english\/wp-json\/wp\/v2\/media?parent=52577"}],"wp:term":[{"taxonomy":"product_cat","embeddable":true,"href":"https:\/\/pfkeepers.com\/english\/wp-json\/wp\/v2\/product_cat?post=52577"},{"taxonomy":"product_tag","embeddable":true,"href":"https:\/\/pfkeepers.com\/english\/wp-json\/wp\/v2\/product_tag?post=52577"}],"curies":[{"name":"wp","href":"https:\/\/api.w.org\/{rel}","templated":true}]}}