{"id":52567,"date":"2024-03-04T15:23:27","date_gmt":"2024-03-04T15:23:27","guid":{"rendered":"https:\/\/pfkeepers.com\/produto\/aquaforest-strontium-lab-1l\/"},"modified":"2025-02-27T21:16:32","modified_gmt":"2025-02-27T21:16:32","slug":"aquaforest-strontium-lab-1l","status":"publish","type":"product","link":"https:\/\/pfkeepers.com\/english\/product\/aquaforest-strontium-lab-1l\/","title":{"rendered":"Aquaforest Strontium Lab 1L"},"content":{"rendered":"<p>Suplemento contendo estr\u00f4ncio altamente concentrado. O estr\u00f4ncio, depois do c\u00e1lcio e do magn\u00e9sio, \u00e9 um dos elementos mais importantes necess\u00e1rios para o crescimento dos corais duros. O estr\u00f4ncio suporta a forma\u00e7\u00e3o de tecido esquel\u00e9tico de coral duro e melhora significativamente a absor\u00e7\u00e3o de c\u00e1lcio. Tamb\u00e9m suporta o crescimento de corais moles. Em um sistema de aqu\u00e1rio fechado, o skimmer e os meios filtrantes removem os dep\u00f3sitos de estr\u00f4ncio da \u00e1gua, portanto, sua suplementa\u00e7\u00e3o \u00e9 necess\u00e1ria. Para garantir que as condi\u00e7\u00f5es do aqu\u00e1rio sejam o mais pr\u00f3ximas poss\u00edvel das naturais, a prepara\u00e7\u00e3o foi enriquecida com a adi\u00e7\u00e3o de b\u00e1rio, que tamb\u00e9m est\u00e1 presente e significativo na \u00e1gua do mar. Gra\u00e7as \u00e0s propor\u00e7\u00f5es adequadas, o estr\u00f4ncio complementa efetivamente as efici\u00eancias de estr\u00f4ncio na \u00e1gua do aqu\u00e1rio.<\/p>\n<p>Dosagem<\/p>\n<p>10 ml do produto aumenta o n\u00edvel de estr\u00f4ncio em 1 mg\/l (ppm) em 100 litros (27 gal EUA) de \u00e1gua. N\u00edvel recomendado: 6,00 \u2013 10,00 mg\/l (ppm). Dosagem recomendada: 0,5 ml\/100 l (27 gal EUA) de \u00e1gua diariamente. Lembre-se de que a dose di\u00e1ria m\u00e1xima segura \u00e9 de 10 ml por 100 litros de \u00e1gua. Se precisar de uma dose mais alta, divida-a em alguns dias. Observe que cada aqu\u00e1rio \u00e9 diferente e a dosagem final depende do elenco de corais e das necessidades individuais do aqu\u00e1rio. Tanto a defici\u00eancia quanto o excesso de micronutrientes afetar\u00e3o os habitantes do aqu\u00e1rio, portanto, a dosagem deve ser selecionada e modificada com base em testes regulares de \u00e1gua do Aquaforest Lab.<\/p>","protected":false},"excerpt":{"rendered":"<p>Suplemento contendo estr\u00f4ncio altamente concentrado. O estr\u00f4ncio, depois do c\u00e1lcio e do magn\u00e9sio, \u00e9 um dos elementos mais importantes necess\u00e1rios para o crescimento dos corais duros. O estr\u00f4ncio suporta a forma\u00e7\u00e3o de tecido esquel\u00e9tico de coral duro e melhora significativamente a absor\u00e7\u00e3o de c\u00e1lcio. Tamb\u00e9m suporta o crescimento de corais moles. Em um sistema de &hellip;<\/p>\n<p class=\"read-more\"> <a class=\"\" href=\"https:\/\/pfkeepers.com\/english\/product\/aquaforest-strontium-lab-1l\/\"> <span class=\"screen-reader-text\">Aquaforest Strontium Lab 1L<\/span> Read More &raquo;<\/a><\/p>","protected":false},"featured_media":52568,"template":"","meta":{"site-sidebar-layout":"default","site-content-layout":"","ast-site-content-layout":"","site-content-style":"default","site-sidebar-style":"default","ast-global-header-display":"","ast-banner-title-visibility":"","ast-main-header-display":"","ast-hfb-above-header-display":"","ast-hfb-below-header-display":"","ast-hfb-mobile-header-display":"","site-post-title":"","ast-breadcrumbs-content":"","ast-featured-img":"","footer-sml-layout":"","theme-transparent-header-meta":"","adv-header-id-meta":"","stick-header-meta":"","header-above-stick-meta":"","header-main-stick-meta":"","header-below-stick-meta":"","astra-migrate-meta-layouts":""},"product_cat":[1365],"product_tag":[768],"_links":{"self":[{"href":"https:\/\/pfkeepers.com\/english\/wp-json\/wp\/v2\/product\/52567"}],"collection":[{"href":"https:\/\/pfkeepers.com\/english\/wp-json\/wp\/v2\/product"}],"about":[{"href":"https:\/\/pfkeepers.com\/english\/wp-json\/wp\/v2\/types\/product"}],"wp:featuredmedia":[{"embeddable":true,"href":"https:\/\/pfkeepers.com\/english\/wp-json\/wp\/v2\/media\/52568"}],"wp:attachment":[{"href":"https:\/\/pfkeepers.com\/english\/wp-json\/wp\/v2\/media?parent=52567"}],"wp:term":[{"taxonomy":"product_cat","embeddable":true,"href":"https:\/\/pfkeepers.com\/english\/wp-json\/wp\/v2\/product_cat?post=52567"},{"taxonomy":"product_tag","embeddable":true,"href":"https:\/\/pfkeepers.com\/english\/wp-json\/wp\/v2\/product_tag?post=52567"}],"curies":[{"name":"wp","href":"https:\/\/api.w.org\/{rel}","templated":true}]}}