{"id":52313,"date":"2024-03-04T15:13:40","date_gmt":"2024-03-04T15:13:40","guid":{"rendered":"https:\/\/pfkeepers.com\/produto\/ncf-green-caulastrea\/"},"modified":"2025-02-27T21:10:39","modified_gmt":"2025-02-27T21:10:39","slug":"ncf-green-caulastrea","status":"publish","type":"product","link":"https:\/\/pfkeepers.com\/english\/product\/ncf-green-caulastrea\/","title":{"rendered":"NCF Green Caulastrea"},"content":{"rendered":"<p>Caulastrea s\u00e3o normalmente referidos como Candy Cane Corals ou Trumpet Corals.<\/p>\n<p>S\u00e3o um LPS Coral de crescimento r\u00e1pido e podem formar rapidamente uma grande col\u00f4nia no aqu\u00e1rio, onde cada p\u00f3lipo cresce uma boca adicional separando-se em dois p\u00f3lipos. S\u00e3o considerados um dos corais mais resistentes, o que os torna amig\u00e1veis \u200b\u200bpara iniciantes.<\/p>\n<p>Location<br \/>\nCaulastrea ou Candy Cane Corals s\u00e3o encontrados em todo o Indo-Pac\u00edfico e na Grande Barreira de Corais..<\/p>\n<p>Lightning<br \/>\nN\u00e3o exigem muita ilumina\u00e7\u00e3o. A ilumina\u00e7\u00e3o m\u00e9dia a baixa \u00e9 uma boa aposta. Eles mant\u00eam uma colora\u00e7\u00e3o consistente, independentemente do tipo de ilumina\u00e7\u00e3o fornecida.<\/p>\n<p>Fluxo de \u00e1gua<br \/>\nO movimento moderado da \u00e1gua \u00e9 recomendado para este coral. Os LPS apreciam o fluxo suficiente para trazer comida e remover o filme e o muco do coral, mas \u00e9 importante n\u00e3o explodi-los com muita for\u00e7a.<\/p>","protected":false},"excerpt":{"rendered":"<p>Caulastrea s\u00e3o normalmente referidos como Candy Cane Corals ou Trumpet Corals. S\u00e3o um LPS Coral de crescimento r\u00e1pido e podem formar rapidamente uma grande col\u00f4nia no aqu\u00e1rio, onde cada p\u00f3lipo cresce uma boca adicional separando-se em dois p\u00f3lipos. S\u00e3o considerados um dos corais mais resistentes, o que os torna amig\u00e1veis \u200b\u200bpara iniciantes. Localiza\u00e7\u00e3o Caulastrea ou &hellip;<\/p>\n<p class=\"read-more\"> <a class=\"\" href=\"https:\/\/pfkeepers.com\/english\/product\/ncf-green-caulastrea\/\"> <span class=\"screen-reader-text\">NCF Green Caulastrea<\/span> Read More &raquo;<\/a><\/p>","protected":false},"featured_media":52314,"template":"","meta":{"site-sidebar-layout":"default","site-content-layout":"","ast-site-content-layout":"default","site-content-style":"default","site-sidebar-style":"default","ast-global-header-display":"","ast-banner-title-visibility":"","ast-main-header-display":"","ast-hfb-above-header-display":"","ast-hfb-below-header-display":"","ast-hfb-mobile-header-display":"","site-post-title":"","ast-breadcrumbs-content":"","ast-featured-img":"","footer-sml-layout":"","theme-transparent-header-meta":"default","adv-header-id-meta":"","stick-header-meta":"","header-above-stick-meta":"","header-main-stick-meta":"","header-below-stick-meta":"","astra-migrate-meta-layouts":"set"},"product_cat":[1417],"product_tag":[],"_links":{"self":[{"href":"https:\/\/pfkeepers.com\/english\/wp-json\/wp\/v2\/product\/52313"}],"collection":[{"href":"https:\/\/pfkeepers.com\/english\/wp-json\/wp\/v2\/product"}],"about":[{"href":"https:\/\/pfkeepers.com\/english\/wp-json\/wp\/v2\/types\/product"}],"wp:featuredmedia":[{"embeddable":true,"href":"https:\/\/pfkeepers.com\/english\/wp-json\/wp\/v2\/media\/52314"}],"wp:attachment":[{"href":"https:\/\/pfkeepers.com\/english\/wp-json\/wp\/v2\/media?parent=52313"}],"wp:term":[{"taxonomy":"product_cat","embeddable":true,"href":"https:\/\/pfkeepers.com\/english\/wp-json\/wp\/v2\/product_cat?post=52313"},{"taxonomy":"product_tag","embeddable":true,"href":"https:\/\/pfkeepers.com\/english\/wp-json\/wp\/v2\/product_tag?post=52313"}],"curies":[{"name":"wp","href":"https:\/\/api.w.org\/{rel}","templated":true}]}}