{"id":52176,"date":"2024-03-04T15:09:23","date_gmt":"2024-03-04T15:09:23","guid":{"rendered":"https:\/\/pfkeepers.com\/produto\/eheim-thermocontrol-50w-25-60l\/"},"modified":"2026-04-19T00:28:22","modified_gmt":"2026-04-19T00:28:22","slug":"eheim-thermocontrol-50w-25-60l","status":"publish","type":"product","link":"https:\/\/pfkeepers.com\/english\/product\/eheim-thermocontrol-50w-25-60l\/","title":{"rendered":"Eheim Thermocontrol 50W (5-60L)"},"content":{"rendered":"<p>Termostato de precis\u00e3o para aqu\u00e1rios de volume entre 25 a 60L. A temperatura pode ser controlada com precis\u00e3o entre 18\u00baC a 34\u00baC, com uma varia\u00e7\u00e3o m\u00e1xima de temperatura de \u00b1 0,5 \u00b0C. O termostato \u00e9 completamente estanque, podendo ser instalado debaixo de \u00e1gua. O vidro de fabrico alem\u00e3o permite uma difus\u00e3o homog\u00e9nea do calor e aumento da \u00e1rea de difus\u00e3o. Resistente a varia\u00e7\u00f5es extremas de temperatura e inofensivo para a fauna do aqu\u00e1rio. Pode ser usado em aqu\u00e1rios de \u00e1gua doce ou salgada.<\/p>\n<p>Ficha t\u00e9cnica:<\/p>\n<p>\u2013 Di\u00e2metro: 36mm;<\/p>\n<p>\u2013 Temperatura m\u00ednima: 18\u00baC;<\/p>\n<p>\u2013 Temperatura m\u00e1xima: 34\u00baC;<\/p>\n<p>\u2013 Pot\u00eancia: 50W;<\/p>\n<p>\u2013 Volume do aqu\u00e1rio: 60L;<\/p>\n<p>\u2013 Comprimento: 243mm.<\/p>","protected":false},"excerpt":{"rendered":"<p>Termostato de precis\u00e3o para aqu\u00e1rios de volume entre 25 a 60L. A temperatura pode ser controlada com precis\u00e3o entre 18\u00baC a 34\u00baC, com uma varia\u00e7\u00e3o m\u00e1xima de temperatura de \u00b1 0,5 \u00b0C. O termostato \u00e9 completamente estanque, podendo ser instalado debaixo de \u00e1gua. O vidro de fabrico alem\u00e3o permite uma difus\u00e3o homog\u00e9nea do calor e &hellip;<\/p>\n<p class=\"read-more\"> <a class=\"\" href=\"https:\/\/pfkeepers.com\/english\/product\/eheim-thermocontrol-50w-25-60l\/\"> <span class=\"screen-reader-text\">Eheim Thermocontrol 50W (5-60L)<\/span> Read More &raquo;<\/a><\/p>","protected":false},"featured_media":52177,"template":"","meta":{"site-sidebar-layout":"default","site-content-layout":"","ast-site-content-layout":"","site-content-style":"default","site-sidebar-style":"default","ast-global-header-display":"","ast-banner-title-visibility":"","ast-main-header-display":"","ast-hfb-above-header-display":"","ast-hfb-below-header-display":"","ast-hfb-mobile-header-display":"","site-post-title":"","ast-breadcrumbs-content":"","ast-featured-img":"","footer-sml-layout":"","theme-transparent-header-meta":"","adv-header-id-meta":"","stick-header-meta":"","header-above-stick-meta":"","header-main-stick-meta":"","header-below-stick-meta":"","astra-migrate-meta-layouts":""},"product_cat":[1386],"product_tag":[852],"_links":{"self":[{"href":"https:\/\/pfkeepers.com\/english\/wp-json\/wp\/v2\/product\/52176"}],"collection":[{"href":"https:\/\/pfkeepers.com\/english\/wp-json\/wp\/v2\/product"}],"about":[{"href":"https:\/\/pfkeepers.com\/english\/wp-json\/wp\/v2\/types\/product"}],"wp:featuredmedia":[{"embeddable":true,"href":"https:\/\/pfkeepers.com\/english\/wp-json\/wp\/v2\/media\/52177"}],"wp:attachment":[{"href":"https:\/\/pfkeepers.com\/english\/wp-json\/wp\/v2\/media?parent=52176"}],"wp:term":[{"taxonomy":"product_cat","embeddable":true,"href":"https:\/\/pfkeepers.com\/english\/wp-json\/wp\/v2\/product_cat?post=52176"},{"taxonomy":"product_tag","embeddable":true,"href":"https:\/\/pfkeepers.com\/english\/wp-json\/wp\/v2\/product_tag?post=52176"}],"curies":[{"name":"wp","href":"https:\/\/api.w.org\/{rel}","templated":true}]}}