{"id":52113,"date":"2024-03-04T15:07:28","date_gmt":"2024-03-04T15:07:28","guid":{"rendered":"https:\/\/pfkeepers.com\/produto\/limnophila-sessiliflora-mini-pot-tropica\/"},"modified":"2026-04-19T00:27:29","modified_gmt":"2026-04-19T00:27:29","slug":"limnophila-sessiliflora-mini-pot-tropica","status":"publish","type":"product","link":"https:\/\/pfkeepers.com\/english\/product\/limnophila-sessiliflora-mini-pot-tropica\/","title":{"rendered":"Limnophila sessiliflora Mini pot Tropica"},"content":{"rendered":"<p>Cultivado em uma mini-panela de fibra de coco para conectar e crescer no tanque. Embalado em uma embalagem blister respir\u00e1vel para viagem.<\/p>\n<p>Limnophila sessiliflora \u00e9 uma planta bonita e pouco exigente do Sudeste Asi\u00e1tico. Uma \u00f3tima alternativa \u00e0 Cabomba, que requer muita luz.<\/p>\n<p>Os caules crescem rapidamente at\u00e9 40 cm de altura e t\u00eam 3-4 cm de largura. A planta geralmente fica pernalta com pouca luz, mas isso pode ser neutralizado at\u00e9 certo ponto estimulando o crescimento com a adi\u00e7\u00e3o de CO2. Mais bonito quando plantado em grupos. Em boas condi\u00e7\u00f5es de cultivo, ele envia corredores e espalha-se pelo fundo.<\/p>\n<p>Limnophila sessiliflora costumava ser chamada de &#8220;Ambulia &#8221;.<\/p>\n<p>Informa\u00e7\u00e3o da planta<\/p>\n<p>Tipo: Haste<br \/>\nOrigem: Asia<br \/>\nTaxa de crescimento: alta<br \/>\nAltura: 15 &#8211; 30+<br \/>\nDemanda leve: baixa<br \/>\nCO2: Baixo<\/p>","protected":false},"excerpt":{"rendered":"<p>Cultivado em uma mini-panela de fibra de coco para conectar e crescer no tanque. Embalado em uma embalagem blister respir\u00e1vel para viagem. Limnophila sessiliflora \u00e9 uma planta bonita e pouco exigente do Sudeste Asi\u00e1tico. Uma \u00f3tima alternativa \u00e0 Cabomba, que requer muita luz. Os caules crescem rapidamente at\u00e9 40 cm de altura e t\u00eam 3-4 &hellip;<\/p>\n<p class=\"read-more\"> <a class=\"\" href=\"https:\/\/pfkeepers.com\/english\/product\/limnophila-sessiliflora-mini-pot-tropica\/\"> <span class=\"screen-reader-text\">Limnophila sessiliflora Mini pot Tropica<\/span> Read More &raquo;<\/a><\/p>","protected":false},"featured_media":52114,"template":"","meta":{"site-sidebar-layout":"default","site-content-layout":"","ast-site-content-layout":"default","site-content-style":"default","site-sidebar-style":"default","ast-global-header-display":"","ast-banner-title-visibility":"","ast-main-header-display":"","ast-hfb-above-header-display":"","ast-hfb-below-header-display":"","ast-hfb-mobile-header-display":"","site-post-title":"","ast-breadcrumbs-content":"","ast-featured-img":"","footer-sml-layout":"","theme-transparent-header-meta":"default","adv-header-id-meta":"","stick-header-meta":"","header-above-stick-meta":"","header-main-stick-meta":"","header-below-stick-meta":"","astra-migrate-meta-layouts":"set"},"product_cat":[1512],"product_tag":[1064],"_links":{"self":[{"href":"https:\/\/pfkeepers.com\/english\/wp-json\/wp\/v2\/product\/52113"}],"collection":[{"href":"https:\/\/pfkeepers.com\/english\/wp-json\/wp\/v2\/product"}],"about":[{"href":"https:\/\/pfkeepers.com\/english\/wp-json\/wp\/v2\/types\/product"}],"wp:featuredmedia":[{"embeddable":true,"href":"https:\/\/pfkeepers.com\/english\/wp-json\/wp\/v2\/media\/52114"}],"wp:attachment":[{"href":"https:\/\/pfkeepers.com\/english\/wp-json\/wp\/v2\/media?parent=52113"}],"wp:term":[{"taxonomy":"product_cat","embeddable":true,"href":"https:\/\/pfkeepers.com\/english\/wp-json\/wp\/v2\/product_cat?post=52113"},{"taxonomy":"product_tag","embeddable":true,"href":"https:\/\/pfkeepers.com\/english\/wp-json\/wp\/v2\/product_tag?post=52113"}],"curies":[{"name":"wp","href":"https:\/\/api.w.org\/{rel}","templated":true}]}}