{"id":52031,"date":"2024-03-04T15:05:01","date_gmt":"2024-03-04T15:05:01","guid":{"rendered":"https:\/\/pfkeepers.com\/produto\/loc-line-1-4-npt-1-4-connector\/"},"modified":"2026-04-19T00:26:41","modified_gmt":"2026-04-19T00:26:41","slug":"loc-line-1-4-npt-1-4-connector","status":"publish","type":"product","link":"https:\/\/pfkeepers.com\/english\/product\/loc-line-1-4-npt-1-4-connector\/","title":{"rendered":"Loc-Line 1\/4&#8243; NPT 1\/4&#8243; Connector"},"content":{"rendered":"<p>Conector Loc-Line 1\/4 &#8220;NPT 1\/4&#8221; para transi\u00e7\u00e3o de, por exemplo, acoplamento roscado de PVC com rosca f\u00eamea de 1\/4 &#8220;para LOC-LINE 1\/4.<\/p>\n<p>Conector Loc-Line 1\/4 &#8220;NPT 1\/4&#8221;<\/p>","protected":false},"excerpt":{"rendered":"<p>Conector Loc-Line 1\/4 &#8220;NPT 1\/4&#8221; para transi\u00e7\u00e3o de, por exemplo, acoplamento roscado de PVC com rosca f\u00eamea de 1\/4 &#8220;para LOC-LINE 1\/4. Conector Loc-Line 1\/4 &#8220;NPT 1\/4&#8221;<\/p>","protected":false},"featured_media":52032,"template":"","meta":{"site-sidebar-layout":"default","site-content-layout":"","ast-site-content-layout":"","site-content-style":"default","site-sidebar-style":"default","ast-global-header-display":"","ast-banner-title-visibility":"","ast-main-header-display":"","ast-hfb-above-header-display":"","ast-hfb-below-header-display":"","ast-hfb-mobile-header-display":"","site-post-title":"","ast-breadcrumbs-content":"","ast-featured-img":"","footer-sml-layout":"","theme-transparent-header-meta":"","adv-header-id-meta":"","stick-header-meta":"","header-above-stick-meta":"","header-main-stick-meta":"","header-below-stick-meta":"","astra-migrate-meta-layouts":""},"product_cat":[1469],"product_tag":[932],"_links":{"self":[{"href":"https:\/\/pfkeepers.com\/english\/wp-json\/wp\/v2\/product\/52031"}],"collection":[{"href":"https:\/\/pfkeepers.com\/english\/wp-json\/wp\/v2\/product"}],"about":[{"href":"https:\/\/pfkeepers.com\/english\/wp-json\/wp\/v2\/types\/product"}],"wp:featuredmedia":[{"embeddable":true,"href":"https:\/\/pfkeepers.com\/english\/wp-json\/wp\/v2\/media\/52032"}],"wp:attachment":[{"href":"https:\/\/pfkeepers.com\/english\/wp-json\/wp\/v2\/media?parent=52031"}],"wp:term":[{"taxonomy":"product_cat","embeddable":true,"href":"https:\/\/pfkeepers.com\/english\/wp-json\/wp\/v2\/product_cat?post=52031"},{"taxonomy":"product_tag","embeddable":true,"href":"https:\/\/pfkeepers.com\/english\/wp-json\/wp\/v2\/product_tag?post=52031"}],"curies":[{"name":"wp","href":"https:\/\/api.w.org\/{rel}","templated":true}]}}