{"id":51875,"date":"2024-03-04T14:57:04","date_gmt":"2024-03-04T14:57:04","guid":{"rendered":"https:\/\/pfkeepers.com\/produto\/ciano-fish-protection-doseador-tamanho-l\/"},"modified":"2025-02-27T21:03:48","modified_gmt":"2025-02-27T21:03:48","slug":"ciano-fish-protection-doseador-tamanho-l","status":"publish","type":"product","link":"https:\/\/pfkeepers.com\/english\/product\/ciano-fish-protection-doseador-tamanho-l\/","title":{"rendered":"CIANO\u00ae FISH PROTECTION DOSATOR"},"content":{"rendered":"<p>O Fish Protection Dosator protege as guelras, pele e barbatanas dos peixes atrav\u00e9s de extractos naturais de plantas e vitaminas indispens\u00e1veis aos peixes e ainda:<\/p>\n<p>Protege o seu Peixe de doen\u00e7as;<br \/>\nRefor\u00e7a o Sistema Imunit\u00e1rio do seu Peixe;<br \/>\nAtua como uma barreira antiparasit\u00e1ria, desta maneira, previne a entrada de bact\u00e9rias e micr\u00f3bios no organismo do Peixe;<br \/>\nAcelera a cicatriza\u00e7\u00e3o, por exemplo, em caso de les\u00f5es superficiais;<br \/>\nFunciona como uma defesa ativa sobre o peixe, porque previne o seu Peixe de doen\u00e7as, al\u00e9m disso, previne, tamb\u00e9m, de outros problemas que possam ent\u00e3o p\u00f4r em risco a vida do Peixe;<br \/>\nUma dosagem perfeita e autom\u00e1tica durante 60 dias, em outras palavras, n\u00e3o necessita a interven\u00e7\u00e3o do consumidor.<\/p>","protected":false},"excerpt":{"rendered":"<p>O Fish Protection Dosator protege as guelras, pele e barbatanas dos peixes atrav\u00e9s de extractos naturais de plantas e vitaminas indispens\u00e1veis aos peixes e ainda: Protege o seu Peixe de doen\u00e7as; Refor\u00e7a o Sistema Imunit\u00e1rio do seu Peixe; Atua como uma barreira antiparasit\u00e1ria, desta maneira, previne a entrada de bact\u00e9rias e micr\u00f3bios no organismo do &hellip;<\/p>\n<p class=\"read-more\"> <a class=\"\" href=\"https:\/\/pfkeepers.com\/english\/product\/ciano-fish-protection-doseador-tamanho-l\/\"> <span class=\"screen-reader-text\">CIANO\u00ae FISH PROTECTION DOSATOR<\/span> Read More &raquo;<\/a><\/p>","protected":false},"featured_media":51876,"template":"","meta":{"site-sidebar-layout":"default","site-content-layout":"","ast-site-content-layout":"","site-content-style":"default","site-sidebar-style":"default","ast-global-header-display":"","ast-banner-title-visibility":"","ast-main-header-display":"","ast-hfb-above-header-display":"","ast-hfb-below-header-display":"","ast-hfb-mobile-header-display":"","site-post-title":"","ast-breadcrumbs-content":"","ast-featured-img":"","footer-sml-layout":"","theme-transparent-header-meta":"","adv-header-id-meta":"","stick-header-meta":"","header-above-stick-meta":"","header-main-stick-meta":"","header-below-stick-meta":"","astra-migrate-meta-layouts":""},"product_cat":[1393],"product_tag":[825],"_links":{"self":[{"href":"https:\/\/pfkeepers.com\/english\/wp-json\/wp\/v2\/product\/51875"}],"collection":[{"href":"https:\/\/pfkeepers.com\/english\/wp-json\/wp\/v2\/product"}],"about":[{"href":"https:\/\/pfkeepers.com\/english\/wp-json\/wp\/v2\/types\/product"}],"wp:featuredmedia":[{"embeddable":true,"href":"https:\/\/pfkeepers.com\/english\/wp-json\/wp\/v2\/media\/51876"}],"wp:attachment":[{"href":"https:\/\/pfkeepers.com\/english\/wp-json\/wp\/v2\/media?parent=51875"}],"wp:term":[{"taxonomy":"product_cat","embeddable":true,"href":"https:\/\/pfkeepers.com\/english\/wp-json\/wp\/v2\/product_cat?post=51875"},{"taxonomy":"product_tag","embeddable":true,"href":"https:\/\/pfkeepers.com\/english\/wp-json\/wp\/v2\/product_tag?post=51875"}],"curies":[{"name":"wp","href":"https:\/\/api.w.org\/{rel}","templated":true}]}}