{"id":51804,"date":"2024-03-04T14:53:16","date_gmt":"2024-03-04T14:53:16","guid":{"rendered":"https:\/\/pfkeepers.com\/produto\/easy-line-reverse-osmosis-190l-day\/"},"modified":"2025-02-27T21:02:29","modified_gmt":"2025-02-27T21:02:29","slug":"easy-line-reverse-osmosis-190l-day","status":"publish","type":"product","link":"https:\/\/pfkeepers.com\/english\/product\/easy-line-reverse-osmosis-190l-day\/","title":{"rendered":"Aqua Medic Easy Line 190, 190 l\/day"},"content":{"rendered":"<p>Easy Line 190 &#8211; 75 a 190 lts\/dia<br \/>\nEasy Line 300 &#8211; 120 a 300 lts\/dia<\/p>\n<p>A linha f\u00e1cil de unidades de osmose reversa \u00e9 potente e compacta e atende aos mais altos requisitos de qualidade da \u00e1gua. Um filtro de sedimentos ret\u00e9m todas as part\u00edculas maiores que 5 mm e um filtro de carbono que protege a membrana eliminando o cloro. O equipamento de osmose reversa (RO) \u00e9 composto de uma membrana, um m\u00f3dulo de membrana e um regulador de fluxo. Nossas unidades trabalham exclusivamente com a nova gera\u00e7\u00e3o de membranas TFC (Poliamida \/ Polisulfona) para fornecer o tratamento de \u00e1gua da mais alta qualidade. As unidades trabalham com uma produ\u00e7\u00e3o aproximada de 3-4: 1 (Concentrada \/ filtrada), tendo uma taxa de rejei\u00e7\u00e3o de aproximadamente 98%.<\/p>","protected":false},"excerpt":{"rendered":"<p>Easy Line 190 &#8211; 75 a 190 lts\/dia Easy Line 300 &#8211; 120 a 300 lts\/dia A linha f\u00e1cil de unidades de osmose reversa \u00e9 potente e compacta e atende aos mais altos requisitos de qualidade da \u00e1gua. Um filtro de sedimentos ret\u00e9m todas as part\u00edculas maiores que 5 mm e um filtro de carbono &hellip;<\/p>\n<p class=\"read-more\"> <a class=\"\" href=\"https:\/\/pfkeepers.com\/english\/product\/easy-line-reverse-osmosis-190l-day\/\"> <span class=\"screen-reader-text\">Aqua Medic Easy Line 190, 190 l\/day<\/span> Read More &raquo;<\/a><\/p>","protected":false},"featured_media":51805,"template":"","meta":{"site-sidebar-layout":"default","site-content-layout":"","ast-site-content-layout":"","site-content-style":"default","site-sidebar-style":"default","ast-global-header-display":"","ast-banner-title-visibility":"","ast-main-header-display":"","ast-hfb-above-header-display":"","ast-hfb-below-header-display":"","ast-hfb-mobile-header-display":"","site-post-title":"","ast-breadcrumbs-content":"","ast-featured-img":"","footer-sml-layout":"","theme-transparent-header-meta":"","adv-header-id-meta":"","stick-header-meta":"","header-above-stick-meta":"","header-main-stick-meta":"","header-below-stick-meta":"","astra-migrate-meta-layouts":""},"product_cat":[1397],"product_tag":[762],"_links":{"self":[{"href":"https:\/\/pfkeepers.com\/english\/wp-json\/wp\/v2\/product\/51804"}],"collection":[{"href":"https:\/\/pfkeepers.com\/english\/wp-json\/wp\/v2\/product"}],"about":[{"href":"https:\/\/pfkeepers.com\/english\/wp-json\/wp\/v2\/types\/product"}],"wp:featuredmedia":[{"embeddable":true,"href":"https:\/\/pfkeepers.com\/english\/wp-json\/wp\/v2\/media\/51805"}],"wp:attachment":[{"href":"https:\/\/pfkeepers.com\/english\/wp-json\/wp\/v2\/media?parent=51804"}],"wp:term":[{"taxonomy":"product_cat","embeddable":true,"href":"https:\/\/pfkeepers.com\/english\/wp-json\/wp\/v2\/product_cat?post=51804"},{"taxonomy":"product_tag","embeddable":true,"href":"https:\/\/pfkeepers.com\/english\/wp-json\/wp\/v2\/product_tag?post=51804"}],"curies":[{"name":"wp","href":"https:\/\/api.w.org\/{rel}","templated":true}]}}