{"id":51690,"date":"2024-03-04T14:49:15","date_gmt":"2024-03-04T14:49:15","guid":{"rendered":"https:\/\/pfkeepers.com\/produto\/powerled-fresh-daylight-389w-6750k-5839lm-a-1349mm-power-supply-separate\/"},"modified":"2025-02-27T21:00:35","modified_gmt":"2025-02-27T21:00:35","slug":"powerled-fresh-daylight-389w-6750k-5839lm-a-1349mm-power-supply-separate","status":"publish","type":"product","link":"https:\/\/pfkeepers.com\/english\/product\/powerled-fresh-daylight-389w-6750k-5839lm-a-1349mm-power-supply-separate\/","title":{"rendered":"powerLED+ Fresh Daylight 38,9W 6750K 5839lm A++ 1349mm (power supply separate)"},"content":{"rendered":"<p>Espectro completo e cuidadosamente equilibrado real\u00e7ando as cores naturais do seu aqu\u00e1rio.<\/p>\n<p>&#8211; Alternativa de alta qualidade e eficiente para substitui\u00e7\u00e3o de l\u00e2mpadas fluorescentes T5.<\/p>\n<p>&#8211; Ilumina\u00e7\u00e3o que alcan\u00e7a uma grande profundidade, mesmo em aqu\u00e1rios bastante altos.<\/p>\n<p>&#8211; Espectro total da luz solar<\/p>\n<p>&#8211; Reproduz as cores naturais no aqu\u00e1rio<\/p>\n<p>&#8211; Vida \u00fatil m\u00e9dia: 50.000 horas<\/p>\n<p>&#8211; Suporte de alum\u00ednio maci\u00e7o (anodizado)<\/p>\n<p>&#8211; 8 comprimentos dispon\u00edveis para aqu\u00e1rios de 36 a 135 cm<\/p>\n<p>&#8211; Suspens\u00e3o simples e dupla para aqu\u00e1rios abertos<\/p>\n<p>&#8211; Fonte de alimenta\u00e7\u00e3o de seguran\u00e7a altamente eficiente (24V) economiza energia<\/p>\n<p>&#8211; Pode ser usada com o LEDcontrol<\/p>\n<p>&#8211; 7.000 K<\/p>\n<p>&#8211; Efici\u00eancia energ\u00e9tica: A++<\/p>\n<p>Tamanho: 1349 mm &#8211; Para aqu\u00e1rios entre os 1400 mm e 1543mm (38.9 Watt) &#8211; (T5: 80W, T8: 58W) <\/p>\n<p>A lumin\u00e1ria pode ser suspensa no aqu\u00e1rio atrav\u00e9s dos apoios de origem, os apoios laterais e substitui\u00e7\u00e3o das l\u00e2mpadas T5 dentro de tampas de forma estanque.<\/p>\n<p>Fonte aliment\u00e7\u00e3o n\u00e3o incluida. <\/p>","protected":false},"excerpt":{"rendered":"<p>Espectro completo e cuidadosamente equilibrado real\u00e7ando as cores naturais do seu aqu\u00e1rio. &#8211; Alternativa de alta qualidade e eficiente para substitui\u00e7\u00e3o de l\u00e2mpadas fluorescentes T5. &#8211; Ilumina\u00e7\u00e3o que alcan\u00e7a uma grande profundidade, mesmo em aqu\u00e1rios bastante altos. &#8211; Espectro total da luz solar &#8211; Reproduz as cores naturais no aqu\u00e1rio &#8211; Vida \u00fatil m\u00e9dia: 50.000 &hellip;<\/p>\n<p class=\"read-more\"> <a class=\"\" href=\"https:\/\/pfkeepers.com\/english\/product\/powerled-fresh-daylight-389w-6750k-5839lm-a-1349mm-power-supply-separate\/\"> <span class=\"screen-reader-text\">powerLED+ Fresh Daylight 38,9W 6750K 5839lm A++ 1349mm (power supply separate)<\/span> Read More &raquo;<\/a><\/p>","protected":false},"featured_media":51691,"template":"","meta":{"site-sidebar-layout":"default","site-content-layout":"","ast-site-content-layout":"","site-content-style":"default","site-sidebar-style":"default","ast-global-header-display":"","ast-banner-title-visibility":"","ast-main-header-display":"","ast-hfb-above-header-display":"","ast-hfb-below-header-display":"","ast-hfb-mobile-header-display":"","site-post-title":"","ast-breadcrumbs-content":"","ast-featured-img":"","footer-sml-layout":"","theme-transparent-header-meta":"","adv-header-id-meta":"","stick-header-meta":"","header-above-stick-meta":"","header-main-stick-meta":"","header-below-stick-meta":"","astra-migrate-meta-layouts":""},"product_cat":[1401],"product_tag":[852],"_links":{"self":[{"href":"https:\/\/pfkeepers.com\/english\/wp-json\/wp\/v2\/product\/51690"}],"collection":[{"href":"https:\/\/pfkeepers.com\/english\/wp-json\/wp\/v2\/product"}],"about":[{"href":"https:\/\/pfkeepers.com\/english\/wp-json\/wp\/v2\/types\/product"}],"wp:featuredmedia":[{"embeddable":true,"href":"https:\/\/pfkeepers.com\/english\/wp-json\/wp\/v2\/media\/51691"}],"wp:attachment":[{"href":"https:\/\/pfkeepers.com\/english\/wp-json\/wp\/v2\/media?parent=51690"}],"wp:term":[{"taxonomy":"product_cat","embeddable":true,"href":"https:\/\/pfkeepers.com\/english\/wp-json\/wp\/v2\/product_cat?post=51690"},{"taxonomy":"product_tag","embeddable":true,"href":"https:\/\/pfkeepers.com\/english\/wp-json\/wp\/v2\/product_tag?post=51690"}],"curies":[{"name":"wp","href":"https:\/\/api.w.org\/{rel}","templated":true}]}}