{"id":51645,"date":"2024-03-04T14:47:52","date_gmt":"2024-03-04T14:47:52","guid":{"rendered":"https:\/\/pfkeepers.com\/produto\/energybar-632-new-version-eu-plug\/"},"modified":"2026-04-19T00:23:40","modified_gmt":"2026-04-19T00:23:40","slug":"energybar-632-new-version-eu-plug","status":"publish","type":"product","link":"https:\/\/pfkeepers.com\/english\/product\/energybar-632-new-version-eu-plug\/","title":{"rendered":"Neptune Systems EnergyBar 632 &#8211; new version (EU plug)"},"content":{"rendered":"<p>Quando decidimos criar uma barra de energia para este novo Apex, n\u00f3s a projetamos do zero. O Energy Bar 632 n\u00e3o s\u00f3 tem seis tomadas de 220 VCA, mas tamb\u00e9m inclui uma fonte de alimenta\u00e7\u00e3o interna de 100 W e 24 VCC. Essa fonte de alimenta\u00e7\u00e3o alimenta tr\u00eas portas 1LINK integradas, bem como duas portas acess\u00f3rias 24 VCC.<\/p>\n<p>E cada tomada individual possui monitoramento de energia independente e h\u00e1 indicadores LED individuais para cada tomada. Embora os v\u00eddeos abaixo demonstrem a vers\u00e3o dom\u00e9stica de nossa barra de energia, as informa\u00e7\u00f5es s\u00e3o exatamente as mesmas.<\/p>","protected":false},"excerpt":{"rendered":"<p>Quando decidimos criar uma barra de energia para este novo Apex, n\u00f3s a projetamos do zero. O Energy Bar 632 n\u00e3o s\u00f3 tem seis tomadas de 220 VCA, mas tamb\u00e9m inclui uma fonte de alimenta\u00e7\u00e3o interna de 100 W e 24 VCC. Essa fonte de alimenta\u00e7\u00e3o alimenta tr\u00eas portas 1LINK integradas, bem como duas portas &hellip;<\/p>\n<p class=\"read-more\"> <a class=\"\" href=\"https:\/\/pfkeepers.com\/english\/product\/energybar-632-new-version-eu-plug\/\"> <span class=\"screen-reader-text\">Neptune Systems EnergyBar 632 &#8211; new version (EU plug)<\/span> Read More &raquo;<\/a><\/p>","protected":false},"featured_media":51646,"template":"","meta":{"site-sidebar-layout":"default","site-content-layout":"","ast-site-content-layout":"","site-content-style":"default","site-sidebar-style":"default","ast-global-header-display":"","ast-banner-title-visibility":"","ast-main-header-display":"","ast-hfb-above-header-display":"","ast-hfb-below-header-display":"","ast-hfb-mobile-header-display":"","site-post-title":"","ast-breadcrumbs-content":"","ast-featured-img":"","footer-sml-layout":"","theme-transparent-header-meta":"","adv-header-id-meta":"","stick-header-meta":"","header-above-stick-meta":"","header-main-stick-meta":"","header-below-stick-meta":"","astra-migrate-meta-layouts":""},"product_cat":[1459],"product_tag":[964],"_links":{"self":[{"href":"https:\/\/pfkeepers.com\/english\/wp-json\/wp\/v2\/product\/51645"}],"collection":[{"href":"https:\/\/pfkeepers.com\/english\/wp-json\/wp\/v2\/product"}],"about":[{"href":"https:\/\/pfkeepers.com\/english\/wp-json\/wp\/v2\/types\/product"}],"wp:featuredmedia":[{"embeddable":true,"href":"https:\/\/pfkeepers.com\/english\/wp-json\/wp\/v2\/media\/51646"}],"wp:attachment":[{"href":"https:\/\/pfkeepers.com\/english\/wp-json\/wp\/v2\/media?parent=51645"}],"wp:term":[{"taxonomy":"product_cat","embeddable":true,"href":"https:\/\/pfkeepers.com\/english\/wp-json\/wp\/v2\/product_cat?post=51645"},{"taxonomy":"product_tag","embeddable":true,"href":"https:\/\/pfkeepers.com\/english\/wp-json\/wp\/v2\/product_tag?post=51645"}],"curies":[{"name":"wp","href":"https:\/\/api.w.org\/{rel}","templated":true}]}}