{"id":51601,"date":"2024-03-04T14:46:16","date_gmt":"2024-03-04T14:46:16","guid":{"rendered":"https:\/\/pfkeepers.com\/produto\/k9-halter-em-cordao-c-2-bolas-de-tenis-3048cm\/"},"modified":"2024-12-18T18:27:48","modified_gmt":"2024-12-18T18:27:48","slug":"k9-halter-em-cordao-c-2-bolas-de-tenis-3048cm","status":"publish","type":"product","link":"https:\/\/pfkeepers.com\/english\/product\/k9-halter-em-cordao-c-2-bolas-de-tenis-3048cm\/","title":{"rendered":"K9 Rope HALTER w\/ 2 Tenis Balls 30,48CM"},"content":{"rendered":"<p>K9 Halter em cord\u00e3o com duas bolas de t\u00eanis mant\u00e9m os animais entretidos de forma saud\u00e1vel.<\/p>\n<p>Caracter\u00edsticas principais :<br \/>\nAzul e verde.<br \/>\nTamanho do Haltere de Corda: 30.5 cm<br \/>\nTamanho da bola de t\u00eanis: 2,5 em di\u00e2metro<\/p>","protected":false},"excerpt":{"rendered":"<p>K9 Halter em cord\u00e3o com duas bolas de t\u00eanis mant\u00e9m os animais entretidos de forma saud\u00e1vel. Caracter\u00edsticas principais : Azul e verde. Tamanho do Haltere de Corda: 30.5 cm Tamanho da bola de t\u00eanis: 2,5 em di\u00e2metro<\/p>","protected":false},"featured_media":51602,"template":"","meta":{"site-sidebar-layout":"default","site-content-layout":"","ast-site-content-layout":"","site-content-style":"default","site-sidebar-style":"default","ast-global-header-display":"","ast-banner-title-visibility":"","ast-main-header-display":"","ast-hfb-above-header-display":"","ast-hfb-below-header-display":"","ast-hfb-mobile-header-display":"","site-post-title":"","ast-breadcrumbs-content":"","ast-featured-img":"","footer-sml-layout":"","theme-transparent-header-meta":"","adv-header-id-meta":"","stick-header-meta":"","header-above-stick-meta":"","header-main-stick-meta":"","header-below-stick-meta":"","astra-migrate-meta-layouts":""},"product_cat":[658],"product_tag":[1634],"_links":{"self":[{"href":"https:\/\/pfkeepers.com\/english\/wp-json\/wp\/v2\/product\/51601"}],"collection":[{"href":"https:\/\/pfkeepers.com\/english\/wp-json\/wp\/v2\/product"}],"about":[{"href":"https:\/\/pfkeepers.com\/english\/wp-json\/wp\/v2\/types\/product"}],"wp:featuredmedia":[{"embeddable":true,"href":"https:\/\/pfkeepers.com\/english\/wp-json\/wp\/v2\/media\/51602"}],"wp:attachment":[{"href":"https:\/\/pfkeepers.com\/english\/wp-json\/wp\/v2\/media?parent=51601"}],"wp:term":[{"taxonomy":"product_cat","embeddable":true,"href":"https:\/\/pfkeepers.com\/english\/wp-json\/wp\/v2\/product_cat?post=51601"},{"taxonomy":"product_tag","embeddable":true,"href":"https:\/\/pfkeepers.com\/english\/wp-json\/wp\/v2\/product_tag?post=51601"}],"curies":[{"name":"wp","href":"https:\/\/api.w.org\/{rel}","templated":true}]}}