{"id":51398,"date":"2024-03-04T14:38:32","date_gmt":"2024-03-04T14:38:32","guid":{"rendered":"https:\/\/pfkeepers.com\/produto\/emperor-angel-juvenille-pomacanthus-imperator\/"},"modified":"2026-04-19T00:22:29","modified_gmt":"2026-04-19T00:22:29","slug":"emperor-angel-juvenille-pomacanthus-imperator","status":"publish","type":"product","link":"https:\/\/pfkeepers.com\/english\/product\/emperor-angel-juvenille-pomacanthus-imperator\/","title":{"rendered":"Emperor Angel (Juvenil) &#8211; Pomacanthus imperator"},"content":{"rendered":"<p>N\u00edvel de cuidado: moderado<\/p>\n<p>Temperamento: Semi-agressivo<\/p>\n<p>Dieta: On\u00edvoro<\/p>\n<p>Compat\u00edvel com recife: com cuidado<\/p>\n<p>Condi\u00e7\u00f5es da \u00e1gua: sg 1,020-1,025, 72-78 \u00b0 F, dKH 8-12, pH 8,1-8,4<\/p>\n<p>M\u00e1x. Tamanho: 1 &#8216;3 &#8221;<\/p>\n<p>Origem: \u00c1frica, Fiji, Indon\u00e9sia, Maldivas, Sri Lanka<\/p>\n<p>Fam\u00edlia: Pomacanthidae<\/p>\n<p>O peixe-anjo imperador adulto, tamb\u00e9m chamado de peixe-anjo Imperator, tem um corpo azul arrojado coberto com listras horizontais amarelas brilhantes culminando em uma nadadeira caudal amarela brilhante a laranja. Uma m\u00e1scara impressionante preto-azulada cobre os olhos e uma faixa vertical de cor semelhante se estende da barbatana peitoral a dois ter\u00e7os do corpo. Esta faixa \u00e9 destacada em um azul safira na frente e amarelo brilhante, caudalmente. A boca \u00e9 branca.<br \/>\nO juvenil \u00e9 preto com listras circulares brancas e azuis come\u00e7ando na cauda. Embora procurada por suas cores, em cativeiro, a colora\u00e7\u00e3o adulta pode n\u00e3o ser t\u00e3o marcante ou brilhante. A mudan\u00e7a do peixe-anjo ir\u00e1 variar em colora\u00e7\u00e3o e padr\u00e3o \u00e0 medida que se transforma da colora\u00e7\u00e3o juvenil para a adulta.<\/p>\n<p>O Emperor Angelfish requer um tanque de 220 gal\u00f5es ou maior com rocha viva para pastar e se esconder. Eles tamb\u00e9m exigem trabalhos em rocha extensos e cavernas profundas para se sentirem seguros. Ele vai beliscar corais pedregosos e moles (invertebrados s\u00e9sseis) e mantos de moluscos, mas pode ser mantido com corais pedregosos com pequenos p\u00f3lipos e corais moles um tanto nocivos.<\/p>\n<p>Deve ser alimentado com uma dieta de espirulina, algas marinhas, prepara\u00e7\u00f5es de peixe-anjo de alta qualidade, mysis ou camar\u00e3o congelado e outros itens carnudos.<\/p>","protected":false},"excerpt":{"rendered":"<p>N\u00edvel de cuidado: moderado Temperamento: Semi-agressivo Dieta: On\u00edvoro Compat\u00edvel com recife: com cuidado Condi\u00e7\u00f5es da \u00e1gua: sg 1,020-1,025, 72-78 \u00b0 F, dKH 8-12, pH 8,1-8,4 M\u00e1x. Tamanho: 1 &#8216;3 &#8221; Origem: \u00c1frica, Fiji, Indon\u00e9sia, Maldivas, Sri Lanka Fam\u00edlia: Pomacanthidae O peixe-anjo imperador adulto, tamb\u00e9m chamado de peixe-anjo Imperator, tem um corpo azul arrojado coberto com &hellip;<\/p>\n<p class=\"read-more\"> <a class=\"\" href=\"https:\/\/pfkeepers.com\/english\/product\/emperor-angel-juvenille-pomacanthus-imperator\/\"> <span class=\"screen-reader-text\">Emperor Angel (Juvenil) &#8211; Pomacanthus imperator<\/span> Read More &raquo;<\/a><\/p>","protected":false},"featured_media":51399,"template":"","meta":{"site-sidebar-layout":"default","site-content-layout":"","ast-site-content-layout":"","site-content-style":"default","site-sidebar-style":"default","ast-global-header-display":"","ast-banner-title-visibility":"","ast-main-header-display":"","ast-hfb-above-header-display":"","ast-hfb-below-header-display":"","ast-hfb-mobile-header-display":"","site-post-title":"","ast-breadcrumbs-content":"","ast-featured-img":"","footer-sml-layout":"","theme-transparent-header-meta":"","adv-header-id-meta":"","stick-header-meta":"","header-above-stick-meta":"","header-main-stick-meta":"","header-below-stick-meta":"","astra-migrate-meta-layouts":""},"product_cat":[1355],"product_tag":[],"_links":{"self":[{"href":"https:\/\/pfkeepers.com\/english\/wp-json\/wp\/v2\/product\/51398"}],"collection":[{"href":"https:\/\/pfkeepers.com\/english\/wp-json\/wp\/v2\/product"}],"about":[{"href":"https:\/\/pfkeepers.com\/english\/wp-json\/wp\/v2\/types\/product"}],"wp:featuredmedia":[{"embeddable":true,"href":"https:\/\/pfkeepers.com\/english\/wp-json\/wp\/v2\/media\/51399"}],"wp:attachment":[{"href":"https:\/\/pfkeepers.com\/english\/wp-json\/wp\/v2\/media?parent=51398"}],"wp:term":[{"taxonomy":"product_cat","embeddable":true,"href":"https:\/\/pfkeepers.com\/english\/wp-json\/wp\/v2\/product_cat?post=51398"},{"taxonomy":"product_tag","embeddable":true,"href":"https:\/\/pfkeepers.com\/english\/wp-json\/wp\/v2\/product_tag?post=51398"}],"curies":[{"name":"wp","href":"https:\/\/api.w.org\/{rel}","templated":true}]}}