{"id":51083,"date":"2024-03-04T14:27:15","date_gmt":"2024-03-04T14:27:15","guid":{"rendered":"https:\/\/pfkeepers.com\/produto\/pente-ancinho-de-dentes-curtos-le-salon-essentials\/"},"modified":"2024-12-18T18:17:04","modified_gmt":"2024-12-18T18:17:04","slug":"pente-ancinho-de-dentes-curtos-le-salon-essentials","status":"publish","type":"product","link":"https:\/\/pfkeepers.com\/english\/product\/pente-ancinho-de-dentes-curtos-le-salon-essentials\/","title":{"rendered":"Undercoat Rake, Le Salon Essentials"},"content":{"rendered":"<p>Ancinho para camada de P\u00ealo inferior.<\/p>\n<p>Para camadas de p\u00ealo densas, espessas ou duplas. Os dentes largos do ancinho foram desenhados para penetrar na camada de p\u00ealo inferior densa para ajudar a recolher o p\u00ealosolto, morto ou da queda, antes de este ficar emaranhado e enri\u00e7ado.<\/p>","protected":false},"excerpt":{"rendered":"<p>Ancinho para camada de P\u00ealo inferior. Para camadas de p\u00ealo densas, espessas ou duplas. Os dentes largos do ancinho foram desenhados para penetrar na camada de p\u00ealo inferior densa para ajudar a recolher o p\u00ealosolto, morto ou da queda, antes de este ficar emaranhado e enri\u00e7ado.<\/p>","protected":false},"featured_media":51084,"template":"","meta":{"site-sidebar-layout":"default","site-content-layout":"","ast-site-content-layout":"","site-content-style":"default","site-sidebar-style":"default","ast-global-header-display":"","ast-banner-title-visibility":"","ast-main-header-display":"","ast-hfb-above-header-display":"","ast-hfb-below-header-display":"","ast-hfb-mobile-header-display":"","site-post-title":"","ast-breadcrumbs-content":"","ast-featured-img":"","footer-sml-layout":"","theme-transparent-header-meta":"","adv-header-id-meta":"","stick-header-meta":"","header-above-stick-meta":"","header-main-stick-meta":"","header-below-stick-meta":"","astra-migrate-meta-layouts":""},"product_cat":[658],"product_tag":[926],"_links":{"self":[{"href":"https:\/\/pfkeepers.com\/english\/wp-json\/wp\/v2\/product\/51083"}],"collection":[{"href":"https:\/\/pfkeepers.com\/english\/wp-json\/wp\/v2\/product"}],"about":[{"href":"https:\/\/pfkeepers.com\/english\/wp-json\/wp\/v2\/types\/product"}],"wp:featuredmedia":[{"embeddable":true,"href":"https:\/\/pfkeepers.com\/english\/wp-json\/wp\/v2\/media\/51084"}],"wp:attachment":[{"href":"https:\/\/pfkeepers.com\/english\/wp-json\/wp\/v2\/media?parent=51083"}],"wp:term":[{"taxonomy":"product_cat","embeddable":true,"href":"https:\/\/pfkeepers.com\/english\/wp-json\/wp\/v2\/product_cat?post=51083"},{"taxonomy":"product_tag","embeddable":true,"href":"https:\/\/pfkeepers.com\/english\/wp-json\/wp\/v2\/product_tag?post=51083"}],"curies":[{"name":"wp","href":"https:\/\/api.w.org\/{rel}","templated":true}]}}