{"id":50991,"date":"2024-03-04T14:24:32","date_gmt":"2024-03-04T14:24:32","guid":{"rendered":"https:\/\/pfkeepers.com\/produto\/wreck-fish-male-pseudanthias-squamipinnis\/"},"modified":"2026-04-19T00:20:32","modified_gmt":"2026-04-19T00:20:32","slug":"wreck-fish-male-pseudanthias-squamipinnis","status":"publish","type":"product","link":"https:\/\/pfkeepers.com\/english\/product\/wreck-fish-male-pseudanthias-squamipinnis\/","title":{"rendered":"Wreck Fish  (Macho) &#8211; Pseudanthias squamipinnis"},"content":{"rendered":"<p>N\u00edvel de cuidado: moderado<\/p>\n<p>Temperamento: Semi-agressivo<\/p>\n<p>Dieta: carn\u00edvoro<\/p>\n<p>Compat\u00edvel com recife: Sim<\/p>\n<p>Condi\u00e7\u00f5es da \u00e1gua: sg 1,020-1,025, 72-78 \u00b0 F, dKH 8-12, pH 8,1-8,4<\/p>\n<p>Origem: Fiji, Indon\u00e9sia, Melan\u00e9sia<\/p>\n<p>Fam\u00edlia: Serranidae<\/p>\n<p>O Lyretail Anthias \u00e9 muito soci\u00e1vel nos aqu\u00e1rios marinhos. Este peixe atraente \u00e9 incrivelmente ativo e ajuda a tirar os peixes mais t\u00edmidos que compartilham o aqu\u00e1rio. O Lyretail Anthias tamb\u00e9m \u00e9 conhecido como Escalefina e os machos t\u00eam colora\u00e7\u00e3o vermelha brilhante de v\u00e1rios tons, enquanto a f\u00eamea Lyretail Anthias tende a ser mais laranja na colora\u00e7\u00e3o.<br \/>\nO Lyretail Anthias se d\u00e1 melhor quando mantido em um grupo e alojado em um aqu\u00e1rio espec\u00edfico de uma esp\u00e9cie de pelo menos 125 gal\u00f5es de tamanho. \u00c9 melhor mant\u00ea-lo sozinho ou com v\u00e1rias mulheres. Embora o Lyretail Anthias geralmente ocupe o meio do aqu\u00e1rio, ele aprecia a disponibilidade de v\u00e1rios esconderijos.<\/p>\n<p>Todas as esp\u00e9cies de antias compartilham a caracter\u00edstica de serem hermafroditas. Se um macho dominante morrer, a maior f\u00eamea do grupo freq\u00fcentemente se desenvolver\u00e1 em um macho para tomar seu lugar.<\/p>\n<p>Uma vez aclimatado a um novo aqu\u00e1rio, anthias se d\u00e3o melhor quando alimentados com uma dieta variada de camar\u00e3o mysis congelado, camar\u00e3o artificial congelado enriquecido e, com o tempo, podem comer flocos de alimentos de alta qualidade oferecidos em pequenas quantidades ao longo do dia. Um ref\u00fagio anexado cultivando cop\u00e9podes e anf\u00edpodes fornece um suprimento constante de alimento vivo nutritivo que certamente manter\u00e1 esse conte\u00fado de planct\u00edvoros ativo.<\/p>","protected":false},"excerpt":{"rendered":"<p>N\u00edvel de cuidado: moderado Temperamento: Semi-agressivo Dieta: carn\u00edvoro Compat\u00edvel com recife: Sim Condi\u00e7\u00f5es da \u00e1gua: sg 1,020-1,025, 72-78 \u00b0 F, dKH 8-12, pH 8,1-8,4 Origem: Fiji, Indon\u00e9sia, Melan\u00e9sia Fam\u00edlia: Serranidae O Lyretail Anthias \u00e9 muito soci\u00e1vel nos aqu\u00e1rios marinhos. Este peixe atraente \u00e9 incrivelmente ativo e ajuda a tirar os peixes mais t\u00edmidos que compartilham &hellip;<\/p>\n<p class=\"read-more\"> <a class=\"\" href=\"https:\/\/pfkeepers.com\/english\/product\/wreck-fish-male-pseudanthias-squamipinnis\/\"> <span class=\"screen-reader-text\">Wreck Fish  (Macho) &#8211; Pseudanthias squamipinnis<\/span> Read More &raquo;<\/a><\/p>","protected":false},"featured_media":50992,"template":"","meta":{"site-sidebar-layout":"default","site-content-layout":"","ast-site-content-layout":"","site-content-style":"default","site-sidebar-style":"default","ast-global-header-display":"","ast-banner-title-visibility":"","ast-main-header-display":"","ast-hfb-above-header-display":"","ast-hfb-below-header-display":"","ast-hfb-mobile-header-display":"","site-post-title":"","ast-breadcrumbs-content":"","ast-featured-img":"","footer-sml-layout":"","theme-transparent-header-meta":"","adv-header-id-meta":"","stick-header-meta":"","header-above-stick-meta":"","header-main-stick-meta":"","header-below-stick-meta":"","astra-migrate-meta-layouts":""},"product_cat":[1355],"product_tag":[],"_links":{"self":[{"href":"https:\/\/pfkeepers.com\/english\/wp-json\/wp\/v2\/product\/50991"}],"collection":[{"href":"https:\/\/pfkeepers.com\/english\/wp-json\/wp\/v2\/product"}],"about":[{"href":"https:\/\/pfkeepers.com\/english\/wp-json\/wp\/v2\/types\/product"}],"wp:featuredmedia":[{"embeddable":true,"href":"https:\/\/pfkeepers.com\/english\/wp-json\/wp\/v2\/media\/50992"}],"wp:attachment":[{"href":"https:\/\/pfkeepers.com\/english\/wp-json\/wp\/v2\/media?parent=50991"}],"wp:term":[{"taxonomy":"product_cat","embeddable":true,"href":"https:\/\/pfkeepers.com\/english\/wp-json\/wp\/v2\/product_cat?post=50991"},{"taxonomy":"product_tag","embeddable":true,"href":"https:\/\/pfkeepers.com\/english\/wp-json\/wp\/v2\/product_tag?post=50991"}],"curies":[{"name":"wp","href":"https:\/\/api.w.org\/{rel}","templated":true}]}}