{"id":50745,"date":"2024-03-04T14:17:17","date_gmt":"2024-03-04T14:17:17","guid":{"rendered":"https:\/\/pfkeepers.com\/produto\/ocean-nutrition-discus-flakes-71g\/"},"modified":"2026-04-18T03:05:11","modified_gmt":"2026-04-18T03:05:11","slug":"ocean-nutrition-discus-flakes-71g","status":"publish","type":"product","link":"https:\/\/pfkeepers.com\/english\/product\/ocean-nutrition-discus-flakes-71g\/","title":{"rendered":"Ocean Nutrition Discus Flakes 71g"},"content":{"rendered":"<p>Caracter\u00edsticas do produto:<\/p>\n<p>Uma dieta gourmet formulada para discos<br \/>\nUma dieta altamente atrativa, muito saborosa e de f\u00e1cil digest\u00e3o.<br \/>\nAlto teor de prote\u00edna.<br \/>\nSuporta a colora\u00e7\u00e3o e ajuda a manter a sa\u00fade e a vitalidade.<br \/>\nFormulado e testado por bi\u00f3logos da aquicultura.<br \/>\nN\u00e3o turva a \u00e1gua.<br \/>\nUm delicioso alimento b\u00e1sico especialmente formulado para ajudar a manter a colora\u00e7\u00e3o, a sa\u00fade e o crescimento de todas as variedades de disco. Uma dieta natural altamente atrativa, muito saborosa e de f\u00e1cil digest\u00e3o.<\/p>","protected":false},"excerpt":{"rendered":"<p>Caracter\u00edsticas do produto: Uma dieta gourmet formulada para discos Uma dieta altamente atrativa, muito saborosa e de f\u00e1cil digest\u00e3o. Alto teor de prote\u00edna. Suporta a colora\u00e7\u00e3o e ajuda a manter a sa\u00fade e a vitalidade. Formulado e testado por bi\u00f3logos da aquicultura. N\u00e3o turva a \u00e1gua. Um delicioso alimento b\u00e1sico especialmente formulado para ajudar a &hellip;<\/p>\n<p class=\"read-more\"> <a class=\"\" href=\"https:\/\/pfkeepers.com\/english\/product\/ocean-nutrition-discus-flakes-71g\/\"> <span class=\"screen-reader-text\">Ocean Nutrition Discus Flakes 71g<\/span> Read More &raquo;<\/a><\/p>","protected":false},"featured_media":50746,"template":"","meta":{"site-sidebar-layout":"default","site-content-layout":"","ast-site-content-layout":"default","site-content-style":"default","site-sidebar-style":"default","ast-global-header-display":"","ast-banner-title-visibility":"","ast-main-header-display":"","ast-hfb-above-header-display":"","ast-hfb-below-header-display":"","ast-hfb-mobile-header-display":"","site-post-title":"","ast-breadcrumbs-content":"","ast-featured-img":"","footer-sml-layout":"","theme-transparent-header-meta":"default","adv-header-id-meta":"","stick-header-meta":"","header-above-stick-meta":"","header-main-stick-meta":"","header-below-stick-meta":"","astra-migrate-meta-layouts":"set"},"product_cat":[1479],"product_tag":[978],"_links":{"self":[{"href":"https:\/\/pfkeepers.com\/english\/wp-json\/wp\/v2\/product\/50745"}],"collection":[{"href":"https:\/\/pfkeepers.com\/english\/wp-json\/wp\/v2\/product"}],"about":[{"href":"https:\/\/pfkeepers.com\/english\/wp-json\/wp\/v2\/types\/product"}],"wp:featuredmedia":[{"embeddable":true,"href":"https:\/\/pfkeepers.com\/english\/wp-json\/wp\/v2\/media\/50746"}],"wp:attachment":[{"href":"https:\/\/pfkeepers.com\/english\/wp-json\/wp\/v2\/media?parent=50745"}],"wp:term":[{"taxonomy":"product_cat","embeddable":true,"href":"https:\/\/pfkeepers.com\/english\/wp-json\/wp\/v2\/product_cat?post=50745"},{"taxonomy":"product_tag","embeddable":true,"href":"https:\/\/pfkeepers.com\/english\/wp-json\/wp\/v2\/product_tag?post=50745"}],"curies":[{"name":"wp","href":"https:\/\/api.w.org\/{rel}","templated":true}]}}