{"id":50639,"date":"2024-03-04T14:13:11","date_gmt":"2024-03-04T14:13:11","guid":{"rendered":"https:\/\/pfkeepers.com\/produto\/sera-vipan-nature-floco-grande-xl-210g\/"},"modified":"2026-04-18T03:03:31","modified_gmt":"2026-04-18T03:03:31","slug":"sera-vipan-nature-floco-grande-xl-210g","status":"publish","type":"product","link":"https:\/\/pfkeepers.com\/english\/product\/sera-vipan-nature-floco-grande-xl-210g\/","title":{"rendered":"Sera Vipan Nature Large Flakes 210g"},"content":{"rendered":"<p>Alimento b\u00e1sico XL com 4% de farinha de inseto e efeito prebi\u00f3tico<\/p>\n<p>SERA Vipan Nature Large Flakes \u00e9 o alimento b\u00e1sico composto por grandes flocos flutuantes, sem corantes e conservantes, para todos os peixes ornamentais maiores que se alimentam \u00e0 superf\u00edcie da \u00e1gua.<\/p>\n<p>Ele cont\u00e9m farinha de inseto como uma fonte de prote\u00edna de alta qualidade, o que tamb\u00e9m economiza recursos.<\/p>\n<p>A composi\u00e7\u00e3o equilibrada com ingredientes naturais e prebi\u00f3ticos permite uma alimenta\u00e7\u00e3o muito pr\u00f3xima da natureza que favorece o crescimento saud\u00e1vel e forte desenvolvimento. Os grandes flocos mant\u00eam a sua forma por muito tempo e n\u00e3o turvam a \u00e1gua.<\/p>\n<p>Tamanho de animal recomendado<\/p>\n<p>ampla<\/p>\n<p>Zona de nata\u00e7\u00e3o<\/p>\n<p>topo<\/p>\n<p>Dieta de peixes ornamentais naturais<\/p>\n<p>Este produto pertence \u00e0 gama de produtos &#8220;SERA Nature&#8221;, que n\u00e3o requer corantes nem conservantes. Uma alimenta\u00e7\u00e3o variada com ingredientes pr\u00f3ximos da natureza \u00e9 a melhor prote\u00e7\u00e3o contra as car\u00eancias e favorece a sa\u00fade e a vivacidade dos peixes. Os tipos de alimentos Nature, portanto, cont\u00eam ingredientes naturais como espirulina, krill ou farinha de inseto sustent\u00e1vel de larvas de mosca-soldado (Hermetia). Os sinetes na parte da frente da embalagem destacam esses ingredientes e suas quantidades nos alimentos.<\/p>\n<p>Recomenda\u00e7\u00e3o de alimenta\u00e7\u00e3o<\/p>\n<p>Alimente uma ou duas vezes ao dia, apenas o quanto os animais consomem em um curto per\u00edodo de tempo.<\/p>","protected":false},"excerpt":{"rendered":"<p>Alimento b\u00e1sico XL com 4% de farinha de inseto e efeito prebi\u00f3tico SERA Vipan Nature Large Flakes \u00e9 o alimento b\u00e1sico composto por grandes flocos flutuantes, sem corantes e conservantes, para todos os peixes ornamentais maiores que se alimentam \u00e0 superf\u00edcie da \u00e1gua. Ele cont\u00e9m farinha de inseto como uma fonte de prote\u00edna de alta &hellip;<\/p>\n<p class=\"read-more\"> <a class=\"\" href=\"https:\/\/pfkeepers.com\/english\/product\/sera-vipan-nature-floco-grande-xl-210g\/\"> <span class=\"screen-reader-text\">Sera Vipan Nature Large Flakes 210g<\/span> Read More &raquo;<\/a><\/p>","protected":false},"featured_media":50640,"template":"","meta":{"site-sidebar-layout":"default","site-content-layout":"","ast-site-content-layout":"","site-content-style":"default","site-sidebar-style":"default","ast-global-header-display":"","ast-banner-title-visibility":"","ast-main-header-display":"","ast-hfb-above-header-display":"","ast-hfb-below-header-display":"","ast-hfb-mobile-header-display":"","site-post-title":"","ast-breadcrumbs-content":"","ast-featured-img":"","footer-sml-layout":"","theme-transparent-header-meta":"","adv-header-id-meta":"","stick-header-meta":"","header-above-stick-meta":"","header-main-stick-meta":"","header-below-stick-meta":"","astra-migrate-meta-layouts":""},"product_cat":[1479],"product_tag":[1038],"_links":{"self":[{"href":"https:\/\/pfkeepers.com\/english\/wp-json\/wp\/v2\/product\/50639"}],"collection":[{"href":"https:\/\/pfkeepers.com\/english\/wp-json\/wp\/v2\/product"}],"about":[{"href":"https:\/\/pfkeepers.com\/english\/wp-json\/wp\/v2\/types\/product"}],"wp:featuredmedia":[{"embeddable":true,"href":"https:\/\/pfkeepers.com\/english\/wp-json\/wp\/v2\/media\/50640"}],"wp:attachment":[{"href":"https:\/\/pfkeepers.com\/english\/wp-json\/wp\/v2\/media?parent=50639"}],"wp:term":[{"taxonomy":"product_cat","embeddable":true,"href":"https:\/\/pfkeepers.com\/english\/wp-json\/wp\/v2\/product_cat?post=50639"},{"taxonomy":"product_tag","embeddable":true,"href":"https:\/\/pfkeepers.com\/english\/wp-json\/wp\/v2\/product_tag?post=50639"}],"curies":[{"name":"wp","href":"https:\/\/api.w.org\/{rel}","templated":true}]}}