{"id":50609,"date":"2024-03-04T14:12:25","date_gmt":"2024-03-04T14:12:25","guid":{"rendered":"https:\/\/pfkeepers.com\/produto\/green-cyano-rx-blue-life\/"},"modified":"2026-04-19T00:17:27","modified_gmt":"2026-04-19T00:17:27","slug":"green-cyano-rx-blue-life","status":"publish","type":"product","link":"https:\/\/pfkeepers.com\/english\/product\/green-cyano-rx-blue-life\/","title":{"rendered":"Blue Vet RX Green Cyano 4g"},"content":{"rendered":"<p>Green Cyano Rx will quickly and effectively treat disease causing cyano bacteria from rock, plants, gravel and sand in your freshwater aquarium without harming any of its inhabitants including beneficial bacteria when used as directed. Unlike other products, GreenCyano Rx will not discolor your aquariums water. This package will treat 400 gallons (1514 liters).<\/p>","protected":false},"excerpt":{"rendered":"<p>Green Cyano Rx tratar\u00e1 de forma r\u00e1pida e eficaz as bact\u00e9rias ciano causadoras de doen\u00e7as de rochas, plantas, cascalho e areia em seu aqu\u00e1rio de \u00e1gua doce, sem prejudicar nenhum de seus habitantes, incluindo bact\u00e9rias ben\u00e9ficas, quando usado conforme as instru\u00e7\u00f5es. Ao contr\u00e1rio de outros produtos, GreenCyano Rx n\u00e3o descolorir\u00e1 a \u00e1gua do seu aqu\u00e1rio. &hellip;<\/p>\n<p class=\"read-more\"> <a class=\"\" href=\"https:\/\/pfkeepers.com\/english\/product\/green-cyano-rx-blue-life\/\"> <span class=\"screen-reader-text\">Blue Vet RX Green Cyano 4g<\/span> Read More &raquo;<\/a><\/p>","protected":false},"featured_media":50610,"template":"","meta":{"site-sidebar-layout":"default","site-content-layout":"","ast-site-content-layout":"","site-content-style":"default","site-sidebar-style":"default","ast-global-header-display":"","ast-banner-title-visibility":"","ast-main-header-display":"","ast-hfb-above-header-display":"","ast-hfb-below-header-display":"","ast-hfb-mobile-header-display":"","site-post-title":"","ast-breadcrumbs-content":"","ast-featured-img":"","footer-sml-layout":"","theme-transparent-header-meta":"","adv-header-id-meta":"","stick-header-meta":"","header-above-stick-meta":"","header-main-stick-meta":"","header-below-stick-meta":"","astra-migrate-meta-layouts":""},"product_cat":[1394],"product_tag":[798],"_links":{"self":[{"href":"https:\/\/pfkeepers.com\/english\/wp-json\/wp\/v2\/product\/50609"}],"collection":[{"href":"https:\/\/pfkeepers.com\/english\/wp-json\/wp\/v2\/product"}],"about":[{"href":"https:\/\/pfkeepers.com\/english\/wp-json\/wp\/v2\/types\/product"}],"wp:featuredmedia":[{"embeddable":true,"href":"https:\/\/pfkeepers.com\/english\/wp-json\/wp\/v2\/media\/50610"}],"wp:attachment":[{"href":"https:\/\/pfkeepers.com\/english\/wp-json\/wp\/v2\/media?parent=50609"}],"wp:term":[{"taxonomy":"product_cat","embeddable":true,"href":"https:\/\/pfkeepers.com\/english\/wp-json\/wp\/v2\/product_cat?post=50609"},{"taxonomy":"product_tag","embeddable":true,"href":"https:\/\/pfkeepers.com\/english\/wp-json\/wp\/v2\/product_tag?post=50609"}],"curies":[{"name":"wp","href":"https:\/\/api.w.org\/{rel}","templated":true}]}}