{"id":50605,"date":"2024-03-04T14:12:19","date_gmt":"2024-03-04T14:12:19","guid":{"rendered":"https:\/\/pfkeepers.com\/produto\/hanna-reagentes-para-checker-hc-para-calcio-marinho-25-testes\/"},"modified":"2025-02-27T20:44:04","modified_gmt":"2025-02-27T20:44:04","slug":"hanna-reagentes-para-checker-hc-para-calcio-marinho-25-testes","status":"publish","type":"product","link":"https:\/\/pfkeepers.com\/english\/product\/hanna-reagentes-para-checker-hc-para-calcio-marinho-25-testes\/","title":{"rendered":"Hanna Reagents for HI-758 Marine Calcium Checker (25 tests)"},"content":{"rendered":"<p>Os HI-758-26 s\u00e3o reagentes de alta qualidade que s\u00e3o pr\u00e9-medidos, permitindo que os usu\u00e1rios obtenham medi\u00e7\u00f5es r\u00e1pidas e precisas com o Marine Calcium Checker\u00ae HC. Esses reagentes seguem o M\u00e9todo Zincon, no qual a rea\u00e7\u00e3o causa uma colora\u00e7\u00e3o azul na amostra. Simplesmente adicionando 1 mL do primeiro reagente \u00e0 amostra, seguido por um pacote do segundo reagente no conjunto HI-758-26, a rea\u00e7\u00e3o ocorrer\u00e1 e o HI-758 determinar\u00e1 a concentra\u00e7\u00e3o da cor que \u00e9 produzida . Os resultados ser\u00e3o exibidos em ppm de c\u00e1lcio. Esses reagentes s\u00e3o projetados para serem usados \u200b\u200bcom amostras que t\u00eam uma faixa esperada de 200 a 600 ppm de c\u00e1lcio.<\/p>","protected":false},"excerpt":{"rendered":"<p>Os HI-758-26 s\u00e3o reagentes de alta qualidade que s\u00e3o pr\u00e9-medidos, permitindo que os usu\u00e1rios obtenham medi\u00e7\u00f5es r\u00e1pidas e precisas com o Marine Calcium Checker\u00ae HC. Esses reagentes seguem o M\u00e9todo Zincon, no qual a rea\u00e7\u00e3o causa uma colora\u00e7\u00e3o azul na amostra. Simplesmente adicionando 1 mL do primeiro reagente \u00e0 amostra, seguido por um pacote do &hellip;<\/p>\n<p class=\"read-more\"> <a class=\"\" href=\"https:\/\/pfkeepers.com\/english\/product\/hanna-reagentes-para-checker-hc-para-calcio-marinho-25-testes\/\"> <span class=\"screen-reader-text\">Hanna Reagents for HI-758 Marine Calcium Checker (25 tests)<\/span> Read More &raquo;<\/a><\/p>","protected":false},"featured_media":50606,"template":"","meta":{"site-sidebar-layout":"default","site-content-layout":"","ast-site-content-layout":"default","site-content-style":"default","site-sidebar-style":"default","ast-global-header-display":"","ast-banner-title-visibility":"","ast-main-header-display":"","ast-hfb-above-header-display":"","ast-hfb-below-header-display":"","ast-hfb-mobile-header-display":"","site-post-title":"","ast-breadcrumbs-content":"","ast-featured-img":"","footer-sml-layout":"","theme-transparent-header-meta":"default","adv-header-id-meta":"","stick-header-meta":"","header-above-stick-meta":"","header-main-stick-meta":"","header-below-stick-meta":"","astra-migrate-meta-layouts":"set"},"product_cat":[1782],"product_tag":[888],"_links":{"self":[{"href":"https:\/\/pfkeepers.com\/english\/wp-json\/wp\/v2\/product\/50605"}],"collection":[{"href":"https:\/\/pfkeepers.com\/english\/wp-json\/wp\/v2\/product"}],"about":[{"href":"https:\/\/pfkeepers.com\/english\/wp-json\/wp\/v2\/types\/product"}],"wp:featuredmedia":[{"embeddable":true,"href":"https:\/\/pfkeepers.com\/english\/wp-json\/wp\/v2\/media\/50606"}],"wp:attachment":[{"href":"https:\/\/pfkeepers.com\/english\/wp-json\/wp\/v2\/media?parent=50605"}],"wp:term":[{"taxonomy":"product_cat","embeddable":true,"href":"https:\/\/pfkeepers.com\/english\/wp-json\/wp\/v2\/product_cat?post=50605"},{"taxonomy":"product_tag","embeddable":true,"href":"https:\/\/pfkeepers.com\/english\/wp-json\/wp\/v2\/product_tag?post=50605"}],"curies":[{"name":"wp","href":"https:\/\/api.w.org\/{rel}","templated":true}]}}