{"id":50535,"date":"2024-03-04T14:10:23","date_gmt":"2024-03-04T14:10:23","guid":{"rendered":"https:\/\/pfkeepers.com\/produto\/acclimation-kit-tmc\/"},"modified":"2025-04-17T16:02:34","modified_gmt":"2025-04-17T16:02:34","slug":"acclimation-kit-tmc","status":"publish","type":"product","link":"https:\/\/pfkeepers.com\/english\/product\/acclimation-kit-tmc\/","title":{"rendered":"TMC Acclimation Kit"},"content":{"rendered":"<p>Este kit inclui:<\/p>\n<p>Sif\u00e3o de partida e c\u00e2mara indicadora de fluxo de \u00e1gua<br \/>\nTubo de conex\u00e3o de pl\u00e1stico r\u00edgido<br \/>\nV\u00e1lvula de controle de \u00e1gua<br \/>\nTropic Marin PRO-TECT 10ml<br \/>\nEste kit de aclimata\u00e7\u00e3o TMC aquahabbitats torna a aclimata\u00e7\u00e3o de seus peixes \/ invertibra por gotejamento uma brisa.<\/p>","protected":false},"excerpt":{"rendered":"<p>Este kit inclui: Sif\u00e3o de partida e c\u00e2mara indicadora de fluxo de \u00e1gua Tubo de conex\u00e3o de pl\u00e1stico r\u00edgido V\u00e1lvula de controle de \u00e1gua Tropic Marin PRO-TECT 10ml Este kit de aclimata\u00e7\u00e3o TMC aquahabbitats torna a aclimata\u00e7\u00e3o de seus peixes \/ invertibra por gotejamento uma brisa.<\/p>","protected":false},"featured_media":50536,"template":"","meta":{"site-sidebar-layout":"default","site-content-layout":"","ast-site-content-layout":"","site-content-style":"default","site-sidebar-style":"default","ast-global-header-display":"","ast-banner-title-visibility":"","ast-main-header-display":"","ast-hfb-above-header-display":"","ast-hfb-below-header-display":"","ast-hfb-mobile-header-display":"","site-post-title":"","ast-breadcrumbs-content":"","ast-featured-img":"","footer-sml-layout":"","theme-transparent-header-meta":"","adv-header-id-meta":"","stick-header-meta":"","header-above-stick-meta":"","header-main-stick-meta":"","header-below-stick-meta":"","astra-migrate-meta-layouts":""},"product_cat":[1569],"product_tag":[1058],"_links":{"self":[{"href":"https:\/\/pfkeepers.com\/english\/wp-json\/wp\/v2\/product\/50535"}],"collection":[{"href":"https:\/\/pfkeepers.com\/english\/wp-json\/wp\/v2\/product"}],"about":[{"href":"https:\/\/pfkeepers.com\/english\/wp-json\/wp\/v2\/types\/product"}],"wp:featuredmedia":[{"embeddable":true,"href":"https:\/\/pfkeepers.com\/english\/wp-json\/wp\/v2\/media\/50536"}],"wp:attachment":[{"href":"https:\/\/pfkeepers.com\/english\/wp-json\/wp\/v2\/media?parent=50535"}],"wp:term":[{"taxonomy":"product_cat","embeddable":true,"href":"https:\/\/pfkeepers.com\/english\/wp-json\/wp\/v2\/product_cat?post=50535"},{"taxonomy":"product_tag","embeddable":true,"href":"https:\/\/pfkeepers.com\/english\/wp-json\/wp\/v2\/product_tag?post=50535"}],"curies":[{"name":"wp","href":"https:\/\/api.w.org\/{rel}","templated":true}]}}