{"id":50513,"date":"2024-03-04T14:09:46","date_gmt":"2024-03-04T14:09:46","guid":{"rendered":"https:\/\/pfkeepers.com\/produto\/rid-fungus-herbal-formula-473ml-kordon\/"},"modified":"2025-02-27T20:42:07","modified_gmt":"2025-02-27T20:42:07","slug":"rid-fungus-herbal-formula-473ml-kordon","status":"publish","type":"product","link":"https:\/\/pfkeepers.com\/english\/product\/rid-fungus-herbal-formula-473ml-kordon\/","title":{"rendered":"Rid Fungus Herbal Formula 473ml, Kordon"},"content":{"rendered":"<p>100% ervas org\u00e2nicas baseadas em naftoquinonas<br \/>\nAjuda a prevenir e tratar doen\u00e7as de peixes externos unicelulares causadas por fungos<br \/>\nIgualmente eficaz em \u00e1gua doce e salgada<br \/>\nSeguro para uso com invertebrados aqu\u00e1ticos<br \/>\nProduzido nos Estados Unidos.<br \/>\nKordon Rid-Fungus \u2122 \u00e9 um tratamento f\u00e1cil de usar composto de ingredientes 100% org\u00e2nicos m\u00faltiplos para todos os tipos de infec\u00e7\u00f5es unicelulares externas e epid\u00e9rmicas. Seu amplo espectro de atividade e a falta de toxicidade tornam o Rid-Fungus eficaz sem exigir um diagn\u00f3stico espec\u00edfico. Ele impede o in\u00edcio de invas\u00f5es infecciosas e parasit\u00e1rias externas e, por sua vez, evita muitas infec\u00e7\u00f5es secund\u00e1rias. Resumindo, o Rid-Fungus suprime e elimina um amplo espectro de infec\u00e7\u00f5es.<\/p>\n<p>O Rid-Fungus \u00e9 eficaz contra protozo\u00e1rios parasitas em peixes e invertebrados aqu\u00e1ticos, sejam de \u00e1gua doce ou salobra, ou marinhos. Eles compreendem dezenas de g\u00eaneros e esp\u00e9cies de esp\u00e9cies infectantes de peixes em \u00e1gua doce e salgada, cada tipo com caracter\u00edsticas distintas em suas infec\u00e7\u00f5es. Os grupos incluem &#8220;doen\u00e7a da mancha branca&#8221; e outros ciliados (Ichthyophthirius em \u00e1gua doce e Cryptocaryon, Brooklynella, Trichodina em marinho) e &#8220;parasitas esporozo\u00e1rios&#8221; (para os quais muitos infectantes de peixes de aqu\u00e1rio s\u00e3o marinhos).<\/p>","protected":false},"excerpt":{"rendered":"<p>100% ervas org\u00e2nicas baseadas em naftoquinonas Ajuda a prevenir e tratar doen\u00e7as de peixes externos unicelulares causadas por fungos Igualmente eficaz em \u00e1gua doce e salgada Seguro para uso com invertebrados aqu\u00e1ticos Produzido nos Estados Unidos. Kordon Rid-Fungus \u2122 \u00e9 um tratamento f\u00e1cil de usar composto de ingredientes 100% org\u00e2nicos m\u00faltiplos para todos os tipos &hellip;<\/p>\n<p class=\"read-more\"> <a class=\"\" href=\"https:\/\/pfkeepers.com\/english\/product\/rid-fungus-herbal-formula-473ml-kordon\/\"> <span class=\"screen-reader-text\">Rid Fungus Herbal Formula 473ml, Kordon<\/span> Read More &raquo;<\/a><\/p>","protected":false},"featured_media":50514,"template":"","meta":{"site-sidebar-layout":"default","site-content-layout":"","ast-site-content-layout":"default","site-content-style":"default","site-sidebar-style":"default","ast-global-header-display":"","ast-banner-title-visibility":"","ast-main-header-display":"","ast-hfb-above-header-display":"","ast-hfb-below-header-display":"","ast-hfb-mobile-header-display":"","site-post-title":"","ast-breadcrumbs-content":"","ast-featured-img":"","footer-sml-layout":"","theme-transparent-header-meta":"default","adv-header-id-meta":"","stick-header-meta":"","header-above-stick-meta":"","header-main-stick-meta":"","header-below-stick-meta":"","astra-migrate-meta-layouts":"set"},"product_cat":[1394],"product_tag":[923],"_links":{"self":[{"href":"https:\/\/pfkeepers.com\/english\/wp-json\/wp\/v2\/product\/50513"}],"collection":[{"href":"https:\/\/pfkeepers.com\/english\/wp-json\/wp\/v2\/product"}],"about":[{"href":"https:\/\/pfkeepers.com\/english\/wp-json\/wp\/v2\/types\/product"}],"wp:featuredmedia":[{"embeddable":true,"href":"https:\/\/pfkeepers.com\/english\/wp-json\/wp\/v2\/media\/50514"}],"wp:attachment":[{"href":"https:\/\/pfkeepers.com\/english\/wp-json\/wp\/v2\/media?parent=50513"}],"wp:term":[{"taxonomy":"product_cat","embeddable":true,"href":"https:\/\/pfkeepers.com\/english\/wp-json\/wp\/v2\/product_cat?post=50513"},{"taxonomy":"product_tag","embeddable":true,"href":"https:\/\/pfkeepers.com\/english\/wp-json\/wp\/v2\/product_tag?post=50513"}],"curies":[{"name":"wp","href":"https:\/\/api.w.org\/{rel}","templated":true}]}}