{"id":50286,"date":"2024-03-04T14:01:37","date_gmt":"2024-03-04T14:01:37","guid":{"rendered":"https:\/\/pfkeepers.com\/produto\/advance-dog-medium-light-chicken-rice-3kg\/"},"modified":"2024-12-18T17:59:52","modified_gmt":"2024-12-18T17:59:52","slug":"advance-dog-medium-light-chicken-rice-3kg","status":"publish","type":"product","link":"https:\/\/pfkeepers.com\/english\/product\/advance-dog-medium-light-chicken-rice-3kg\/","title":{"rendered":"Advance Dog Medium Light Chicken &amp; Rice 3Kg"},"content":{"rendered":"<p>Caracter\u00edsticas<br \/>\nIdade<\/p>\n<p>Todas<\/p>\n<p>Peso<\/p>\n<p>3 Kg<\/p>\n<p>Porte<\/p>\n<p>M\u00e9dio<\/p>\n<p>Descri\u00e7\u00e3o:<\/p>\n<p>Alimento seco \u00e0 base de arroz e frango pensado para c\u00e3es adultos de porte m\u00e9dio com excesso de peso ou com tend\u00eancia para obesidade. Cont\u00e9m um elevado n\u00edvel de fibras e prote\u00ednas.<\/p>\n<p>L-carnitina que facilita a transforma\u00e7\u00e3o de gordura e energia<br \/>\nBaixo em calorias;<br \/>\nProte\u00ednas hidrolizadas para maior facilidade digestiva;<br \/>\nCroquete adaptado \u00e0 mand\u00edbula do c\u00e3o;<br \/>\nElevado \u00edndice de fibras naturais;<br \/>\nPirofosfatos que atuam na preven\u00e7\u00e3o do t\u00e1rtaro.<br \/>\nIngredientes:<\/p>\n<p>Frango (15%), trigo, arroz (12%), milho, prote\u00ednas de ave desidratadas, farinha de gl\u00faten de milho, farinha de trigo, prote\u00ednas animais hidrolisadas, prote\u00ednas de porco desidratadas, polpa de beterraba, s\u00eamea de milho, gordura animal, fermento, fibra vegetal, \u00f3leo de peixe, cloreto de pot\u00e1ssio, prote\u00ednas plasm\u00e1ticas, carbonato de c\u00e1lcio, difosfato de tetrass\u00f3dio, sal, polifen\u00f3is naturais.<\/p>","protected":false},"excerpt":{"rendered":"<p>Caracter\u00edsticas Idade Todas Peso 3 Kg Porte M\u00e9dio Descri\u00e7\u00e3o: Alimento seco \u00e0 base de arroz e frango pensado para c\u00e3es adultos de porte m\u00e9dio com excesso de peso ou com tend\u00eancia para obesidade. Cont\u00e9m um elevado n\u00edvel de fibras e prote\u00ednas. L-carnitina que facilita a transforma\u00e7\u00e3o de gordura e energia Baixo em calorias; Prote\u00ednas hidrolizadas &hellip;<\/p>\n<p class=\"read-more\"> <a class=\"\" href=\"https:\/\/pfkeepers.com\/english\/product\/advance-dog-medium-light-chicken-rice-3kg\/\"> <span class=\"screen-reader-text\">Advance Dog Medium Light Chicken &amp; Rice 3Kg<\/span> Read More &raquo;<\/a><\/p>","protected":false},"featured_media":50287,"template":"","meta":{"site-sidebar-layout":"default","site-content-layout":"","ast-site-content-layout":"","site-content-style":"default","site-sidebar-style":"default","ast-global-header-display":"","ast-banner-title-visibility":"","ast-main-header-display":"","ast-hfb-above-header-display":"","ast-hfb-below-header-display":"","ast-hfb-mobile-header-display":"","site-post-title":"","ast-breadcrumbs-content":"","ast-featured-img":"","footer-sml-layout":"","theme-transparent-header-meta":"","adv-header-id-meta":"","stick-header-meta":"","header-above-stick-meta":"","header-main-stick-meta":"","header-below-stick-meta":"","astra-migrate-meta-layouts":""},"product_cat":[658],"product_tag":[1637],"_links":{"self":[{"href":"https:\/\/pfkeepers.com\/english\/wp-json\/wp\/v2\/product\/50286"}],"collection":[{"href":"https:\/\/pfkeepers.com\/english\/wp-json\/wp\/v2\/product"}],"about":[{"href":"https:\/\/pfkeepers.com\/english\/wp-json\/wp\/v2\/types\/product"}],"wp:featuredmedia":[{"embeddable":true,"href":"https:\/\/pfkeepers.com\/english\/wp-json\/wp\/v2\/media\/50287"}],"wp:attachment":[{"href":"https:\/\/pfkeepers.com\/english\/wp-json\/wp\/v2\/media?parent=50286"}],"wp:term":[{"taxonomy":"product_cat","embeddable":true,"href":"https:\/\/pfkeepers.com\/english\/wp-json\/wp\/v2\/product_cat?post=50286"},{"taxonomy":"product_tag","embeddable":true,"href":"https:\/\/pfkeepers.com\/english\/wp-json\/wp\/v2\/product_tag?post=50286"}],"curies":[{"name":"wp","href":"https:\/\/api.w.org\/{rel}","templated":true}]}}