{"id":50246,"date":"2024-03-04T14:00:38","date_gmt":"2024-03-04T14:00:38","guid":{"rendered":"https:\/\/pfkeepers.com\/produto\/advance-dog-snack-appetite-control-150-gr\/"},"modified":"2024-12-18T17:58:59","modified_gmt":"2024-12-18T17:58:59","slug":"advance-dog-snack-appetite-control-150-gr","status":"publish","type":"product","link":"https:\/\/pfkeepers.com\/english\/product\/advance-dog-snack-appetite-control-150-gr\/","title":{"rendered":"Advance Dog Snack Appetite Control 150 gr"},"content":{"rendered":"<p>C\u00e3es Snacks Light Advance Appetite Control snacks 150 GR ADVANCE Appetite Control Snack s\u00e3o biscoitos que ajudam a controlar o apetite do seu animal de estima\u00e7\u00e3o devido ao seu alto teor de fibras com efeito de saciedade que ajudam a reduzir a sensa\u00e7\u00e3o de fome e, assim, o consumo volunt\u00e1rio de alimento INGREDIENTES CereaisSubprodutos De Origem Vegetal (7% De Fibra Vegetal)Carnes E Subprodutos AnimaisA\u00e7\u00facaresSubst\u00e2ncias Minerais.<\/p>","protected":false},"excerpt":{"rendered":"<p>C\u00e3es Snacks Light Advance Appetite Control snacks 150 GR ADVANCE Appetite Control Snack s\u00e3o biscoitos que ajudam a controlar o apetite do seu animal de estima\u00e7\u00e3o devido ao seu alto teor de fibras com efeito de saciedade que ajudam a reduzir a sensa\u00e7\u00e3o de fome e, assim, o consumo volunt\u00e1rio de alimento INGREDIENTES CereaisSubprodutos De &hellip;<\/p>\n<p class=\"read-more\"> <a class=\"\" href=\"https:\/\/pfkeepers.com\/english\/product\/advance-dog-snack-appetite-control-150-gr\/\"> <span class=\"screen-reader-text\">Advance Dog Snack Appetite Control 150 gr<\/span> Read More &raquo;<\/a><\/p>","protected":false},"featured_media":50247,"template":"","meta":{"site-sidebar-layout":"default","site-content-layout":"","ast-site-content-layout":"","site-content-style":"default","site-sidebar-style":"default","ast-global-header-display":"","ast-banner-title-visibility":"","ast-main-header-display":"","ast-hfb-above-header-display":"","ast-hfb-below-header-display":"","ast-hfb-mobile-header-display":"","site-post-title":"","ast-breadcrumbs-content":"","ast-featured-img":"","footer-sml-layout":"","theme-transparent-header-meta":"","adv-header-id-meta":"","stick-header-meta":"","header-above-stick-meta":"","header-main-stick-meta":"","header-below-stick-meta":"","astra-migrate-meta-layouts":""},"product_cat":[658],"product_tag":[1637],"_links":{"self":[{"href":"https:\/\/pfkeepers.com\/english\/wp-json\/wp\/v2\/product\/50246"}],"collection":[{"href":"https:\/\/pfkeepers.com\/english\/wp-json\/wp\/v2\/product"}],"about":[{"href":"https:\/\/pfkeepers.com\/english\/wp-json\/wp\/v2\/types\/product"}],"wp:featuredmedia":[{"embeddable":true,"href":"https:\/\/pfkeepers.com\/english\/wp-json\/wp\/v2\/media\/50247"}],"wp:attachment":[{"href":"https:\/\/pfkeepers.com\/english\/wp-json\/wp\/v2\/media?parent=50246"}],"wp:term":[{"taxonomy":"product_cat","embeddable":true,"href":"https:\/\/pfkeepers.com\/english\/wp-json\/wp\/v2\/product_cat?post=50246"},{"taxonomy":"product_tag","embeddable":true,"href":"https:\/\/pfkeepers.com\/english\/wp-json\/wp\/v2\/product_tag?post=50246"}],"curies":[{"name":"wp","href":"https:\/\/api.w.org\/{rel}","templated":true}]}}