{"id":50242,"date":"2024-03-04T14:00:32","date_gmt":"2024-03-04T14:00:32","guid":{"rendered":"https:\/\/pfkeepers.com\/produto\/advance-dental-care-mini-dogs-28-sticks-360g\/"},"modified":"2024-12-18T17:58:52","modified_gmt":"2024-12-18T17:58:52","slug":"advance-dental-care-mini-dogs-28-sticks-360g","status":"publish","type":"product","link":"https:\/\/pfkeepers.com\/english\/product\/advance-dental-care-mini-dogs-28-sticks-360g\/","title":{"rendered":"Advance Dental Care Mini Dogs 28 Sticks 360g"},"content":{"rendered":"<p>A f\u00f3rmula exclusiva do ADVANCE Dental Care, com tripla a\u00e7\u00e3o para o cuidado dent\u00e1rio do seu c\u00e3o mini, tem resultados clinicamente comprovados: em apenas 1 m\u00eas, 94% dos c\u00e3es reduziu a forma\u00e7\u00e3o de t\u00e1rtaro, 82% dos c\u00e3es reduziu a acumula\u00e7\u00e3o de placa bacteriana e  65% dos c\u00e3es t\u00eam um h\u00e1lito mais fresco.<\/p>\n<p>O stick, adaptado ao c\u00e3o mini, apresenta um formato especial que ajuda a eliminar os restos de comida dos dentes do seu c\u00e3o. <\/p>\n<p>Estudo cient\u00edfico. H\u00e1lito mais fresco: menor quantidade de compostos vol\u00e1teis de sulfureto quando comparado com os mesmos c\u00e3es que n\u00e3o comeram Advance Dog Dental Care Stick.<\/p>","protected":false},"excerpt":{"rendered":"<p>A f\u00f3rmula exclusiva do ADVANCE Dental Care, com tripla a\u00e7\u00e3o para o cuidado dent\u00e1rio do seu c\u00e3o mini, tem resultados clinicamente comprovados: em apenas 1 m\u00eas, 94% dos c\u00e3es reduziu a forma\u00e7\u00e3o de t\u00e1rtaro, 82% dos c\u00e3es reduziu a acumula\u00e7\u00e3o de placa bacteriana e 65% dos c\u00e3es t\u00eam um h\u00e1lito mais fresco. O stick, adaptado &hellip;<\/p>\n<p class=\"read-more\"> <a class=\"\" href=\"https:\/\/pfkeepers.com\/english\/product\/advance-dental-care-mini-dogs-28-sticks-360g\/\"> <span class=\"screen-reader-text\">Advance Dental Care Mini Dogs 28 Sticks 360g<\/span> Read More &raquo;<\/a><\/p>","protected":false},"featured_media":50243,"template":"","meta":{"site-sidebar-layout":"default","site-content-layout":"","ast-site-content-layout":"","site-content-style":"default","site-sidebar-style":"default","ast-global-header-display":"","ast-banner-title-visibility":"","ast-main-header-display":"","ast-hfb-above-header-display":"","ast-hfb-below-header-display":"","ast-hfb-mobile-header-display":"","site-post-title":"","ast-breadcrumbs-content":"","ast-featured-img":"","footer-sml-layout":"","theme-transparent-header-meta":"","adv-header-id-meta":"","stick-header-meta":"","header-above-stick-meta":"","header-main-stick-meta":"","header-below-stick-meta":"","astra-migrate-meta-layouts":""},"product_cat":[658],"product_tag":[1637],"_links":{"self":[{"href":"https:\/\/pfkeepers.com\/english\/wp-json\/wp\/v2\/product\/50242"}],"collection":[{"href":"https:\/\/pfkeepers.com\/english\/wp-json\/wp\/v2\/product"}],"about":[{"href":"https:\/\/pfkeepers.com\/english\/wp-json\/wp\/v2\/types\/product"}],"wp:featuredmedia":[{"embeddable":true,"href":"https:\/\/pfkeepers.com\/english\/wp-json\/wp\/v2\/media\/50243"}],"wp:attachment":[{"href":"https:\/\/pfkeepers.com\/english\/wp-json\/wp\/v2\/media?parent=50242"}],"wp:term":[{"taxonomy":"product_cat","embeddable":true,"href":"https:\/\/pfkeepers.com\/english\/wp-json\/wp\/v2\/product_cat?post=50242"},{"taxonomy":"product_tag","embeddable":true,"href":"https:\/\/pfkeepers.com\/english\/wp-json\/wp\/v2\/product_tag?post=50242"}],"curies":[{"name":"wp","href":"https:\/\/api.w.org\/{rel}","templated":true}]}}