{"id":50224,"date":"2024-03-04T14:00:01","date_gmt":"2024-03-04T14:00:01","guid":{"rendered":"https:\/\/pfkeepers.com\/produto\/advance-dog-snacks-puppy-150-gm\/"},"modified":"2024-12-18T17:58:22","modified_gmt":"2024-12-18T17:58:22","slug":"advance-dog-snacks-puppy-150-gm","status":"publish","type":"product","link":"https:\/\/pfkeepers.com\/english\/product\/advance-dog-snacks-puppy-150-gm\/","title":{"rendered":"Advance Dog Snacks Puppy 150 gm"},"content":{"rendered":"<p>ADVANCE Puppy Snack s\u00e3o biscoitos tenros e saborosos especialmente criados para contribu\u00edrem para o excelente desenvolvimento dos cachorros gra\u00e7as \u00e0 eficaz combina\u00e7\u00e3o de nucle\u00f3tidos, de DHA \u00d3MEGA 3 e de inulina com efeito pr\u00e9-bi\u00f3tico.<\/p>\n<p>INGREDIENTES:<\/p>\n<p>Cereais; subprodutos de origem vegetal (0,25% de inulina); carnes e subprodutos animais; a\u00e7\u00facares; algas (fonte natural de \u00f3mega 3); subst\u00e2ncias minerais; fermentos (0.05% de nucle\u00f3tidos).<\/p>\n<p>ADITIVOS NUTRICIONAIS:<\/p>\n<p>Vitamina A 27000 UI;Vitamina D3 1800 UI; Vitamina E 670 mg; Vitamina C 500 mg; Vitamina B6 11 mg; Com antioxidantes<\/p>\n<p>COMPOSI\u00c7\u00c3O ANAL\u00cdTICA:<\/p>\n<p>Prote\u00edna 15%; Conte\u00fado de gordura 4,5%; Fibras brutas 1,0%; Mat\u00e9ria inorg\u00e2nica 6.0 %; DHA 0,33%; Humidade 19,5%<\/p>","protected":false},"excerpt":{"rendered":"<p>ADVANCE Puppy Snack s\u00e3o biscoitos tenros e saborosos especialmente criados para contribu\u00edrem para o excelente desenvolvimento dos cachorros gra\u00e7as \u00e0 eficaz combina\u00e7\u00e3o de nucle\u00f3tidos, de DHA \u00d3MEGA 3 e de inulina com efeito pr\u00e9-bi\u00f3tico. INGREDIENTES: Cereais; subprodutos de origem vegetal (0,25% de inulina); carnes e subprodutos animais; a\u00e7\u00facares; algas (fonte natural de \u00f3mega 3); subst\u00e2ncias &hellip;<\/p>\n<p class=\"read-more\"> <a class=\"\" href=\"https:\/\/pfkeepers.com\/english\/product\/advance-dog-snacks-puppy-150-gm\/\"> <span class=\"screen-reader-text\">Advance Dog Snacks Puppy 150 gm<\/span> Read More &raquo;<\/a><\/p>","protected":false},"featured_media":50225,"template":"","meta":{"site-sidebar-layout":"default","site-content-layout":"","ast-site-content-layout":"","site-content-style":"default","site-sidebar-style":"default","ast-global-header-display":"","ast-banner-title-visibility":"","ast-main-header-display":"","ast-hfb-above-header-display":"","ast-hfb-below-header-display":"","ast-hfb-mobile-header-display":"","site-post-title":"","ast-breadcrumbs-content":"","ast-featured-img":"","footer-sml-layout":"","theme-transparent-header-meta":"","adv-header-id-meta":"","stick-header-meta":"","header-above-stick-meta":"","header-main-stick-meta":"","header-below-stick-meta":"","astra-migrate-meta-layouts":""},"product_cat":[658],"product_tag":[1637],"_links":{"self":[{"href":"https:\/\/pfkeepers.com\/english\/wp-json\/wp\/v2\/product\/50224"}],"collection":[{"href":"https:\/\/pfkeepers.com\/english\/wp-json\/wp\/v2\/product"}],"about":[{"href":"https:\/\/pfkeepers.com\/english\/wp-json\/wp\/v2\/types\/product"}],"wp:featuredmedia":[{"embeddable":true,"href":"https:\/\/pfkeepers.com\/english\/wp-json\/wp\/v2\/media\/50225"}],"wp:attachment":[{"href":"https:\/\/pfkeepers.com\/english\/wp-json\/wp\/v2\/media?parent=50224"}],"wp:term":[{"taxonomy":"product_cat","embeddable":true,"href":"https:\/\/pfkeepers.com\/english\/wp-json\/wp\/v2\/product_cat?post=50224"},{"taxonomy":"product_tag","embeddable":true,"href":"https:\/\/pfkeepers.com\/english\/wp-json\/wp\/v2\/product_tag?post=50224"}],"curies":[{"name":"wp","href":"https:\/\/api.w.org\/{rel}","templated":true}]}}