{"id":50214,"date":"2024-03-04T13:59:46","date_gmt":"2024-03-04T13:59:46","guid":{"rendered":"https:\/\/pfkeepers.com\/produto\/libra-gato-junior-kitten-frango-arroz-1-5kg\/"},"modified":"2025-02-11T10:09:10","modified_gmt":"2025-02-11T10:09:10","slug":"libra-gato-junior-kitten-frango-arroz-1-5kg__trashed","status":"publish","type":"product","link":"https:\/\/pfkeepers.com\/english\/product\/libra-gato-junior-kitten-frango-arroz-1-5kg__trashed\/","title":{"rendered":"Libra Gato Junior (Kitten) Frango &amp; Arroz 1.5Kg"},"content":{"rendered":"<p>Caracter\u00edsticas<br \/>\nRa\u00e7a<\/p>\n<p>Todas<\/p>\n<p>Peso<\/p>\n<p>1,5 Kg<\/p>\n<p>Ra\u00e7\u00e3o para Gato Kitten Frango alimento completo e equilibrado para gatinhos (1 a 12 meses de idade) e para gatas gestantes e lactantes.<\/p>\n<p>Caracter\u00edsticas gerais da Ra\u00e7\u00e3o para Gato Kitten Frango:<\/p>\n<p>Favorece um crescimento saud\u00e1vel<br \/>\nPromove a sa\u00fade do sistema urin\u00e1rio<br \/>\nAjuda ao desenvolvimento cerebral e da vis\u00e3o<br \/>\nFortalece os ossos e os dentes<\/p>","protected":false},"excerpt":{"rendered":"<p>Caracter\u00edsticas Ra\u00e7a Todas Peso 1,5 Kg Ra\u00e7\u00e3o para Gato Kitten Frango alimento completo e equilibrado para gatinhos (1 a 12 meses de idade) e para gatas gestantes e lactantes. Caracter\u00edsticas gerais da Ra\u00e7\u00e3o para Gato Kitten Frango: Favorece um crescimento saud\u00e1vel Promove a sa\u00fade do sistema urin\u00e1rio Ajuda ao desenvolvimento cerebral e da vis\u00e3o Fortalece &hellip;<\/p>\n<p class=\"read-more\"> <a class=\"\" href=\"https:\/\/pfkeepers.com\/english\/product\/libra-gato-junior-kitten-frango-arroz-1-5kg__trashed\/\"> <span class=\"screen-reader-text\">Libra Gato Junior (Kitten) Frango &amp; Arroz 1.5Kg<\/span> Read More &raquo;<\/a><\/p>","protected":false},"featured_media":50215,"template":"","meta":{"site-sidebar-layout":"default","site-content-layout":"","ast-site-content-layout":"","site-content-style":"default","site-sidebar-style":"default","ast-global-header-display":"","ast-banner-title-visibility":"","ast-main-header-display":"","ast-hfb-above-header-display":"","ast-hfb-below-header-display":"","ast-hfb-mobile-header-display":"","site-post-title":"","ast-breadcrumbs-content":"","ast-featured-img":"","footer-sml-layout":"","theme-transparent-header-meta":"","adv-header-id-meta":"","stick-header-meta":"","header-above-stick-meta":"","header-main-stick-meta":"","header-below-stick-meta":"","astra-migrate-meta-layouts":""},"product_cat":[658],"product_tag":[1633],"_links":{"self":[{"href":"https:\/\/pfkeepers.com\/english\/wp-json\/wp\/v2\/product\/50214"}],"collection":[{"href":"https:\/\/pfkeepers.com\/english\/wp-json\/wp\/v2\/product"}],"about":[{"href":"https:\/\/pfkeepers.com\/english\/wp-json\/wp\/v2\/types\/product"}],"wp:featuredmedia":[{"embeddable":true,"href":"https:\/\/pfkeepers.com\/english\/wp-json\/wp\/v2\/media\/50215"}],"wp:attachment":[{"href":"https:\/\/pfkeepers.com\/english\/wp-json\/wp\/v2\/media?parent=50214"}],"wp:term":[{"taxonomy":"product_cat","embeddable":true,"href":"https:\/\/pfkeepers.com\/english\/wp-json\/wp\/v2\/product_cat?post=50214"},{"taxonomy":"product_tag","embeddable":true,"href":"https:\/\/pfkeepers.com\/english\/wp-json\/wp\/v2\/product_tag?post=50214"}],"curies":[{"name":"wp","href":"https:\/\/api.w.org\/{rel}","templated":true}]}}