{"id":50192,"date":"2024-03-04T13:59:13","date_gmt":"2024-03-04T13:59:13","guid":{"rendered":"https:\/\/pfkeepers.com\/produto\/libra-cao-puppy-junior-frango-3kg\/"},"modified":"2024-12-18T17:57:41","modified_gmt":"2024-12-18T17:57:41","slug":"libra-cao-puppy-junior-frango-3kg","status":"publish","type":"product","link":"https:\/\/pfkeepers.com\/english\/product\/libra-cao-puppy-junior-frango-3kg\/","title":{"rendered":"Libra Dog Puppy Chicken 3kg"},"content":{"rendered":"<p>Caracter\u00edsticas<br \/>\nIdade<\/p>\n<p>Cachorro<\/p>\n<p>Peso<\/p>\n<p>3 Kg<\/p>\n<p>Alimento seco rico em nutrientes para satisfazer diariamente as necessidades do cachorro a partir dos 2 meses e at\u00e9 1 ano, assegurando um crescimento s\u00e3o e equilibrado. De alta digestibilidade, tamb\u00e9m indicado para a cadela gr\u00e1vida ou a amamentar.<\/p>\n<p>Ra\u00e7\u00e3o seca \u00e0 base de frango e de arroz;<br \/>\nAlto teor de prote\u00ednas e baixo n\u00edvel de gorduras;<br \/>\nAlimento rico nos nutrientes do frango;<br \/>\nVitaminas e minerais garantem o crescimento equilibrado do cachorro;<br \/>\nRico em c\u00e1lcio e f\u00f3sforo para ossos e dentes fortes e saud\u00e1veis;<br \/>\nCom \u00d3mega 3 para o desenvolvimento do c\u00e9rebro e da vis\u00e3o;<br \/>\nEnriquecido com fibras e antioxidantes;<br \/>\nF\u00e1cil de digerir.<\/p>\n<p>INGREDIENTES<\/p>\n<p>Cereais (12% arroz, 4% trigo integral, 4% milho), carnes e subprodutos animais (20% frango, 4% porco), \u00f3leos e gorduras, subprodutos de origem vegetal, subst\u00e2ncias minerais.<\/p>","protected":false},"excerpt":{"rendered":"<p>Caracter\u00edsticas Idade Cachorro Peso 3 Kg Alimento seco rico em nutrientes para satisfazer diariamente as necessidades do cachorro a partir dos 2 meses e at\u00e9 1 ano, assegurando um crescimento s\u00e3o e equilibrado. De alta digestibilidade, tamb\u00e9m indicado para a cadela gr\u00e1vida ou a amamentar. Ra\u00e7\u00e3o seca \u00e0 base de frango e de arroz; Alto &hellip;<\/p>\n<p class=\"read-more\"> <a class=\"\" href=\"https:\/\/pfkeepers.com\/english\/product\/libra-cao-puppy-junior-frango-3kg\/\"> <span class=\"screen-reader-text\">Libra Dog Puppy Chicken 3kg<\/span> Read More &raquo;<\/a><\/p>","protected":false},"featured_media":50193,"template":"","meta":{"site-sidebar-layout":"default","site-content-layout":"","ast-site-content-layout":"","site-content-style":"default","site-sidebar-style":"default","ast-global-header-display":"","ast-banner-title-visibility":"","ast-main-header-display":"","ast-hfb-above-header-display":"","ast-hfb-below-header-display":"","ast-hfb-mobile-header-display":"","site-post-title":"","ast-breadcrumbs-content":"","ast-featured-img":"","footer-sml-layout":"","theme-transparent-header-meta":"","adv-header-id-meta":"","stick-header-meta":"","header-above-stick-meta":"","header-main-stick-meta":"","header-below-stick-meta":"","astra-migrate-meta-layouts":""},"product_cat":[658],"product_tag":[1633],"_links":{"self":[{"href":"https:\/\/pfkeepers.com\/english\/wp-json\/wp\/v2\/product\/50192"}],"collection":[{"href":"https:\/\/pfkeepers.com\/english\/wp-json\/wp\/v2\/product"}],"about":[{"href":"https:\/\/pfkeepers.com\/english\/wp-json\/wp\/v2\/types\/product"}],"wp:featuredmedia":[{"embeddable":true,"href":"https:\/\/pfkeepers.com\/english\/wp-json\/wp\/v2\/media\/50193"}],"wp:attachment":[{"href":"https:\/\/pfkeepers.com\/english\/wp-json\/wp\/v2\/media?parent=50192"}],"wp:term":[{"taxonomy":"product_cat","embeddable":true,"href":"https:\/\/pfkeepers.com\/english\/wp-json\/wp\/v2\/product_cat?post=50192"},{"taxonomy":"product_tag","embeddable":true,"href":"https:\/\/pfkeepers.com\/english\/wp-json\/wp\/v2\/product_tag?post=50192"}],"curies":[{"name":"wp","href":"https:\/\/api.w.org\/{rel}","templated":true}]}}