{"id":50148,"date":"2024-03-04T13:58:06","date_gmt":"2024-03-04T13:58:06","guid":{"rendered":"https:\/\/pfkeepers.com\/produto\/libra-cao-7-anos-senior-12kg\/"},"modified":"2024-12-18T17:56:37","modified_gmt":"2024-12-18T17:56:37","slug":"libra-cao-7-anos-senior-12kg","status":"publish","type":"product","link":"https:\/\/pfkeepers.com\/english\/product\/libra-cao-7-anos-senior-12kg\/","title":{"rendered":"Libra Dog  (+7 years) Senior 12kg"},"content":{"rendered":"<p>Libra C\u00e3o S\u00e9nior +7 anos \u00e9 um alimento completo e equilibrado ideal para c\u00e3es com mais de 7 anos.<\/p>\n<p>Ingredientes:<br \/>\nCereais (entre outros 4% de trigo e 4% de milho), carnes e subprodutos animais (6% de frango), subprodutos de origem vegetal, extractos de prote\u00ednas vegetais,  \u00f3leos e gorduras e subst\u00e2ncias minerais.<br \/>\nComponentes anal\u00edticos:<br \/>\nProte\u00ednas 26,0%; conte\u00fado de gordura 10,0%; fibra bruta 3%; mat\u00e9ria inorg\u00e2nica 7,5%; c\u00e1lcio 1,6%; f\u00f3sforo 1,0%; humidade 10,0%.<\/p>","protected":false},"excerpt":{"rendered":"<p>Libra C\u00e3o S\u00e9nior +7 anos \u00e9 um alimento completo e equilibrado ideal para c\u00e3es com mais de 7 anos. Ingredientes: Cereais (entre outros 4% de trigo e 4% de milho), carnes e subprodutos animais (6% de frango), subprodutos de origem vegetal, extractos de prote\u00ednas vegetais, \u00f3leos e gorduras e subst\u00e2ncias minerais. Componentes anal\u00edticos: Prote\u00ednas 26,0%; &hellip;<\/p>\n<p class=\"read-more\"> <a class=\"\" href=\"https:\/\/pfkeepers.com\/english\/product\/libra-cao-7-anos-senior-12kg\/\"> <span class=\"screen-reader-text\">Libra Dog  (+7 years) Senior 12kg<\/span> Read More &raquo;<\/a><\/p>","protected":false},"featured_media":50149,"template":"","meta":{"site-sidebar-layout":"default","site-content-layout":"","ast-site-content-layout":"","site-content-style":"default","site-sidebar-style":"default","ast-global-header-display":"","ast-banner-title-visibility":"","ast-main-header-display":"","ast-hfb-above-header-display":"","ast-hfb-below-header-display":"","ast-hfb-mobile-header-display":"","site-post-title":"","ast-breadcrumbs-content":"","ast-featured-img":"","footer-sml-layout":"","theme-transparent-header-meta":"","adv-header-id-meta":"","stick-header-meta":"","header-above-stick-meta":"","header-main-stick-meta":"","header-below-stick-meta":"","astra-migrate-meta-layouts":""},"product_cat":[658],"product_tag":[1633],"_links":{"self":[{"href":"https:\/\/pfkeepers.com\/english\/wp-json\/wp\/v2\/product\/50148"}],"collection":[{"href":"https:\/\/pfkeepers.com\/english\/wp-json\/wp\/v2\/product"}],"about":[{"href":"https:\/\/pfkeepers.com\/english\/wp-json\/wp\/v2\/types\/product"}],"wp:featuredmedia":[{"embeddable":true,"href":"https:\/\/pfkeepers.com\/english\/wp-json\/wp\/v2\/media\/50149"}],"wp:attachment":[{"href":"https:\/\/pfkeepers.com\/english\/wp-json\/wp\/v2\/media?parent=50148"}],"wp:term":[{"taxonomy":"product_cat","embeddable":true,"href":"https:\/\/pfkeepers.com\/english\/wp-json\/wp\/v2\/product_cat?post=50148"},{"taxonomy":"product_tag","embeddable":true,"href":"https:\/\/pfkeepers.com\/english\/wp-json\/wp\/v2\/product_tag?post=50148"}],"curies":[{"name":"wp","href":"https:\/\/api.w.org\/{rel}","templated":true}]}}