{"id":50118,"date":"2024-03-04T13:57:10","date_gmt":"2024-03-04T13:57:10","guid":{"rendered":"https:\/\/pfkeepers.com\/produto\/eheim-thermocontrol-75w-60-100l\/"},"modified":"2026-04-19T00:12:11","modified_gmt":"2026-04-19T00:12:11","slug":"eheim-thermocontrol-75w-60-100l","status":"publish","type":"product","link":"https:\/\/pfkeepers.com\/english\/product\/eheim-thermocontrol-75w-60-100l\/","title":{"rendered":"Eheim Thermocontrol 75W (60-100L)"},"content":{"rendered":"<p>Com o aquecedor de precis\u00e3o EHEIM, seus peixes recebem exatamente a temperatura certa &#8211; em qualquer aqu\u00e1rio.<\/p>\n<p>As ideias \u00f3bvias geralmente s\u00e3o as melhores. Por exemplo, o aquecedor de aqu\u00e1rio como uma haste. A haste de aquecimento \u00e9 simplesmente pendurada na \u00e1gua e a aquece. \u00c9 verdade que o princ\u00edpio ainda \u00e9 o mesmo de d\u00e9cadas atr\u00e1s. Mas, entretanto, muita coisa mudou. E hoje o aquecedor ajust\u00e1vel EHEIM \u00e9 um dispositivo t\u00e9rmico eletr\u00f4nico ultramoderno com a melhor tecnologia dispon\u00edvel. Uma camisa feita de vidro de laborat\u00f3rio especial aumenta a superf\u00edcie de aquecimento, serve como prote\u00e7\u00e3o contra o calor e garante uma emiss\u00e3o uniforme de calor ideal. E n\u00e3o importa se voc\u00ea deseja aquecer um aqu\u00e1rio de 20 ou 1000 litros &#8211; voc\u00ea tem 9 tamanhos para escolher.<\/p>\n<p>Benef\u00edcios dos aquecedores termost\u00e1ticos EHEIM<\/p>\n<p>Ajuste preciso da temperatura de 18 a 34 \u00b0 C<br \/>\nRecalibra\u00e7\u00e3o simples e segura (\u00b1 2 \u00b0 C)<br \/>\nPrecis\u00e3o do controle de temperatura \u00b1 0,5 \u00b0 C<br \/>\nCalor mantido em um n\u00edvel constante<br \/>\nA fun\u00e7\u00e3o de aquecimento \u00e9 indicada por uma l\u00e2mpada de controle<br \/>\nCompletamente submers\u00edvel (\u00e0 prova d&#8217;\u00e1gua)<br \/>\nCom desligamento autom\u00e1tico de funcionamento a seco (controle de seguran\u00e7a t\u00e9rmica)<br \/>\nUma camisa de vidro aumenta a superf\u00edcie de aquecimento e garante uma emiss\u00e3o de calor uniforme ideal<br \/>\nComprimento pr\u00e1tico do cabo ca. 170 cm<br \/>\nInclui suporte de ventosa duplo<br \/>\n9 tamanhos para aqu\u00e1rios de 20 a 1000 litros<br \/>\nAdequado para \u00e1gua doce e salgada<br \/>\nPrecis\u00e3o, facilidade de uso, qualidade e seguran\u00e7a \u201cFabricado na Alemanha\u201d<\/p>\n<p>O aquecedor de aqu\u00e1rio EHEIM \u00e9 mais um desenvolvimento da lend\u00e1ria haste de aquecimento.<\/p>\n<p>A temperatura pode ser ajustada com precis\u00e3o de 18 a 34 \u00b0 C e, se necess\u00e1rio, recalibrada (\u00b1 2 \u00b0). A precis\u00e3o do controle de temperatura \u00e9 de \u00b1 0,5 \u00b0 C.<\/p>\n<p>O calor \u00e9 mantido em um n\u00edvel constante. A fun\u00e7\u00e3o de aquecimento \u00e9 indicada por uma l\u00e2mpada de controle<\/p>\n<p>A haste \u00e9 absolutamente estanque, pode ser totalmente submersa, possui um desligamento autom\u00e1tico de funcionamento a seco (Thermo Safety Control) e \u00e9 adequada para \u00e1gua doce e salgada do mar.<\/p>\n<p>Uma das inova\u00e7\u00f5es mais importantes \u00e9 a jaqueta de vidro:<br \/>\n&#8211; Aumenta a superf\u00edcie de aquecimento,<br \/>\n&#8211; condensa o calor, garante a emiss\u00e3o de calor ideal e uniforme e<br \/>\n&#8211; forma um escudo t\u00e9rmico (toc\u00e1-lo n\u00e3o prejudica o gado).<\/p>\n<p>A jaqueta \u00e9 feita de vidro especial de laborat\u00f3rio, que foi desenvolvido para fins de pesquisa. Portanto, \u00e9 isento de poluentes que podem ser lan\u00e7ados na \u00e1gua. \u00c9 resistente a subst\u00e2ncias qu\u00edmicas e biol\u00f3gicas. N\u00e3o possui fissuras e rachaduras capilares atrav\u00e9s das quais a condensa\u00e7\u00e3o possa penetrar. E mesmo flutua\u00e7\u00f5es extremas de temperatura que podem ocorrer durante uma troca de \u00e1gua n\u00e3o prejudicam este vidro<\/p>","protected":false},"excerpt":{"rendered":"<p>Com o aquecedor de precis\u00e3o EHEIM, seus peixes recebem exatamente a temperatura certa &#8211; em qualquer aqu\u00e1rio. As ideias \u00f3bvias geralmente s\u00e3o as melhores. Por exemplo, o aquecedor de aqu\u00e1rio como uma haste. A haste de aquecimento \u00e9 simplesmente pendurada na \u00e1gua e a aquece. \u00c9 verdade que o princ\u00edpio ainda \u00e9 o mesmo de &hellip;<\/p>\n<p class=\"read-more\"> <a class=\"\" href=\"https:\/\/pfkeepers.com\/english\/product\/eheim-thermocontrol-75w-60-100l\/\"> <span class=\"screen-reader-text\">Eheim Thermocontrol 75W (60-100L)<\/span> Read More &raquo;<\/a><\/p>","protected":false},"featured_media":50119,"template":"","meta":{"site-sidebar-layout":"default","site-content-layout":"","ast-site-content-layout":"","site-content-style":"default","site-sidebar-style":"default","ast-global-header-display":"","ast-banner-title-visibility":"","ast-main-header-display":"","ast-hfb-above-header-display":"","ast-hfb-below-header-display":"","ast-hfb-mobile-header-display":"","site-post-title":"","ast-breadcrumbs-content":"","ast-featured-img":"","footer-sml-layout":"","theme-transparent-header-meta":"","adv-header-id-meta":"","stick-header-meta":"","header-above-stick-meta":"","header-main-stick-meta":"","header-below-stick-meta":"","astra-migrate-meta-layouts":""},"product_cat":[1386],"product_tag":[852],"_links":{"self":[{"href":"https:\/\/pfkeepers.com\/english\/wp-json\/wp\/v2\/product\/50118"}],"collection":[{"href":"https:\/\/pfkeepers.com\/english\/wp-json\/wp\/v2\/product"}],"about":[{"href":"https:\/\/pfkeepers.com\/english\/wp-json\/wp\/v2\/types\/product"}],"wp:featuredmedia":[{"embeddable":true,"href":"https:\/\/pfkeepers.com\/english\/wp-json\/wp\/v2\/media\/50119"}],"wp:attachment":[{"href":"https:\/\/pfkeepers.com\/english\/wp-json\/wp\/v2\/media?parent=50118"}],"wp:term":[{"taxonomy":"product_cat","embeddable":true,"href":"https:\/\/pfkeepers.com\/english\/wp-json\/wp\/v2\/product_cat?post=50118"},{"taxonomy":"product_tag","embeddable":true,"href":"https:\/\/pfkeepers.com\/english\/wp-json\/wp\/v2\/product_tag?post=50118"}],"curies":[{"name":"wp","href":"https:\/\/api.w.org\/{rel}","templated":true}]}}