{"id":49980,"date":"2024-03-04T13:53:19","date_gmt":"2024-03-04T13:53:19","guid":{"rendered":"https:\/\/pfkeepers.com\/produto\/goat-bicolor-parupeneus-barberinoides\/"},"modified":"2026-04-19T00:11:23","modified_gmt":"2026-04-19T00:11:23","slug":"goat-bicolor-parupeneus-barberinoides","status":"publish","type":"product","link":"https:\/\/pfkeepers.com\/english\/product\/goat-bicolor-parupeneus-barberinoides\/","title":{"rendered":"Goat Bicolor &#8211; Parupeneus barberinoides"},"content":{"rendered":"<p>N\u00edvel de cuidado: moderado &#8211; dif\u00edcil<\/p>\n<p>Temperamento: pac\u00edfico<\/p>\n<p>Dieta: Carn\u00edvoro<\/p>\n<p>Compat\u00edvel com recife: com cuidado<\/p>\n<p>Condi\u00e7\u00f5es da \u00e1gua: sg 1,020-1,025, 72-78 \u00b0 F, dKH 8-12, pH 8,1-8,4<\/p>\n<p>Origem: Fiji, Melan\u00e9sia<\/p>\n<p>Fam\u00edlia: Mullidae<\/p>\n<p>O Goatfish Bicolor possui uma regi\u00e3o anterior cor de vinho e posterior amarela dividida por uma faixa branca. H\u00e1 um ponto preto na parte posterior e um par de listras brancas na parte anterior dando-lhe o nome de Dash and Dot Goatfish. A cabe\u00e7a e a cauda tamb\u00e9m apresentam marca\u00e7\u00f5es em azul. O peixe-cabra \u00e9 relativamente novo no hobby, mas est\u00e1 crescendo rapidamente em popularidade. Se voc\u00ea est\u00e1 procurando o inesperado, considere o peixe-cabra bicolor. Esses personagens resistentes introduzem atividade energ\u00e9tica no fundo do aqu\u00e1rio enquanto patrulham ativamente o leito de areia para satisfazer seus apetites, tornando-os uma adi\u00e7\u00e3o \u00fanica ao seu aqu\u00e1rio.<br \/>\nUm aqu\u00e1rio estabelecido de 125 gal\u00f5es ou maior com bastante espa\u00e7o para nata\u00e7\u00e3o \u00e9 recomendado, e ele precisa de companheiros de tanque n\u00e3o agressivos. O fundo do aqu\u00e1rio deve ter uma camada moderada de substrato para que o Bicolor Goatfish possa usar seus barbilh\u00f5es para vasculhar o substrato em busca de alimento (invertebrados, pequenos crust\u00e1ceos, vermes). Por se alimentar de invertebrados, a capacidade de carga de nitrog\u00eanio da areia ser\u00e1 reduzida e ela ser\u00e1 bem oxigenada devido \u00e0 peneira\u00e7\u00e3o. O peixe-cabra prefere ser alojado com companheiros de tanque menos agressivos.<\/p>\n<p>A dieta deve consistir em prepara\u00e7\u00f5es de carne frescas ou congeladas. O peixe-cabra tem um metabolismo elevado e deve ser alimentado de quatro a cinco vezes ao dia.<\/p>","protected":false},"excerpt":{"rendered":"<p>N\u00edvel de cuidado: moderado &#8211; dif\u00edcil Temperamento: pac\u00edfico Dieta: Carn\u00edvoro Compat\u00edvel com recife: com cuidado Condi\u00e7\u00f5es da \u00e1gua: sg 1,020-1,025, 72-78 \u00b0 F, dKH 8-12, pH 8,1-8,4 Origem: Fiji, Melan\u00e9sia Fam\u00edlia: Mullidae O Goatfish Bicolor possui uma regi\u00e3o anterior cor de vinho e posterior amarela dividida por uma faixa branca. H\u00e1 um ponto preto na &hellip;<\/p>\n<p class=\"read-more\"> <a class=\"\" href=\"https:\/\/pfkeepers.com\/english\/product\/goat-bicolor-parupeneus-barberinoides\/\"> <span class=\"screen-reader-text\">Goat Bicolor &#8211; Parupeneus barberinoides<\/span> Read More &raquo;<\/a><\/p>","protected":false},"featured_media":49981,"template":"","meta":{"site-sidebar-layout":"default","site-content-layout":"","ast-site-content-layout":"","site-content-style":"default","site-sidebar-style":"default","ast-global-header-display":"","ast-banner-title-visibility":"","ast-main-header-display":"","ast-hfb-above-header-display":"","ast-hfb-below-header-display":"","ast-hfb-mobile-header-display":"","site-post-title":"","ast-breadcrumbs-content":"","ast-featured-img":"","footer-sml-layout":"","theme-transparent-header-meta":"","adv-header-id-meta":"","stick-header-meta":"","header-above-stick-meta":"","header-main-stick-meta":"","header-below-stick-meta":"","astra-migrate-meta-layouts":""},"product_cat":[1355],"product_tag":[],"_links":{"self":[{"href":"https:\/\/pfkeepers.com\/english\/wp-json\/wp\/v2\/product\/49980"}],"collection":[{"href":"https:\/\/pfkeepers.com\/english\/wp-json\/wp\/v2\/product"}],"about":[{"href":"https:\/\/pfkeepers.com\/english\/wp-json\/wp\/v2\/types\/product"}],"wp:featuredmedia":[{"embeddable":true,"href":"https:\/\/pfkeepers.com\/english\/wp-json\/wp\/v2\/media\/49981"}],"wp:attachment":[{"href":"https:\/\/pfkeepers.com\/english\/wp-json\/wp\/v2\/media?parent=49980"}],"wp:term":[{"taxonomy":"product_cat","embeddable":true,"href":"https:\/\/pfkeepers.com\/english\/wp-json\/wp\/v2\/product_cat?post=49980"},{"taxonomy":"product_tag","embeddable":true,"href":"https:\/\/pfkeepers.com\/english\/wp-json\/wp\/v2\/product_tag?post=49980"}],"curies":[{"name":"wp","href":"https:\/\/api.w.org\/{rel}","templated":true}]}}