{"id":49868,"date":"2024-03-04T13:45:29","date_gmt":"2024-03-04T13:45:29","guid":{"rendered":"https:\/\/pfkeepers.com\/produto\/co2-glass-diffuser-model-2909-aquagro\/"},"modified":"2025-02-27T20:30:11","modified_gmt":"2025-02-27T20:30:11","slug":"co2-glass-diffuser-model-2909-aquagro","status":"publish","type":"product","link":"https:\/\/pfkeepers.com\/english\/product\/co2-glass-diffuser-model-2909-aquagro\/","title":{"rendered":"CO2 Glass Diffuser Model 2909, AquaGro"},"content":{"rendered":"<p>Alta qualidade, produtos de vidro de n\u00edvel profissional. design compacto e est\u00e9tica torna o produto ideal para incorporar em todos os tamanhos de aqu\u00e1rios plantados, incluindo os tanques nano menores. Adequado para uso com todos os sistemas de CO2.<\/p>\n<p>CO2 difusor de vidro de alta qualidade, produtos de vidro de n\u00edvel profissional<\/p>\n<p>\u2022 Design compacto e est\u00e9tica torna o produto ideal para a incorpora\u00e7\u00e3o em todos os tamanhos de aqu\u00e1rios plantados, incluindo os tanques nano menores<\/p>\n<p>\u2022 Adequado para uso com todos os sistemas de CO2<\/p>","protected":false},"excerpt":{"rendered":"<p>Alta qualidade, produtos de vidro de n\u00edvel profissional. design compacto e est\u00e9tica torna o produto ideal para incorporar em todos os tamanhos de aqu\u00e1rios plantados, incluindo os tanques nano menores. Adequado para uso com todos os sistemas de CO2. CO2 difusor de vidro de alta qualidade, produtos de vidro de n\u00edvel profissional \u2022 Design compacto &hellip;<\/p>\n<p class=\"read-more\"> <a class=\"\" href=\"https:\/\/pfkeepers.com\/english\/product\/co2-glass-diffuser-model-2909-aquagro\/\"> <span class=\"screen-reader-text\">CO2 Glass Diffuser Model 2909, AquaGro<\/span> Read More &raquo;<\/a><\/p>","protected":false},"featured_media":49869,"template":"","meta":{"site-sidebar-layout":"default","site-content-layout":"","ast-site-content-layout":"","site-content-style":"default","site-sidebar-style":"default","ast-global-header-display":"","ast-banner-title-visibility":"","ast-main-header-display":"","ast-hfb-above-header-display":"","ast-hfb-below-header-display":"","ast-hfb-mobile-header-display":"","site-post-title":"","ast-breadcrumbs-content":"","ast-featured-img":"","footer-sml-layout":"","theme-transparent-header-meta":"","adv-header-id-meta":"","stick-header-meta":"","header-above-stick-meta":"","header-main-stick-meta":"","header-below-stick-meta":"","astra-migrate-meta-layouts":""},"product_cat":[1566],"product_tag":[769],"_links":{"self":[{"href":"https:\/\/pfkeepers.com\/english\/wp-json\/wp\/v2\/product\/49868"}],"collection":[{"href":"https:\/\/pfkeepers.com\/english\/wp-json\/wp\/v2\/product"}],"about":[{"href":"https:\/\/pfkeepers.com\/english\/wp-json\/wp\/v2\/types\/product"}],"wp:featuredmedia":[{"embeddable":true,"href":"https:\/\/pfkeepers.com\/english\/wp-json\/wp\/v2\/media\/49869"}],"wp:attachment":[{"href":"https:\/\/pfkeepers.com\/english\/wp-json\/wp\/v2\/media?parent=49868"}],"wp:term":[{"taxonomy":"product_cat","embeddable":true,"href":"https:\/\/pfkeepers.com\/english\/wp-json\/wp\/v2\/product_cat?post=49868"},{"taxonomy":"product_tag","embeddable":true,"href":"https:\/\/pfkeepers.com\/english\/wp-json\/wp\/v2\/product_tag?post=49868"}],"curies":[{"name":"wp","href":"https:\/\/api.w.org\/{rel}","templated":true}]}}